This is the mail archive of the
gcc-testresults@gcc.gnu.org
mailing list for the GCC project.
Results for 3.4 20030120 (experimental) testsuite on i486-suse-linux-gnu
- From: schiele at pi3 dot informatik dot uni-mannheim dot de (Robert Schiele)
- To: gcc-testresults at gcc dot gnu dot org
- Date: Tue, 21 Jan 2003 02:57:54 +0100 (CET)
- Subject: Results for 3.4 20030120 (experimental) testsuite on i486-suse-linux-gnu
LAST_UPDATED: Mon Jan 20 23:18:08 UTC 2003
Native configuration is i486-suse-linux-gnu
=== g++ tests ===
Running target unix
FAIL: g++.dg/warn/Wunused-2.C (test for warnings, line 5)
FAIL: pch/system-1.C -g assembly comparison
FAIL: pch/system-1.C -O2 -g assembly comparison
XPASS: g++.other/init5.C Execution test
=== g++ Summary ===
# of expected passes 8189
# of unexpected failures 3
# of unexpected successes 1
# of expected failures 70
# of untested testcases 9
# of unsupported tests 3
/local/gccbuild/gcc/testsuite/../g++ version 3.4 20030120 (experimental)
=== g77 tests ===
Running target unix
=== g77 Summary ===
# of expected passes 1638
# of unsupported tests 8
/local/gccbuild/gcc/testsuite/../g77 version 3.4 20030120 (experimental)
=== gcc tests ===
Running target unix
FAIL: gcc.dg/duff-2.c (test for excess errors)
FAIL: gcc.dg/pch/inline-1.c (test for excess errors)
=== gcc Summary ===
# of expected passes 21357
# of unexpected failures 2
# of expected failures 68
# of untested testcases 1
# of unsupported tests 78
/local/gccbuild/gcc/xgcc version 3.4 20030120 (experimental)
=== objc tests ===
Running target unix
=== objc Summary ===
# of expected passes 1153
/local/gccbuild/gcc/xgcc version 3.4 20030120 (experimental)
=== libstdc++-v3 tests ===
Running target unix
XPASS: 22_locale/collate_byname.cc execution test
XPASS: 22_locale/collate_members_char.cc execution test
XPASS: 22_locale/collate_members_wchar_t.cc execution test
XPASS: 22_locale/ctype_is_char.cc execution test
XPASS: 22_locale/ctype_is_wchar_t.cc execution test
XPASS: 22_locale/members.cc execution test
XPASS: 22_locale/messages_byname.cc execution test
XPASS: 22_locale/messages_members_char.cc execution test
XPASS: 22_locale/money_get_members_char.cc execution test
XPASS: 22_locale/money_get_members_wchar_t.cc execution test
XPASS: 22_locale/money_put_members_char.cc execution test
XPASS: 22_locale/money_put_members_wchar_t.cc execution test
XPASS: 22_locale/moneypunct_byname.cc execution test
XPASS: 22_locale/moneypunct_members_char.cc execution test
XPASS: 22_locale/moneypunct_members_wchar_t.cc execution test
XPASS: 22_locale/num_get_members_char.cc execution test
XPASS: 22_locale/num_get_members_wchar_t.cc execution test
XPASS: 22_locale/num_put_members_char.cc execution test
XPASS: 22_locale/num_put_members_wchar_t.cc execution test
XPASS: 22_locale/numpunct_byname.cc execution test
XPASS: 22_locale/numpunct_members_char.cc execution test
XPASS: 22_locale/numpunct_members_wchar_t.cc execution test
XPASS: 22_locale/time_get_members_char.cc execution test
XPASS: 22_locale/time_get_members_wchar_t.cc execution test
XPASS: 22_locale/time_put_members_char.cc execution test
XPASS: 22_locale/time_put_members_wchar_t.cc execution test
FAIL: 24_iterators/iterator.cc execution test
FAIL: 26_numerics/c99_classification_macros_c.cc (test for excess errors)
=== libstdc++-v3 Summary ===
# of expected passes 438
# of unexpected failures 2
# of unexpected successes 26
# of expected failures 1
Compiler version: 3.4 20030120 (experimental)
Platform: i486-suse-linux-gnu
configure flags: --enable-threads=posix --prefix=/opt/Pkg/Linux/i686/gcc34 --enable-languages=c,c++,f77,objc --disable-libgcj --with-gxx-include-dir=/opt/Pkg/Linux/i686/gcc34/include/g++ --with-system-zlib --enable-shared --enable-__cxa_atexit i486-suse-linux