This is the mail archive of the
gcc-testresults@gcc.gnu.org
mailing list for the GCC project.
Results for 3.4 20030118 (experimental) testsuite on hppa-unknown-linux-gnu
- From: John David Anglin <dave at hiauly1 dot hia dot nrc dot ca>
- To: dave at hiauly1 dot hia dot nrc dot ca, gcc-testresults at gcc dot gnu dot org
- Date: Sun, 19 Jan 2003 13:43:02 -0500 (EST)
- Subject: Results for 3.4 20030118 (experimental) testsuite on hppa-unknown-linux-gnu
LAST_UPDATED: Sun Jan 19 00:06:53 UTC 2003
LAST_UPDATED:
Native configuration is hppa-unknown-linux-gnu
=== g++ tests ===
Running target unix
FAIL: g++.dg/compat/break/bitfield7 y_tst.o compile
UNRESOLVED: g++.dg/compat/break/bitfield7 x_tst.o-y_tst.o link
UNRESOLVED: g++.dg/compat/break/bitfield7 x_tst.o-y_tst.o execute
FAIL: g++.dg/warn/Wunused-2.C (test for warnings, line 5)
FAIL: pch/system-1.C -g assembly comparison
FAIL: pch/system-1.C -O2 -g assembly comparison
FAIL: g++.eh/terminate2.C Execution test
XPASS: g++.mike/eh33.C (test for excess errors)
XPASS: g++.mike/eh33.C Execution test
XPASS: g++.mike/eh50.C (test for excess errors)
XPASS: g++.mike/eh50.C Execution test
XPASS: g++.other/init5.C Execution test
XPASS: g++.pt/typename13.C (test for excess errors)
=== g++ Summary ===
# of expected passes 8126
# of unexpected failures 5
# of unexpected successes 6
# of expected failures 70
# of unresolved testcases 2
# of untested testcases 23
# of unsupported tests 18
/home/dave/gcc-3.4/objdir/gcc/testsuite/../g++ version 3.4 20030118 (experimental)
=== g77 tests ===
Running target unix
=== g77 Summary ===
# of expected passes 1638
# of unsupported tests 8
/home/dave/gcc-3.4/objdir/gcc/testsuite/../g77 version 3.4 20030118 (experimental)
=== gcc tests ===
Running target unix
FAIL: gcc.dg/duff-2.c (test for excess errors)
FAIL: gcc.dg/typespec-1.c unsigned long int long int (test for errors, line 921)
FAIL: gcc.dg/typespec-1.c unsigned long int long long (test for errors, line 922)
FAIL: gcc.dg/typespec-1.c unsigned long int long float (test for errors, line 923)
FAIL: gcc.dg/typespec-1.c unsigned long int long double (test for errors, line 924)
FAIL: gcc.dg/typespec-1.c unsigned long int long signed (test for errors, line 925)
FAIL: gcc.dg/typespec-1.c unsigned long int long unsigned (test for errors, line 926)
FAIL: gcc.dg/typespec-1.c unsigned long int long _Bool (test for errors, line 927)
FAIL: gcc.dg/typespec-1.c unsigned long long int void (test for errors, line 928)
FAIL: gcc.dg/typespec-1.c unsigned long long int char (test for errors, line 929)
FAIL: gcc.dg/typespec-1.c unsigned long long int short (test for errors, line 930)
FAIL: gcc.dg/typespec-1.c unsigned long long int int (test for errors, line 931)
FAIL: gcc.dg/typespec-1.c unsigned long long int long (test for errors, line 932)
FAIL: gcc.dg/typespec-1.c unsigned long long int float (test for errors, line 933)
FAIL: gcc.dg/typespec-1.c unsigned long long int double (test for errors, line 934)
FAIL: gcc.dg/typespec-1.c unsigned long long int signed (test for errors, line 935)
FAIL: gcc.dg/typespec-1.c unsigned long long int unsigned (test for errors, line 936)
FAIL: gcc.dg/typespec-1.c unsigned long long int _Bool (test for errors, line 937)
FAIL: gcc.dg/pch/inline-1.c (test for excess errors)
=== gcc Summary ===
# of expected passes 21060
# of unexpected failures 19
# of expected failures 67
# of untested testcases 1
# of unsupported tests 175
/home/dave/gcc-3.4/objdir/gcc/xgcc version 3.4 20030118 (experimental)
=== objc tests ===
Running target unix
=== objc Summary ===
# of expected passes 1153
/home/dave/gcc-3.4/objdir/gcc/xgcc version 3.4 20030118 (experimental)
=== libstdc++-v3 tests ===
Running target unix
FAIL: 26_numerics/c99_classification_macros_c.cc (test for excess errors)
FAIL: 26_numerics/complex_inserters_extractors.cc execution test
FAIL: 27_io/istream_extractor_arith/01.cc execution test
=== libstdc++-v3 Summary ===
# of expected passes 437
# of unexpected failures 3
# of expected failures 27
Compiler version: 3.4 20030118 (experimental)
Platform: hppa-unknown-linux-gnu
configure flags: --with-gnu-as --with-as=/home/dave/opt/gnu/bin/as --with-gnu-ld --with-ld=/home/dave/opt/gnu/bin/ld --enable-shared --disable-nls --prefix=/home/dave/opt/gnu --with-local-prefix=/home/dave/opt/gnu --enable-threads=posix --enable-__cxa_atexit --host=hppa-linux%g