This is the mail archive of the
gcc-testresults@gcc.gnu.org
mailing list for the GCC project.
Results for 3.4 20030116 (experimental) testsuite on alphaev67-unknown-linux-gnu
- From: Richard Henderson <rth at dorothy dot sfbay dot redhat dot com>
- To: gcc-testresults at gcc dot gnu dot org
- Date: Thu, 16 Jan 2003 21:41:15 -0800
- Subject: Results for 3.4 20030116 (experimental) testsuite on alphaev67-unknown-linux-gnu
LAST_UPDATED: Fri Jan 17 03:41:07 UTC 2003
LAST_UPDATED:
Native configuration is alphaev67-unknown-linux-gnu
=== libjava tests ===
Running target unix
FAIL: PR1343 compilation from bytecode
FAIL: PR1343 -O compilation from bytecode
WARNING: program timed out.
FAIL: SyncTest execution - gij test
WARNING: program timed out.
FAIL: SyncTest execution - bytecode->native test
WARNING: program timed out.
FAIL: SyncTest execution - gij test
WARNING: program timed out.
FAIL: SyncTest -O execution - bytecode->native test
FAIL: initexc execution - gij test
FAIL: initexc execution - gij test
FAIL: pr8823 compilation from bytecode
FAIL: pr8823 -O compilation from bytecode
=== libjava Summary ===
# of expected passes 2907
# of unexpected failures 10
# of expected failures 14
# of untested testcases 18
=== libstdc++-v3 tests ===
Running target unix
XPASS: 22_locale/ctype_is_char.cc execution test
XPASS: 22_locale/ctype_is_wchar_t.cc execution test
XPASS: 22_locale/members.cc execution test
XPASS: 22_locale/messages_byname.cc execution test
XPASS: 22_locale/messages_members_char.cc execution test
XPASS: 22_locale/money_get_members_char.cc execution test
XPASS: 22_locale/money_get_members_wchar_t.cc execution test
XPASS: 22_locale/money_put_members_char.cc execution test
XPASS: 22_locale/money_put_members_wchar_t.cc execution test
XPASS: 22_locale/moneypunct_byname.cc execution test
XPASS: 22_locale/moneypunct_members_char.cc execution test
XPASS: 22_locale/moneypunct_members_wchar_t.cc execution test
XPASS: 22_locale/num_get_members_char.cc execution test
XPASS: 22_locale/num_get_members_wchar_t.cc execution test
XPASS: 22_locale/num_put_members_char.cc execution test
XPASS: 22_locale/num_put_members_wchar_t.cc execution test
XPASS: 22_locale/numpunct_byname.cc execution test
XPASS: 22_locale/numpunct_members_char.cc execution test
XPASS: 22_locale/numpunct_members_wchar_t.cc execution test
XPASS: 22_locale/time_get_members_char.cc execution test
XPASS: 22_locale/time_get_members_wchar_t.cc execution test
XPASS: 22_locale/time_put_members_char.cc execution test
XPASS: 22_locale/time_put_members_wchar_t.cc execution test
FAIL: 26_numerics/c99_classification_macros_c.cc (test for excess errors)
FAIL: 26_numerics/fabs_inline.cc (test for excess errors)
WARNING: 26_numerics/fabs_inline.cc compilation failed to produce executable
FAIL: thread/pthread1.cc (test for excess errors)
WARNING: thread/pthread1.cc compilation failed to produce executable
FAIL: thread/pthread2.cc (test for excess errors)
WARNING: thread/pthread2.cc compilation failed to produce executable
FAIL: thread/pthread3.cc (test for excess errors)
WARNING: thread/pthread3.cc compilation failed to produce executable
FAIL: thread/pthread4.cc (test for excess errors)
WARNING: thread/pthread4.cc compilation failed to produce executable
FAIL: thread/pthread5.cc (test for excess errors)
WARNING: thread/pthread5.cc compilation failed to produce executable
FAIL: thread/pthread6.cc (test for excess errors)
WARNING: thread/pthread6.cc compilation failed to produce executable
=== libstdc++-v3 Summary ===
# of expected passes 425
# of unexpected failures 8
# of unexpected successes 23
# of expected failures 4
=== g++ tests ===
Running target unix
FAIL: g++.dg/warn/Wunused-2.C (test for warnings, line 5)
FAIL: pch/system-1.C -g assembly comparison
FAIL: pch/system-1.C -O2 -g assembly comparison
FAIL: g++.dg/tls/init-2.C (test for excess errors)
FAIL: g++.pt/repo3.C (test for excess errors)
XPASS: g++.pt/typename13.C (test for excess errors)
=== g++ Summary ===
# of expected passes 8152
# of unexpected failures 5
# of unexpected successes 1
# of expected failures 71
# of untested testcases 22
# of unsupported tests 17
/dorothy/rth/gcc/build/axp/gcc/testsuite/../g++ version 3.4 20030116 (experimental)
=== g77 tests ===
Running target unix
=== g77 Summary ===
# of expected passes 1638
# of unsupported tests 8
/dorothy/rth/gcc/build/axp/gcc/testsuite/../g77 version 3.4 20030116 (experimental)
=== gcc tests ===
Running target unix
FAIL: gcc.dg/duff-2.c (test for excess errors)
FAIL: gcc.dg/pch/inline-1.c (test for excess errors)
FAIL: pch/static-1.c -O0 assembly comparison
FAIL: pch/static-1.c -O1 assembly comparison
FAIL: pch/static-1.c -O2 assembly comparison
FAIL: pch/static-1.c -Os assembly comparison
FAIL: pch/static-2.c -O0 assembly comparison
FAIL: pch/static-2.c -O1 assembly comparison
FAIL: pch/static-2.c -O2 assembly comparison
FAIL: pch/static-2.c -Os assembly comparison
=== gcc Summary ===
# of expected passes 21545
# of unexpected failures 10
# of expected failures 78
# of untested testcases 1
# of unsupported tests 166
/dorothy/rth/gcc/build/axp/gcc/xgcc version 3.4 20030116 (experimental)
=== objc tests ===
Running target unix
=== objc Summary ===
# of expected passes 1153
/dorothy/rth/gcc/build/axp/gcc/xgcc version 3.4 20030116 (experimental)
Compiler version: 3.4 20030116 (experimental)
Platform: alphaev67-unknown-linux-gnu
configure flags: --prefix=/dorothy/H-alpha-linux-gnu --enable-threads%g