This is the mail archive of the
gcc-testresults@gcc.gnu.org
mailing list for the GCC project.
Results for 3.4 20030115 (experimental) testsuite on hppa64-hp-hpux11.11
- From: John David Anglin <dave at hiauly3 dot hia dot nrc dot ca>
- To: dave at hiauly3 dot hia dot nrc dot ca, gcc-testresults at gcc dot gnu dot org
- Date: Thu, 16 Jan 2003 13:52:11 -0500 (EST)
- Subject: Results for 3.4 20030115 (experimental) testsuite on hppa64-hp-hpux11.11
LAST_UPDATED: Thu Jan 16 01:48:21 UTC 2003
LAST_UPDATED:
Native configuration is hppa64-hp-hpux11.11
=== g++ tests ===
Running target unix
FAIL: g++.dg/parse/stack1.C (test for excess errors)
FAIL: g++.dg/warn/Wunused-2.C (test for warnings, line 5)
FAIL: pch/empty.C -g assembly comparison
FAIL: pch/empty.C -O2 -g assembly comparison
FAIL: pch/system-1.C -g assembly comparison
FAIL: pch/system-1.C -O2 -g assembly comparison
XPASS: g++.mike/eh33.C (test for excess errors)
XPASS: g++.mike/eh33.C Execution test
XPASS: g++.mike/eh50.C (test for excess errors)
XPASS: g++.mike/eh50.C Execution test
XPASS: g++.pt/static3.C (test for excess errors)
XPASS: g++.pt/static3.C Execution test
XPASS: g++.pt/static6.C (test for excess errors)
=== g++ Summary ===
# of expected passes 7890
# of unexpected failures 6
# of unexpected successes 7
# of expected failures 75
# of untested testcases 23
# of unsupported tests 18
/xxx/gnu/gcc-3.3/objdir/gcc/testsuite/../g++ version 3.4 20030115 (experimental)
=== g77 tests ===
Running target unix
FAIL: g77.f-torture/execute/970625-2.f compilation, -O1
=== g77 Summary ===
# of expected passes 1636
# of unexpected failures 1
# of untested testcases 1
# of unsupported tests 8
/xxx/gnu/gcc-3.3/objdir/gcc/testsuite/../g77 version 3.4 20030115 (experimental)
=== gcc tests ===
Running target unix
FAIL: gcc.dg/duff-2.c (test for excess errors)
FAIL: gcc.dg/inline-1.c scan-assembler-not xyzzy
FAIL: gcc.dg/old-style-asm-1.c scan-assembler L2
FAIL: gcc.dg/sibcall-1.c execution test
FAIL: gcc.dg/sibcall-2.c execution test
FAIL: gcc.dg/sibcall-3.c execution test
FAIL: gcc.dg/sibcall-4.c execution test
FAIL: pch/common-1.c -O3 -g assembly comparison
FAIL: pch/decl-1.c -O3 -g assembly comparison
FAIL: pch/decl-2.c -O3 -g assembly comparison
FAIL: pch/decl-3.c -O3 -g assembly comparison
FAIL: pch/decl-4.c -O3 -g assembly comparison
FAIL: pch/decl-5.c -O3 -g assembly comparison
FAIL: pch/empty.c -O3 -g assembly comparison
FAIL: pch/except-1.c -O3 -g assembly comparison
FAIL: pch/global-1.c -O3 -g assembly comparison
FAIL: gcc.dg/pch/inline-1.c (test for excess errors)
FAIL: pch/macro-1.c -O3 -g assembly comparison
FAIL: pch/macro-2.c -O3 -g assembly comparison
FAIL: pch/macro-3.c -O3 -g assembly comparison
FAIL: pch/static-2.c -O3 -g assembly comparison
FAIL: pch/system-1.c -O3 -g assembly comparison
FAIL: gcc.dg/special/gcsec-1.c (test for excess errors)
WARNING: gcc.dg/special/gcsec-1.c compilation failed to produce executable
=== gcc Summary ===
# of expected passes 20698
# of unexpected failures 23
# of expected failures 73
# of untested testcases 1
# of unsupported tests 177
/xxx/gnu/gcc-3.3/objdir/gcc/xgcc version 3.4 20030115 (experimental)
=== objc tests ===
Running target unix
=== objc Summary ===
# of expected passes 1153
/xxx/gnu/gcc-3.3/objdir/gcc/xgcc version 3.4 20030115 (experimental)
=== libstdc++-v3 tests ===
Running target unix
FAIL: 21_strings/inserters_extractors.cc execution test
FAIL: 26_numerics/binary_closure.cc execution test
FAIL: 26_numerics/c99_classification_macros_c.cc (test for excess errors)
FAIL: 27_io/ios_manip_basefield.cc execution test
FAIL: 27_io/ios_manip_fmtflags.cc execution test
FAIL: 27_io/istream_extractor_arith/09.cc execution test
FAIL: 27_io/ostream_inserter_arith.cc execution test
=== libstdc++-v3 Summary ===
# of expected passes 397
# of unexpected failures 7
# of expected failures 17
# of unsupported tests 6
Compiler version: 3.4 20030115 (experimental)
Platform: hppa64-hp-hpux11.11
configure flags: --with-gnu-as --with-as=/opt/gnu64/bin/as --with-ld=/usr/ccs/bin/ld --disable-nls --prefix=/opt/gnu64 --with-local-prefix=/opt/gnu64 --enable-shared%g