This is the mail archive of the
gcc-testresults@gcc.gnu.org
mailing list for the GCC project.
Results for 3.2.2 20030115 (prerelease) testsuite on i586-redhat-linux-gnu
- From: Eric Botcazou <eric at localhost dot localdomain>
- To: gcc-testresults at gcc dot gnu dot org
- Date: Thu, 16 Jan 2003 16:18:39 +0100
- Subject: Results for 3.2.2 20030115 (prerelease) testsuite on i586-redhat-linux-gnu
LAST_UPDATED: Wed Jan 15 09:25:25 UTC 2003
Native configuration is i586-redhat-linux-gnu
=== g77 tests ===
Running target unix
=== g77 Summary ===
# of expected passes 1452
# of unsupported tests 8
/home/eric/cvs/gcc-3_2-branch/obj/gcc/testsuite/../g77 version 3.2.2 20030115 (prerelease)
=== gcc tests ===
Running target unix
=== gcc Summary ===
# of expected passes 18657
# of expected failures 68
# of unsupported tests 44
/home/eric/cvs/gcc-3_2-branch/obj/gcc/xgcc version 3.2.2 20030115 (prerelease)
=== g++ tests ===
Running target unix
=== g++ Summary ===
# of expected passes 7362
# of expected failures 89
# of untested testcases 9
# of unsupported tests 3
/home/eric/cvs/gcc-3_2-branch/obj/gcc/testsuite/../g++ version 3.2.2 20030115 (prerelease)
=== objc tests ===
Running target unix
=== objc Summary ===
# of expected passes 1035
# of expected failures 6
/home/eric/cvs/gcc-3_2-branch/obj/gcc/xgcc version 3.2.2 20030115 (prerelease)
=== libstdc++-v3 tests ===
Running target unix
XPASS: 22_locale/collate_byname.cc execution test
XPASS: 22_locale/collate_members_char.cc execution test
XPASS: 22_locale/collate_members_wchar_t.cc execution test
XPASS: 22_locale/ctype_is_char.cc execution test
XPASS: 22_locale/ctype_is_wchar_t.cc execution test
XPASS: 22_locale/members.cc execution test
XPASS: 22_locale/money_get_members_char.cc execution test
XPASS: 22_locale/money_get_members_wchar_t.cc execution test
XPASS: 22_locale/money_put_members_char.cc execution test
XPASS: 22_locale/money_put_members_wchar_t.cc execution test
XPASS: 22_locale/moneypunct_byname.cc execution test
XPASS: 22_locale/moneypunct_members_char.cc execution test
XPASS: 22_locale/moneypunct_members_wchar_t.cc execution test
XPASS: 22_locale/num_get_members_char.cc execution test
XPASS: 22_locale/num_get_members_wchar_t.cc execution test
XPASS: 22_locale/num_put_members_char.cc execution test
XPASS: 22_locale/num_put_members_wchar_t.cc execution test
XPASS: 22_locale/numpunct_byname.cc execution test
XPASS: 22_locale/numpunct_members_char.cc execution test
XPASS: 22_locale/numpunct_members_wchar_t.cc execution test
XPASS: 22_locale/time_get_members_char.cc execution test
XPASS: 22_locale/time_get_members_wchar_t.cc execution test
XPASS: 22_locale/time_put_members_char.cc execution test
XPASS: 22_locale/time_put_members_wchar_t.cc execution test
FAIL: 26_numerics/c99_classification_macros_c.cc (test for excess errors)
=== libstdc++-v3 Summary ===
# of expected passes 432
# of unexpected failures 1
# of unexpected successes 24
# of expected failures 2
Compiler version: 3.2.2 20030115 (prerelease)
Platform: i586-redhat-linux-gnu
configure flags: --host=i586-redhat-linux-gnu --prefix=/usr/local --enable-languages=c,c++,objc,f77 --enable-checking=misc,tree --disable-nls