This is the mail archive of the
gcc-testresults@gcc.gnu.org
mailing list for the GCC project.
Results for 3.4 20030112 (experimental) testsuite on sparc-sun-solaris2.7
- From: "Kaveh R. Ghazi" <ghazi at caip dot rutgers dot edu>
- To: gcc-testresults at gcc dot gnu dot org
- Date: Mon, 13 Jan 2003 22:58:27 -0500 (EST)
- Subject: Results for 3.4 20030112 (experimental) testsuite on sparc-sun-solaris2.7
LAST_UPDATED:
LAST_UPDATED:
Native configuration is sparc-sun-solaris2.7
=== g++ tests ===
Running target unix/-m64
FAIL: g++.dg/warn/Wunused-2.C (test for warnings, line 5)
FAIL: g++.dg/pch/empty.C (test for excess errors)
FAIL: g++.dg/pch/empty.C (test for excess errors)
FAIL: g++.dg/pch/empty.C (test for excess errors)
FAIL: g++.dg/pch/system-1.C (test for excess errors)
FAIL: g++.dg/pch/system-1.C (test for excess errors)
FAIL: g++.dg/pch/system-1.C (test for excess errors)
=== g++ Summary for unix/-m64 ===
# of expected passes 8111
# of unexpected failures 7
# of expected failures 74
# of untested testcases 27
# of unsupported tests 16
Running target unix/-fPIC
FAIL: g++.dg/compat/break/bitfield7 y_tst.o compile
UNRESOLVED: g++.dg/compat/break/bitfield7 x_tst.o-y_tst.o link
UNRESOLVED: g++.dg/compat/break/bitfield7 x_tst.o-y_tst.o execute
FAIL: g++.dg/warn/Wunused-2.C (test for warnings, line 5)
FAIL: g++.dg/pch/empty.C (test for excess errors)
FAIL: g++.dg/pch/empty.C (test for excess errors)
FAIL: g++.dg/pch/empty.C (test for excess errors)
FAIL: g++.dg/pch/system-1.C (test for excess errors)
FAIL: g++.dg/pch/system-1.C (test for excess errors)
FAIL: g++.dg/pch/system-1.C (test for excess errors)
=== g++ Summary for unix/-fPIC ===
# of expected passes 8109
# of unexpected failures 8
# of expected failures 73
# of unresolved testcases 2
# of untested testcases 27
# of unsupported tests 16
Running target unix/-fpic
FAIL: g++.dg/compat/break/bitfield7 y_tst.o compile
UNRESOLVED: g++.dg/compat/break/bitfield7 x_tst.o-y_tst.o link
UNRESOLVED: g++.dg/compat/break/bitfield7 x_tst.o-y_tst.o execute
FAIL: g++.dg/warn/Wunused-2.C (test for warnings, line 5)
FAIL: g++.dg/pch/empty.C (test for excess errors)
FAIL: g++.dg/pch/empty.C (test for excess errors)
FAIL: g++.dg/pch/empty.C (test for excess errors)
FAIL: g++.dg/pch/system-1.C (test for excess errors)
FAIL: g++.dg/pch/system-1.C (test for excess errors)
FAIL: g++.dg/pch/system-1.C (test for excess errors)
=== g++ Summary for unix/-fpic ===
# of expected passes 8109
# of unexpected failures 8
# of expected failures 73
# of unresolved testcases 2
# of untested testcases 27
# of unsupported tests 16
Running target unix
FAIL: g++.dg/compat/break/bitfield7 y_tst.o compile
UNRESOLVED: g++.dg/compat/break/bitfield7 x_tst.o-y_tst.o link
UNRESOLVED: g++.dg/compat/break/bitfield7 x_tst.o-y_tst.o execute
FAIL: g++.dg/warn/Wunused-2.C (test for warnings, line 5)
FAIL: g++.dg/pch/empty.C (test for excess errors)
FAIL: g++.dg/pch/empty.C (test for excess errors)
FAIL: g++.dg/pch/empty.C (test for excess errors)
FAIL: g++.dg/pch/system-1.C (test for excess errors)
FAIL: g++.dg/pch/system-1.C (test for excess errors)
FAIL: g++.dg/pch/system-1.C (test for excess errors)
=== g++ Summary for unix ===
# of expected passes 8109
# of unexpected failures 8
# of expected failures 73
# of unresolved testcases 2
# of untested testcases 27
# of unsupported tests 16
=== g++ Summary ===
# of expected passes 32438
# of unexpected failures 31
# of expected failures 293
# of unresolved testcases 6
# of untested testcases 108
# of unsupported tests 64
/teal/tmpdisk/ghazi/gcc-testing/34/build/gcc/testsuite/../g++ version 3.4 20030112 (experimental)
=== g77 tests ===
Running target unix/-m64
=== g77 Summary for unix/-m64 ===
# of expected passes 1638
# of unsupported tests 8
Running target unix/-fPIC
=== g77 Summary for unix/-fPIC ===
# of expected passes 1638
# of unsupported tests 8
Running target unix/-fpic
=== g77 Summary for unix/-fpic ===
# of expected passes 1638
# of unsupported tests 8
Running target unix
=== g77 Summary for unix ===
# of expected passes 1638
# of unsupported tests 8
=== g77 Summary ===
# of expected passes 6552
# of unsupported tests 32
/teal/tmpdisk/ghazi/gcc-testing/34/build/gcc/testsuite/../g77 version 3.4 20030112 (experimental)
=== gcc tests ===
Running target unix/-m64
WARNING: program timed out.
FAIL: gcc.c-torture/compile/20001226-1.c, -O3 -g
WARNING: program timed out.
FAIL: gcc.c-torture/compile/20001226-1.c, -Os
FAIL: gcc.c-torture/compile/simd-5.c, -O0
FAIL: gcc.c-torture/compile/simd-5.c, -O1
FAIL: gcc.c-torture/compile/simd-5.c, -O2
FAIL: gcc.c-torture/compile/simd-5.c, -O3 -fomit-frame-pointer
FAIL: gcc.c-torture/compile/simd-5.c, -O3 -g
FAIL: gcc.c-torture/compile/simd-5.c, -Os
XPASS: gcc.c-torture/execute/20020227-1.c execution, -O0
XPASS: gcc.c-torture/execute/20020227-1.c execution, -O1
FAIL: gcc.c-torture/execute/930921-1.c compilation, -O3 -fomit-frame-pointer -funroll-loops
UNRESOLVED: gcc.c-torture/execute/930921-1.c execution, -O3 -fomit-frame-pointer -funroll-loops
FAIL: gcc.c-torture/execute/930921-1.c compilation, -O3 -fomit-frame-pointer -funroll-all-loops -finline-functions
UNRESOLVED: gcc.c-torture/execute/930921-1.c execution, -O3 -fomit-frame-pointer -funroll-all-loops -finline-functions
FAIL: gcc.c-torture/execute/builtin-constant.c execution, -O1
FAIL: gcc.c-torture/execute/builtin-constant.c execution, -O2
FAIL: gcc.c-torture/execute/builtin-constant.c execution, -O3 -fomit-frame-pointer
FAIL: gcc.c-torture/execute/builtin-constant.c execution, -O3 -g
FAIL: gcc.c-torture/execute/builtin-constant.c execution, -Os
WARNING: gcc.dg/20021014-1.c compilation failed to produce executable
FAIL: gcc.dg/duff-2.c (test for excess errors)
FAIL: gcc.dg/sparc-ret.c (test for excess errors)
ERROR: gcc.dg/sparc-ret.c: error executing dg-final: couldn't open "sparc-ret.s": no such file or directory
UNRESOLVED: gcc.dg/sparc-ret.c: error executing dg-final: couldn't open "sparc-ret.s": no such file or directory
FAIL: gcc.dg/pch/common-1.c (test for excess errors)
FAIL: gcc.dg/pch/common-1.c (test for excess errors)
FAIL: gcc.dg/pch/common-1.c (test for excess errors)
FAIL: gcc.dg/pch/common-1.c (test for excess errors)
FAIL: gcc.dg/pch/common-1.c (test for excess errors)
FAIL: gcc.dg/pch/common-1.c (test for excess errors)
FAIL: gcc.dg/pch/cpp-1.c (test for excess errors)
FAIL: gcc.dg/pch/cpp-1.c (test for excess errors)
FAIL: gcc.dg/pch/cpp-1.c (test for excess errors)
FAIL: gcc.dg/pch/cpp-1.c (test for excess errors)
FAIL: gcc.dg/pch/cpp-1.c (test for excess errors)
FAIL: gcc.dg/pch/cpp-1.c (test for excess errors)
FAIL: gcc.dg/pch/cpp-2.c (test for excess errors)
FAIL: gcc.dg/pch/cpp-2.c (test for excess errors)
FAIL: gcc.dg/pch/cpp-2.c (test for excess errors)
FAIL: gcc.dg/pch/cpp-2.c (test for excess errors)
FAIL: gcc.dg/pch/cpp-2.c (test for excess errors)
FAIL: gcc.dg/pch/cpp-2.c (test for excess errors)
FAIL: gcc.dg/pch/decl-1.c (test for excess errors)
FAIL: gcc.dg/pch/decl-1.c (test for excess errors)
FAIL: gcc.dg/pch/decl-1.c (test for excess errors)
FAIL: gcc.dg/pch/decl-1.c (test for excess errors)
FAIL: gcc.dg/pch/decl-1.c (test for excess errors)
FAIL: gcc.dg/pch/decl-1.c (test for excess errors)
FAIL: gcc.dg/pch/decl-2.c (test for excess errors)
FAIL: gcc.dg/pch/decl-2.c (test for excess errors)
FAIL: gcc.dg/pch/decl-2.c (test for excess errors)
FAIL: gcc.dg/pch/decl-2.c (test for excess errors)
FAIL: gcc.dg/pch/decl-2.c (test for excess errors)
FAIL: gcc.dg/pch/decl-2.c (test for excess errors)
FAIL: gcc.dg/pch/decl-3.c (test for excess errors)
FAIL: gcc.dg/pch/decl-3.c (test for excess errors)
FAIL: gcc.dg/pch/decl-3.c (test for excess errors)
FAIL: gcc.dg/pch/decl-3.c (test for excess errors)
FAIL: gcc.dg/pch/decl-3.c (test for excess errors)
FAIL: gcc.dg/pch/decl-3.c (test for excess errors)
FAIL: gcc.dg/pch/decl-4.c (test for excess errors)
FAIL: gcc.dg/pch/decl-4.c (test for excess errors)
FAIL: gcc.dg/pch/decl-4.c (test for excess errors)
FAIL: gcc.dg/pch/decl-4.c (test for excess errors)
FAIL: gcc.dg/pch/decl-4.c (test for excess errors)
FAIL: gcc.dg/pch/decl-4.c (test for excess errors)
FAIL: gcc.dg/pch/decl-5.c (test for excess errors)
FAIL: gcc.dg/pch/decl-5.c (test for excess errors)
FAIL: gcc.dg/pch/decl-5.c (test for excess errors)
FAIL: gcc.dg/pch/decl-5.c (test for excess errors)
FAIL: gcc.dg/pch/decl-5.c (test for excess errors)
FAIL: gcc.dg/pch/decl-5.c (test for excess errors)
FAIL: gcc.dg/pch/empty.c (test for excess errors)
FAIL: gcc.dg/pch/empty.c (test for excess errors)
FAIL: gcc.dg/pch/empty.c (test for excess errors)
FAIL: gcc.dg/pch/empty.c (test for excess errors)
FAIL: gcc.dg/pch/empty.c (test for excess errors)
FAIL: gcc.dg/pch/empty.c (test for excess errors)
FAIL: gcc.dg/pch/except-1.c (test for excess errors)
FAIL: gcc.dg/pch/except-1.c (test for excess errors)
FAIL: gcc.dg/pch/except-1.c (test for excess errors)
FAIL: gcc.dg/pch/except-1.c (test for excess errors)
FAIL: gcc.dg/pch/except-1.c (test for excess errors)
FAIL: gcc.dg/pch/except-1.c (test for excess errors)
FAIL: gcc.dg/pch/global-1.c (test for excess errors)
FAIL: gcc.dg/pch/global-1.c (test for excess errors)
FAIL: gcc.dg/pch/global-1.c (test for excess errors)
FAIL: gcc.dg/pch/global-1.c (test for excess errors)
FAIL: gcc.dg/pch/global-1.c (test for excess errors)
FAIL: gcc.dg/pch/global-1.c (test for excess errors)
FAIL: gcc.dg/pch/inline-1.c (test for excess errors)
FAIL: gcc.dg/pch/inline-1.c (test for excess errors)
FAIL: gcc.dg/pch/inline-1.c (test for excess errors)
FAIL: gcc.dg/pch/inline-1.c (test for excess errors)
FAIL: gcc.dg/pch/inline-1.c (test for excess errors)
FAIL: gcc.dg/pch/inline-1.c (test for excess errors)
FAIL: gcc.dg/pch/inline-2.c (test for excess errors)
FAIL: gcc.dg/pch/inline-2.c (test for excess errors)
FAIL: gcc.dg/pch/inline-2.c (test for excess errors)
FAIL: gcc.dg/pch/inline-2.c (test for excess errors)
FAIL: gcc.dg/pch/inline-2.c (test for excess errors)
FAIL: gcc.dg/pch/inline-2.c (test for excess errors)
FAIL: gcc.dg/pch/macro-1.c (test for excess errors)
FAIL: gcc.dg/pch/macro-1.c (test for excess errors)
FAIL: gcc.dg/pch/macro-1.c (test for excess errors)
FAIL: gcc.dg/pch/macro-1.c (test for excess errors)
FAIL: gcc.dg/pch/macro-1.c (test for excess errors)
FAIL: gcc.dg/pch/macro-1.c (test for excess errors)
FAIL: gcc.dg/pch/macro-2.c (test for excess errors)
FAIL: gcc.dg/pch/macro-2.c (test for excess errors)
FAIL: gcc.dg/pch/macro-2.c (test for excess errors)
FAIL: gcc.dg/pch/macro-2.c (test for excess errors)
FAIL: gcc.dg/pch/macro-2.c (test for excess errors)
FAIL: gcc.dg/pch/macro-2.c (test for excess errors)
FAIL: gcc.dg/pch/macro-3.c (test for excess errors)
FAIL: gcc.dg/pch/macro-3.c (test for excess errors)
FAIL: gcc.dg/pch/macro-3.c (test for excess errors)
FAIL: gcc.dg/pch/macro-3.c (test for excess errors)
FAIL: gcc.dg/pch/macro-3.c (test for excess errors)
FAIL: gcc.dg/pch/macro-3.c (test for excess errors)
FAIL: gcc.dg/pch/static-1.c (test for excess errors)
FAIL: gcc.dg/pch/static-1.c (test for excess errors)
FAIL: gcc.dg/pch/static-1.c (test for excess errors)
FAIL: gcc.dg/pch/static-1.c (test for excess errors)
FAIL: gcc.dg/pch/static-1.c (test for excess errors)
FAIL: gcc.dg/pch/static-1.c (test for excess errors)
FAIL: gcc.dg/pch/static-2.c (test for excess errors)
FAIL: gcc.dg/pch/static-2.c (test for excess errors)
FAIL: gcc.dg/pch/static-2.c (test for excess errors)
FAIL: gcc.dg/pch/static-2.c (test for excess errors)
FAIL: gcc.dg/pch/static-2.c (test for excess errors)
FAIL: gcc.dg/pch/static-2.c (test for excess errors)
FAIL: gcc.dg/pch/system-1.c (test for excess errors)
FAIL: gcc.dg/pch/system-1.c (test for excess errors)
FAIL: gcc.dg/pch/system-1.c (test for excess errors)
FAIL: gcc.dg/pch/system-1.c (test for excess errors)
FAIL: gcc.dg/pch/system-1.c (test for excess errors)
FAIL: gcc.dg/pch/system-1.c (test for excess errors)
=== gcc Summary for unix/-m64 ===
# of expected passes 20727
# of unexpected failures 131
# of unexpected successes 2
# of expected failures 66
# of unresolved testcases 3
# of untested testcases 114
# of unsupported tests 166
Running target unix/-fPIC
WARNING: program timed out.
FAIL: gcc.c-torture/compile/20001226-1.c, -O3 -g
FAIL: gcc.c-torture/execute/builtin-constant.c execution, -O1
FAIL: gcc.c-torture/execute/builtin-constant.c execution, -O2
FAIL: gcc.c-torture/execute/builtin-constant.c execution, -O3 -fomit-frame-pointer
FAIL: gcc.c-torture/execute/builtin-constant.c execution, -O3 -g
FAIL: gcc.c-torture/execute/builtin-constant.c execution, -Os
FAIL: gcc.dg/20020312-2.c (test for excess errors)
WARNING: gcc.dg/20020312-2.c compilation failed to produce executable
WARNING: gcc.dg/20021014-1.c compilation failed to produce executable
FAIL: gcc.dg/duff-2.c (test for excess errors)
FAIL: gcc.dg/pch/common-1.c (test for excess errors)
FAIL: gcc.dg/pch/common-1.c (test for excess errors)
FAIL: gcc.dg/pch/common-1.c (test for excess errors)
FAIL: gcc.dg/pch/common-1.c (test for excess errors)
FAIL: gcc.dg/pch/common-1.c (test for excess errors)
FAIL: gcc.dg/pch/common-1.c (test for excess errors)
FAIL: gcc.dg/pch/cpp-1.c (test for excess errors)
FAIL: gcc.dg/pch/cpp-1.c (test for excess errors)
FAIL: gcc.dg/pch/cpp-1.c (test for excess errors)
FAIL: gcc.dg/pch/cpp-1.c (test for excess errors)
FAIL: gcc.dg/pch/cpp-1.c (test for excess errors)
FAIL: gcc.dg/pch/cpp-1.c (test for excess errors)
FAIL: gcc.dg/pch/cpp-2.c (test for excess errors)
FAIL: gcc.dg/pch/cpp-2.c (test for excess errors)
FAIL: gcc.dg/pch/cpp-2.c (test for excess errors)
FAIL: gcc.dg/pch/cpp-2.c (test for excess errors)
FAIL: gcc.dg/pch/cpp-2.c (test for excess errors)
FAIL: gcc.dg/pch/cpp-2.c (test for excess errors)
FAIL: gcc.dg/pch/decl-1.c (test for excess errors)
FAIL: gcc.dg/pch/decl-1.c (test for excess errors)
FAIL: gcc.dg/pch/decl-1.c (test for excess errors)
FAIL: gcc.dg/pch/decl-1.c (test for excess errors)
FAIL: gcc.dg/pch/decl-1.c (test for excess errors)
FAIL: gcc.dg/pch/decl-1.c (test for excess errors)
FAIL: gcc.dg/pch/decl-2.c (test for excess errors)
FAIL: gcc.dg/pch/decl-2.c (test for excess errors)
FAIL: gcc.dg/pch/decl-2.c (test for excess errors)
FAIL: gcc.dg/pch/decl-2.c (test for excess errors)
FAIL: gcc.dg/pch/decl-2.c (test for excess errors)
FAIL: gcc.dg/pch/decl-2.c (test for excess errors)
FAIL: gcc.dg/pch/decl-3.c (test for excess errors)
FAIL: gcc.dg/pch/decl-3.c (test for excess errors)
FAIL: gcc.dg/pch/decl-3.c (test for excess errors)
FAIL: gcc.dg/pch/decl-3.c (test for excess errors)
FAIL: gcc.dg/pch/decl-3.c (test for excess errors)
FAIL: gcc.dg/pch/decl-3.c (test for excess errors)
FAIL: gcc.dg/pch/decl-4.c (test for excess errors)
FAIL: gcc.dg/pch/decl-4.c (test for excess errors)
FAIL: gcc.dg/pch/decl-4.c (test for excess errors)
FAIL: gcc.dg/pch/decl-4.c (test for excess errors)
FAIL: gcc.dg/pch/decl-4.c (test for excess errors)
FAIL: gcc.dg/pch/decl-4.c (test for excess errors)
FAIL: gcc.dg/pch/decl-5.c (test for excess errors)
FAIL: gcc.dg/pch/decl-5.c (test for excess errors)
FAIL: gcc.dg/pch/decl-5.c (test for excess errors)
FAIL: gcc.dg/pch/decl-5.c (test for excess errors)
FAIL: gcc.dg/pch/decl-5.c (test for excess errors)
FAIL: gcc.dg/pch/decl-5.c (test for excess errors)
FAIL: gcc.dg/pch/empty.c (test for excess errors)
FAIL: gcc.dg/pch/empty.c (test for excess errors)
FAIL: gcc.dg/pch/empty.c (test for excess errors)
FAIL: gcc.dg/pch/empty.c (test for excess errors)
FAIL: gcc.dg/pch/empty.c (test for excess errors)
FAIL: gcc.dg/pch/empty.c (test for excess errors)
FAIL: gcc.dg/pch/except-1.c (test for excess errors)
FAIL: gcc.dg/pch/except-1.c (test for excess errors)
FAIL: gcc.dg/pch/except-1.c (test for excess errors)
FAIL: gcc.dg/pch/except-1.c (test for excess errors)
FAIL: gcc.dg/pch/except-1.c (test for excess errors)
FAIL: gcc.dg/pch/except-1.c (test for excess errors)
FAIL: gcc.dg/pch/global-1.c (test for excess errors)
FAIL: gcc.dg/pch/global-1.c (test for excess errors)
FAIL: gcc.dg/pch/global-1.c (test for excess errors)
FAIL: gcc.dg/pch/global-1.c (test for excess errors)
FAIL: gcc.dg/pch/global-1.c (test for excess errors)
FAIL: gcc.dg/pch/global-1.c (test for excess errors)
FAIL: gcc.dg/pch/inline-1.c (test for excess errors)
FAIL: gcc.dg/pch/inline-1.c (test for excess errors)
FAIL: gcc.dg/pch/inline-1.c (test for excess errors)
FAIL: gcc.dg/pch/inline-1.c (test for excess errors)
FAIL: gcc.dg/pch/inline-1.c (test for excess errors)
FAIL: gcc.dg/pch/inline-1.c (test for excess errors)
FAIL: gcc.dg/pch/inline-2.c (test for excess errors)
FAIL: gcc.dg/pch/inline-2.c (test for excess errors)
FAIL: gcc.dg/pch/inline-2.c (test for excess errors)
FAIL: gcc.dg/pch/inline-2.c (test for excess errors)
FAIL: gcc.dg/pch/inline-2.c (test for excess errors)
FAIL: gcc.dg/pch/inline-2.c (test for excess errors)
FAIL: gcc.dg/pch/macro-1.c (test for excess errors)
FAIL: gcc.dg/pch/macro-1.c (test for excess errors)
FAIL: gcc.dg/pch/macro-1.c (test for excess errors)
FAIL: gcc.dg/pch/macro-1.c (test for excess errors)
FAIL: gcc.dg/pch/macro-1.c (test for excess errors)
FAIL: gcc.dg/pch/macro-1.c (test for excess errors)
FAIL: gcc.dg/pch/macro-2.c (test for excess errors)
FAIL: gcc.dg/pch/macro-2.c (test for excess errors)
FAIL: gcc.dg/pch/macro-2.c (test for excess errors)
FAIL: gcc.dg/pch/macro-2.c (test for excess errors)
FAIL: gcc.dg/pch/macro-2.c (test for excess errors)
FAIL: gcc.dg/pch/macro-2.c (test for excess errors)
FAIL: gcc.dg/pch/macro-3.c (test for excess errors)
FAIL: gcc.dg/pch/macro-3.c (test for excess errors)
FAIL: gcc.dg/pch/macro-3.c (test for excess errors)
FAIL: gcc.dg/pch/macro-3.c (test for excess errors)
FAIL: gcc.dg/pch/macro-3.c (test for excess errors)
FAIL: gcc.dg/pch/macro-3.c (test for excess errors)
FAIL: gcc.dg/pch/static-1.c (test for excess errors)
FAIL: gcc.dg/pch/static-1.c (test for excess errors)
FAIL: gcc.dg/pch/static-1.c (test for excess errors)
FAIL: gcc.dg/pch/static-1.c (test for excess errors)
FAIL: gcc.dg/pch/static-1.c (test for excess errors)
FAIL: gcc.dg/pch/static-1.c (test for excess errors)
FAIL: gcc.dg/pch/static-2.c (test for excess errors)
FAIL: gcc.dg/pch/static-2.c (test for excess errors)
FAIL: gcc.dg/pch/static-2.c (test for excess errors)
FAIL: gcc.dg/pch/static-2.c (test for excess errors)
FAIL: gcc.dg/pch/static-2.c (test for excess errors)
FAIL: gcc.dg/pch/static-2.c (test for excess errors)
FAIL: gcc.dg/pch/system-1.c (test for excess errors)
FAIL: gcc.dg/pch/system-1.c (test for excess errors)
FAIL: gcc.dg/pch/system-1.c (test for excess errors)
FAIL: gcc.dg/pch/system-1.c (test for excess errors)
FAIL: gcc.dg/pch/system-1.c (test for excess errors)
FAIL: gcc.dg/pch/system-1.c (test for excess errors)
=== gcc Summary for unix/-fPIC ===
# of expected passes 20745
# of unexpected failures 122
# of expected failures 62
# of untested testcases 114
# of unsupported tests 166
Running target unix/-fpic
WARNING: program timed out.
FAIL: gcc.c-torture/compile/20001226-1.c, -O3 -g
FAIL: gcc.c-torture/execute/builtin-constant.c execution, -O1
FAIL: gcc.c-torture/execute/builtin-constant.c execution, -O2
FAIL: gcc.c-torture/execute/builtin-constant.c execution, -O3 -fomit-frame-pointer
FAIL: gcc.c-torture/execute/builtin-constant.c execution, -O3 -g
FAIL: gcc.c-torture/execute/builtin-constant.c execution, -Os
FAIL: gcc.dg/20020312-2.c (test for excess errors)
WARNING: gcc.dg/20020312-2.c compilation failed to produce executable
WARNING: gcc.dg/20021014-1.c compilation failed to produce executable
FAIL: gcc.dg/duff-2.c (test for excess errors)
FAIL: gcc.dg/pch/common-1.c (test for excess errors)
FAIL: gcc.dg/pch/common-1.c (test for excess errors)
FAIL: gcc.dg/pch/common-1.c (test for excess errors)
FAIL: gcc.dg/pch/common-1.c (test for excess errors)
FAIL: gcc.dg/pch/common-1.c (test for excess errors)
FAIL: gcc.dg/pch/common-1.c (test for excess errors)
FAIL: gcc.dg/pch/cpp-1.c (test for excess errors)
FAIL: gcc.dg/pch/cpp-1.c (test for excess errors)
FAIL: gcc.dg/pch/cpp-1.c (test for excess errors)
FAIL: gcc.dg/pch/cpp-1.c (test for excess errors)
FAIL: gcc.dg/pch/cpp-1.c (test for excess errors)
FAIL: gcc.dg/pch/cpp-1.c (test for excess errors)
FAIL: gcc.dg/pch/cpp-2.c (test for excess errors)
FAIL: gcc.dg/pch/cpp-2.c (test for excess errors)
FAIL: gcc.dg/pch/cpp-2.c (test for excess errors)
FAIL: gcc.dg/pch/cpp-2.c (test for excess errors)
FAIL: gcc.dg/pch/cpp-2.c (test for excess errors)
FAIL: gcc.dg/pch/cpp-2.c (test for excess errors)
FAIL: gcc.dg/pch/decl-1.c (test for excess errors)
FAIL: gcc.dg/pch/decl-1.c (test for excess errors)
FAIL: gcc.dg/pch/decl-1.c (test for excess errors)
FAIL: gcc.dg/pch/decl-1.c (test for excess errors)
FAIL: gcc.dg/pch/decl-1.c (test for excess errors)
FAIL: gcc.dg/pch/decl-1.c (test for excess errors)
FAIL: gcc.dg/pch/decl-2.c (test for excess errors)
FAIL: gcc.dg/pch/decl-2.c (test for excess errors)
FAIL: gcc.dg/pch/decl-2.c (test for excess errors)
FAIL: gcc.dg/pch/decl-2.c (test for excess errors)
FAIL: gcc.dg/pch/decl-2.c (test for excess errors)
FAIL: gcc.dg/pch/decl-2.c (test for excess errors)
FAIL: gcc.dg/pch/decl-3.c (test for excess errors)
FAIL: gcc.dg/pch/decl-3.c (test for excess errors)
FAIL: gcc.dg/pch/decl-3.c (test for excess errors)
FAIL: gcc.dg/pch/decl-3.c (test for excess errors)
FAIL: gcc.dg/pch/decl-3.c (test for excess errors)
FAIL: gcc.dg/pch/decl-3.c (test for excess errors)
FAIL: gcc.dg/pch/decl-4.c (test for excess errors)
FAIL: gcc.dg/pch/decl-4.c (test for excess errors)
FAIL: gcc.dg/pch/decl-4.c (test for excess errors)
FAIL: gcc.dg/pch/decl-4.c (test for excess errors)
FAIL: gcc.dg/pch/decl-4.c (test for excess errors)
FAIL: gcc.dg/pch/decl-4.c (test for excess errors)
FAIL: gcc.dg/pch/decl-5.c (test for excess errors)
FAIL: gcc.dg/pch/decl-5.c (test for excess errors)
FAIL: gcc.dg/pch/decl-5.c (test for excess errors)
FAIL: gcc.dg/pch/decl-5.c (test for excess errors)
FAIL: gcc.dg/pch/decl-5.c (test for excess errors)
FAIL: gcc.dg/pch/decl-5.c (test for excess errors)
FAIL: gcc.dg/pch/empty.c (test for excess errors)
FAIL: gcc.dg/pch/empty.c (test for excess errors)
FAIL: gcc.dg/pch/empty.c (test for excess errors)
FAIL: gcc.dg/pch/empty.c (test for excess errors)
FAIL: gcc.dg/pch/empty.c (test for excess errors)
FAIL: gcc.dg/pch/empty.c (test for excess errors)
FAIL: gcc.dg/pch/except-1.c (test for excess errors)
FAIL: gcc.dg/pch/except-1.c (test for excess errors)
FAIL: gcc.dg/pch/except-1.c (test for excess errors)
FAIL: gcc.dg/pch/except-1.c (test for excess errors)
FAIL: gcc.dg/pch/except-1.c (test for excess errors)
FAIL: gcc.dg/pch/except-1.c (test for excess errors)
FAIL: gcc.dg/pch/global-1.c (test for excess errors)
FAIL: gcc.dg/pch/global-1.c (test for excess errors)
FAIL: gcc.dg/pch/global-1.c (test for excess errors)
FAIL: gcc.dg/pch/global-1.c (test for excess errors)
FAIL: gcc.dg/pch/global-1.c (test for excess errors)
FAIL: gcc.dg/pch/global-1.c (test for excess errors)
FAIL: gcc.dg/pch/inline-1.c (test for excess errors)
FAIL: gcc.dg/pch/inline-1.c (test for excess errors)
FAIL: gcc.dg/pch/inline-1.c (test for excess errors)
FAIL: gcc.dg/pch/inline-1.c (test for excess errors)
FAIL: gcc.dg/pch/inline-1.c (test for excess errors)
FAIL: gcc.dg/pch/inline-1.c (test for excess errors)
FAIL: gcc.dg/pch/inline-2.c (test for excess errors)
FAIL: gcc.dg/pch/inline-2.c (test for excess errors)
FAIL: gcc.dg/pch/inline-2.c (test for excess errors)
FAIL: gcc.dg/pch/inline-2.c (test for excess errors)
FAIL: gcc.dg/pch/inline-2.c (test for excess errors)
FAIL: gcc.dg/pch/inline-2.c (test for excess errors)
FAIL: gcc.dg/pch/macro-1.c (test for excess errors)
FAIL: gcc.dg/pch/macro-1.c (test for excess errors)
FAIL: gcc.dg/pch/macro-1.c (test for excess errors)
FAIL: gcc.dg/pch/macro-1.c (test for excess errors)
FAIL: gcc.dg/pch/macro-1.c (test for excess errors)
FAIL: gcc.dg/pch/macro-1.c (test for excess errors)
FAIL: gcc.dg/pch/macro-2.c (test for excess errors)
FAIL: gcc.dg/pch/macro-2.c (test for excess errors)
FAIL: gcc.dg/pch/macro-2.c (test for excess errors)
FAIL: gcc.dg/pch/macro-2.c (test for excess errors)
FAIL: gcc.dg/pch/macro-2.c (test for excess errors)
FAIL: gcc.dg/pch/macro-2.c (test for excess errors)
FAIL: gcc.dg/pch/macro-3.c (test for excess errors)
FAIL: gcc.dg/pch/macro-3.c (test for excess errors)
FAIL: gcc.dg/pch/macro-3.c (test for excess errors)
FAIL: gcc.dg/pch/macro-3.c (test for excess errors)
FAIL: gcc.dg/pch/macro-3.c (test for excess errors)
FAIL: gcc.dg/pch/macro-3.c (test for excess errors)
FAIL: gcc.dg/pch/static-1.c (test for excess errors)
FAIL: gcc.dg/pch/static-1.c (test for excess errors)
FAIL: gcc.dg/pch/static-1.c (test for excess errors)
FAIL: gcc.dg/pch/static-1.c (test for excess errors)
FAIL: gcc.dg/pch/static-1.c (test for excess errors)
FAIL: gcc.dg/pch/static-1.c (test for excess errors)
FAIL: gcc.dg/pch/static-2.c (test for excess errors)
FAIL: gcc.dg/pch/static-2.c (test for excess errors)
FAIL: gcc.dg/pch/static-2.c (test for excess errors)
FAIL: gcc.dg/pch/static-2.c (test for excess errors)
FAIL: gcc.dg/pch/static-2.c (test for excess errors)
FAIL: gcc.dg/pch/static-2.c (test for excess errors)
FAIL: gcc.dg/pch/system-1.c (test for excess errors)
FAIL: gcc.dg/pch/system-1.c (test for excess errors)
FAIL: gcc.dg/pch/system-1.c (test for excess errors)
FAIL: gcc.dg/pch/system-1.c (test for excess errors)
FAIL: gcc.dg/pch/system-1.c (test for excess errors)
FAIL: gcc.dg/pch/system-1.c (test for excess errors)
=== gcc Summary for unix/-fpic ===
# of expected passes 20745
# of unexpected failures 122
# of expected failures 62
# of untested testcases 114
# of unsupported tests 166
Running target unix
WARNING: program timed out.
FAIL: gcc.c-torture/compile/20001226-1.c, -O3 -g
FAIL: gcc.c-torture/execute/builtin-constant.c execution, -O1
FAIL: gcc.c-torture/execute/builtin-constant.c execution, -O2
FAIL: gcc.c-torture/execute/builtin-constant.c execution, -O3 -fomit-frame-pointer
FAIL: gcc.c-torture/execute/builtin-constant.c execution, -O3 -g
FAIL: gcc.c-torture/execute/builtin-constant.c execution, -Os
WARNING: gcc.dg/20021014-1.c compilation failed to produce executable
FAIL: gcc.dg/duff-2.c (test for excess errors)
FAIL: gcc.dg/pch/common-1.c (test for excess errors)
FAIL: gcc.dg/pch/common-1.c (test for excess errors)
FAIL: gcc.dg/pch/common-1.c (test for excess errors)
FAIL: gcc.dg/pch/common-1.c (test for excess errors)
FAIL: gcc.dg/pch/common-1.c (test for excess errors)
FAIL: gcc.dg/pch/common-1.c (test for excess errors)
FAIL: gcc.dg/pch/cpp-1.c (test for excess errors)
FAIL: gcc.dg/pch/cpp-1.c (test for excess errors)
FAIL: gcc.dg/pch/cpp-1.c (test for excess errors)
FAIL: gcc.dg/pch/cpp-1.c (test for excess errors)
FAIL: gcc.dg/pch/cpp-1.c (test for excess errors)
FAIL: gcc.dg/pch/cpp-1.c (test for excess errors)
FAIL: gcc.dg/pch/cpp-2.c (test for excess errors)
FAIL: gcc.dg/pch/cpp-2.c (test for excess errors)
FAIL: gcc.dg/pch/cpp-2.c (test for excess errors)
FAIL: gcc.dg/pch/cpp-2.c (test for excess errors)
FAIL: gcc.dg/pch/cpp-2.c (test for excess errors)
FAIL: gcc.dg/pch/cpp-2.c (test for excess errors)
FAIL: gcc.dg/pch/decl-1.c (test for excess errors)
FAIL: gcc.dg/pch/decl-1.c (test for excess errors)
FAIL: gcc.dg/pch/decl-1.c (test for excess errors)
FAIL: gcc.dg/pch/decl-1.c (test for excess errors)
FAIL: gcc.dg/pch/decl-1.c (test for excess errors)
FAIL: gcc.dg/pch/decl-1.c (test for excess errors)
FAIL: gcc.dg/pch/decl-2.c (test for excess errors)
FAIL: gcc.dg/pch/decl-2.c (test for excess errors)
FAIL: gcc.dg/pch/decl-2.c (test for excess errors)
FAIL: gcc.dg/pch/decl-2.c (test for excess errors)
FAIL: gcc.dg/pch/decl-2.c (test for excess errors)
FAIL: gcc.dg/pch/decl-2.c (test for excess errors)
FAIL: gcc.dg/pch/decl-3.c (test for excess errors)
FAIL: gcc.dg/pch/decl-3.c (test for excess errors)
FAIL: gcc.dg/pch/decl-3.c (test for excess errors)
FAIL: gcc.dg/pch/decl-3.c (test for excess errors)
FAIL: gcc.dg/pch/decl-3.c (test for excess errors)
FAIL: gcc.dg/pch/decl-3.c (test for excess errors)
FAIL: gcc.dg/pch/decl-4.c (test for excess errors)
FAIL: gcc.dg/pch/decl-4.c (test for excess errors)
FAIL: gcc.dg/pch/decl-4.c (test for excess errors)
FAIL: gcc.dg/pch/decl-4.c (test for excess errors)
FAIL: gcc.dg/pch/decl-4.c (test for excess errors)
FAIL: gcc.dg/pch/decl-4.c (test for excess errors)
FAIL: gcc.dg/pch/decl-5.c (test for excess errors)
FAIL: gcc.dg/pch/decl-5.c (test for excess errors)
FAIL: gcc.dg/pch/decl-5.c (test for excess errors)
FAIL: gcc.dg/pch/decl-5.c (test for excess errors)
FAIL: gcc.dg/pch/decl-5.c (test for excess errors)
FAIL: gcc.dg/pch/decl-5.c (test for excess errors)
FAIL: gcc.dg/pch/empty.c (test for excess errors)
FAIL: gcc.dg/pch/empty.c (test for excess errors)
FAIL: gcc.dg/pch/empty.c (test for excess errors)
FAIL: gcc.dg/pch/empty.c (test for excess errors)
FAIL: gcc.dg/pch/empty.c (test for excess errors)
FAIL: gcc.dg/pch/empty.c (test for excess errors)
FAIL: gcc.dg/pch/except-1.c (test for excess errors)
FAIL: gcc.dg/pch/except-1.c (test for excess errors)
FAIL: gcc.dg/pch/except-1.c (test for excess errors)
FAIL: gcc.dg/pch/except-1.c (test for excess errors)
FAIL: gcc.dg/pch/except-1.c (test for excess errors)
FAIL: gcc.dg/pch/except-1.c (test for excess errors)
FAIL: gcc.dg/pch/global-1.c (test for excess errors)
FAIL: gcc.dg/pch/global-1.c (test for excess errors)
FAIL: gcc.dg/pch/global-1.c (test for excess errors)
FAIL: gcc.dg/pch/global-1.c (test for excess errors)
FAIL: gcc.dg/pch/global-1.c (test for excess errors)
FAIL: gcc.dg/pch/global-1.c (test for excess errors)
FAIL: gcc.dg/pch/inline-1.c (test for excess errors)
FAIL: gcc.dg/pch/inline-1.c (test for excess errors)
FAIL: gcc.dg/pch/inline-1.c (test for excess errors)
FAIL: gcc.dg/pch/inline-1.c (test for excess errors)
FAIL: gcc.dg/pch/inline-1.c (test for excess errors)
FAIL: gcc.dg/pch/inline-1.c (test for excess errors)
FAIL: gcc.dg/pch/inline-2.c (test for excess errors)
FAIL: gcc.dg/pch/inline-2.c (test for excess errors)
FAIL: gcc.dg/pch/inline-2.c (test for excess errors)
FAIL: gcc.dg/pch/inline-2.c (test for excess errors)
FAIL: gcc.dg/pch/inline-2.c (test for excess errors)
FAIL: gcc.dg/pch/inline-2.c (test for excess errors)
FAIL: gcc.dg/pch/macro-1.c (test for excess errors)
FAIL: gcc.dg/pch/macro-1.c (test for excess errors)
FAIL: gcc.dg/pch/macro-1.c (test for excess errors)
FAIL: gcc.dg/pch/macro-1.c (test for excess errors)
FAIL: gcc.dg/pch/macro-1.c (test for excess errors)
FAIL: gcc.dg/pch/macro-1.c (test for excess errors)
FAIL: gcc.dg/pch/macro-2.c (test for excess errors)
FAIL: gcc.dg/pch/macro-2.c (test for excess errors)
FAIL: gcc.dg/pch/macro-2.c (test for excess errors)
FAIL: gcc.dg/pch/macro-2.c (test for excess errors)
FAIL: gcc.dg/pch/macro-2.c (test for excess errors)
FAIL: gcc.dg/pch/macro-2.c (test for excess errors)
FAIL: gcc.dg/pch/macro-3.c (test for excess errors)
FAIL: gcc.dg/pch/macro-3.c (test for excess errors)
FAIL: gcc.dg/pch/macro-3.c (test for excess errors)
FAIL: gcc.dg/pch/macro-3.c (test for excess errors)
FAIL: gcc.dg/pch/macro-3.c (test for excess errors)
FAIL: gcc.dg/pch/macro-3.c (test for excess errors)
FAIL: gcc.dg/pch/static-1.c (test for excess errors)
FAIL: gcc.dg/pch/static-1.c (test for excess errors)
FAIL: gcc.dg/pch/static-1.c (test for excess errors)
FAIL: gcc.dg/pch/static-1.c (test for excess errors)
FAIL: gcc.dg/pch/static-1.c (test for excess errors)
FAIL: gcc.dg/pch/static-1.c (test for excess errors)
FAIL: gcc.dg/pch/static-2.c (test for excess errors)
FAIL: gcc.dg/pch/static-2.c (test for excess errors)
FAIL: gcc.dg/pch/static-2.c (test for excess errors)
FAIL: gcc.dg/pch/static-2.c (test for excess errors)
FAIL: gcc.dg/pch/static-2.c (test for excess errors)
FAIL: gcc.dg/pch/static-2.c (test for excess errors)
FAIL: gcc.dg/pch/system-1.c (test for excess errors)
FAIL: gcc.dg/pch/system-1.c (test for excess errors)
FAIL: gcc.dg/pch/system-1.c (test for excess errors)
FAIL: gcc.dg/pch/system-1.c (test for excess errors)
FAIL: gcc.dg/pch/system-1.c (test for excess errors)
FAIL: gcc.dg/pch/system-1.c (test for excess errors)
=== gcc Summary for unix ===
# of expected passes 20747
# of unexpected failures 121
# of expected failures 62
# of untested testcases 114
# of unsupported tests 166
=== gcc Summary ===
# of expected passes 82964
# of unexpected failures 496
# of unexpected successes 2
# of expected failures 252
# of unresolved testcases 3
# of untested testcases 456
# of unsupported tests 664
/teal/tmpdisk/ghazi/gcc-testing/34/build/gcc/xgcc version 3.4 20030112 (experimental)
=== objc tests ===
Running target unix/-m64
=== objc Summary for unix/-m64 ===
# of expected passes 1153
Running target unix/-fPIC
=== objc Summary for unix/-fPIC ===
# of expected passes 1153
Running target unix/-fpic
=== objc Summary for unix/-fpic ===
# of expected passes 1153
Running target unix
=== objc Summary for unix ===
# of expected passes 1153
=== objc Summary ===
# of expected passes 4612
/teal/tmpdisk/ghazi/gcc-testing/34/build/gcc/xgcc version 3.4 20030112 (experimental)
=== libjava tests ===
Running target unix/-m64
FAIL: PR1343 compilation from bytecode
FAIL: PR1343 -O compilation from bytecode
FAIL: calls run
FAIL: linking cxxtest
FAIL: field run
FAIL: final_method run
FAIL: findclass run
FAIL: invoke run
FAIL: martin run
FAIL: noclass run
FAIL: overload run
FAIL: register run
FAIL: simple_int run
FAIL: throwit run
FAIL: virtual run
FAIL: Array_3 execution - gij test
FAIL: Array_3 execution - gij test
FAIL: FileHandleGcTest execution - source compiled test
FAIL: FileHandleGcTest execution - gij test
FAIL: FileHandleGcTest execution - bytecode->native test
FAIL: FileHandleGcTest -O execution - source compiled test
FAIL: FileHandleGcTest execution - gij test
FAIL: FileHandleGcTest -O execution - bytecode->native test
WARNING: program timed out.
FAIL: SyncTest execution - gij test
WARNING: program timed out.
FAIL: SyncTest execution - bytecode->native test
WARNING: program timed out.
FAIL: SyncTest execution - gij test
WARNING: program timed out.
FAIL: SyncTest -O execution - bytecode->native test
FAIL: Thread_Join execution - gij test
FAIL: Thread_Wait_Interrupt execution - gij test
FAIL: Thread_Wait_Interrupt execution - gij test
FAIL: pr8823 compilation from bytecode
FAIL: pr8823 -O compilation from bytecode
=== libjava Summary for unix/-m64 ===
# of expected passes 2875
# of unexpected failures 32
# of expected failures 15
# of untested testcases 39
Running target unix/-fPIC
FAIL: PR1343 compilation from bytecode
FAIL: PR1343 -O compilation from bytecode
FAIL: calls run
FAIL: linking cxxtest
FAIL: field run
FAIL: final_method run
FAIL: findclass run
FAIL: invoke run
FAIL: martin run
FAIL: noclass run
FAIL: overload run
FAIL: register run
FAIL: simple_int run
FAIL: throwit run
FAIL: virtual run
FAIL: Array_3 execution - gij test
FAIL: Array_3 execution - gij test
FAIL: FileHandleGcTest execution - source compiled test
FAIL: FileHandleGcTest execution - gij test
FAIL: FileHandleGcTest execution - bytecode->native test
FAIL: FileHandleGcTest -O execution - source compiled test
FAIL: FileHandleGcTest execution - gij test
FAIL: FileHandleGcTest -O execution - bytecode->native test
FAIL: SyncTest execution - gij test
WARNING: program timed out.
FAIL: SyncTest execution - bytecode->native test
FAIL: SyncTest execution - gij test
WARNING: program timed out.
FAIL: SyncTest -O execution - bytecode->native test
FAIL: TLtest execution - gij test
FAIL: TLtest execution - gij test
FAIL: Thread_Join execution - gij test
FAIL: Thread_Monitor execution - gij test
FAIL: Thread_Monitor execution - gij test
FAIL: Thread_Wait_2 execution - gij test
FAIL: Thread_Wait_2 execution - gij test
FAIL: Thread_Wait_Interrupt execution - gij test
FAIL: Thread_Wait_Interrupt execution - gij test
FAIL: pr8823 compilation from bytecode
FAIL: pr8823 -O compilation from bytecode
=== libjava Summary for unix/-fPIC ===
# of expected passes 2863
# of unexpected failures 38
# of expected failures 15
# of untested testcases 45
Running target unix/-fpic
FAIL: PR1343 compilation from bytecode
FAIL: PR1343 -O compilation from bytecode
FAIL: calls run
FAIL: linking cxxtest
FAIL: field run
FAIL: final_method run
FAIL: findclass run
FAIL: invoke run
FAIL: martin run
FAIL: noclass run
FAIL: overload run
FAIL: register run
FAIL: simple_int run
FAIL: throwit run
FAIL: virtual run
FAIL: Array_3 execution - gij test
FAIL: Array_3 execution - gij test
FAIL: FileHandleGcTest execution - source compiled test
FAIL: FileHandleGcTest execution - gij test
FAIL: FileHandleGcTest execution - bytecode->native test
FAIL: FileHandleGcTest -O execution - source compiled test
FAIL: FileHandleGcTest execution - gij test
FAIL: FileHandleGcTest -O execution - bytecode->native test
FAIL: SyncTest execution - gij test
WARNING: program timed out.
FAIL: SyncTest execution - bytecode->native test
FAIL: SyncTest execution - gij test
WARNING: program timed out.
FAIL: SyncTest -O execution - bytecode->native test
FAIL: TLtest execution - gij test
FAIL: Thread_Wait_2 execution - gij test
FAIL: Thread_Wait_Interrupt execution - gij test
FAIL: pr8823 compilation from bytecode
FAIL: pr8823 -O compilation from bytecode
=== libjava Summary for unix/-fpic ===
# of expected passes 2875
# of unexpected failures 32
# of expected failures 15
# of untested testcases 39
Running target unix
FAIL: PR1343 compilation from bytecode
FAIL: PR1343 -O compilation from bytecode
FAIL: calls run
FAIL: linking cxxtest
FAIL: field run
FAIL: final_method run
FAIL: findclass run
FAIL: invoke run
FAIL: martin run
FAIL: noclass run
FAIL: overload run
FAIL: register run
FAIL: simple_int run
FAIL: throwit run
FAIL: virtual run
FAIL: Array_3 execution - gij test
FAIL: Array_3 execution - gij test
FAIL: FileHandleGcTest execution - source compiled test
FAIL: FileHandleGcTest execution - gij test
FAIL: FileHandleGcTest execution - bytecode->native test
FAIL: FileHandleGcTest -O execution - source compiled test
FAIL: FileHandleGcTest execution - gij test
FAIL: FileHandleGcTest -O execution - bytecode->native test
FAIL: SyncTest execution - gij test
WARNING: program timed out.
FAIL: SyncTest execution - bytecode->native test
FAIL: SyncTest execution - gij test
WARNING: program timed out.
FAIL: SyncTest -O execution - bytecode->native test
FAIL: TLtest execution - gij test
FAIL: Thread_Join execution - gij test
FAIL: Thread_Monitor execution - gij test
FAIL: Thread_Monitor execution - gij test
FAIL: Thread_Wait_2 execution - gij test
FAIL: Thread_Wait_2 execution - gij test
FAIL: Thread_Wait_Interrupt execution - gij test
FAIL: pr8823 compilation from bytecode
FAIL: pr8823 -O compilation from bytecode
=== libjava Summary for unix ===
# of expected passes 2867
# of unexpected failures 36
# of expected failures 15
# of untested testcases 43
=== libjava Summary ===
# of expected passes 11480
# of unexpected failures 138
# of expected failures 60
# of untested testcases 166
=== libstdc++-v3 tests ===
Running target unix/-m64
XPASS: 22_locale/collate_members_wchar_t.cc execution test
XPASS: 22_locale/ctype_is_wchar_t.cc execution test
XPASS: 22_locale/money_get_members_wchar_t.cc execution test
XPASS: 22_locale/money_put_members_wchar_t.cc execution test
XPASS: 22_locale/moneypunct_members_wchar_t.cc execution test
XPASS: 22_locale/num_get_members_wchar_t.cc execution test
XPASS: 22_locale/num_put_members_wchar_t.cc execution test
XPASS: 22_locale/numpunct_members_wchar_t.cc execution test
XPASS: 22_locale/time_get_members_wchar_t.cc execution test
XPASS: 22_locale/time_put_members_wchar_t.cc execution test
WARNING: program timed out.
FAIL: 27_io/ios_base_storage.cc execution test
=== libstdc++-v3 Summary for unix/-m64 ===
# of expected passes 438
# of unexpected failures 1
# of unexpected successes 10
# of expected failures 18
Running target unix/-fPIC
XPASS: 22_locale/collate_members_wchar_t.cc execution test
XPASS: 22_locale/ctype_is_wchar_t.cc execution test
XPASS: 22_locale/money_get_members_wchar_t.cc execution test
XPASS: 22_locale/money_put_members_wchar_t.cc execution test
XPASS: 22_locale/moneypunct_members_wchar_t.cc execution test
XPASS: 22_locale/num_get_members_wchar_t.cc execution test
XPASS: 22_locale/num_put_members_wchar_t.cc execution test
XPASS: 22_locale/numpunct_members_wchar_t.cc execution test
XPASS: 22_locale/time_get_members_wchar_t.cc execution test
XPASS: 22_locale/time_put_members_wchar_t.cc execution test
=== libstdc++-v3 Summary for unix/-fPIC ===
# of expected passes 439
# of unexpected successes 10
# of expected failures 18
Running target unix/-fpic
XPASS: 22_locale/collate_members_wchar_t.cc execution test
XPASS: 22_locale/ctype_is_wchar_t.cc execution test
XPASS: 22_locale/money_get_members_wchar_t.cc execution test
XPASS: 22_locale/money_put_members_wchar_t.cc execution test
XPASS: 22_locale/moneypunct_members_wchar_t.cc execution test
XPASS: 22_locale/num_get_members_wchar_t.cc execution test
XPASS: 22_locale/num_put_members_wchar_t.cc execution test
XPASS: 22_locale/numpunct_members_wchar_t.cc execution test
XPASS: 22_locale/time_get_members_wchar_t.cc execution test
XPASS: 22_locale/time_put_members_wchar_t.cc execution test
=== libstdc++-v3 Summary for unix/-fpic ===
# of expected passes 439
# of unexpected successes 10
# of expected failures 18
Running target unix
XPASS: 22_locale/collate_members_wchar_t.cc execution test
XPASS: 22_locale/ctype_is_wchar_t.cc execution test
XPASS: 22_locale/money_get_members_wchar_t.cc execution test
XPASS: 22_locale/money_put_members_wchar_t.cc execution test
XPASS: 22_locale/moneypunct_members_wchar_t.cc execution test
XPASS: 22_locale/num_get_members_wchar_t.cc execution test
XPASS: 22_locale/num_put_members_wchar_t.cc execution test
XPASS: 22_locale/numpunct_members_wchar_t.cc execution test
XPASS: 22_locale/time_get_members_wchar_t.cc execution test
XPASS: 22_locale/time_put_members_wchar_t.cc execution test
=== libstdc++-v3 Summary for unix ===
# of expected passes 439
# of unexpected successes 10
# of expected failures 18
=== libstdc++-v3 Summary ===
# of expected passes 1755
# of unexpected failures 1
# of unexpected successes 40
# of expected failures 72
Compiler version: 3.4 20030112 (experimental)
Platform: sparc-sun-solaris2.7
configure flags: --verbose%g