This is the mail archive of the
gcc-testresults@gcc.gnu.org
mailing list for the GCC project.
Results for 3.4 20030107 (experimental) testsuite on i686-pc-linux-gnu
- From: Joe Buck <jbuck at synopsys dot com>
- To: gcc-testresults at gcc dot gnu dot org
- Date: Tue, 7 Jan 2003 14:43:35 -0800
- Subject: Results for 3.4 20030107 (experimental) testsuite on i686-pc-linux-gnu
This is a Red Hat 7.2 system, running on a dual 2.2 GHz Intel Xeon system.
kernel: 2.4.7-10 (from Red Hat)
glibc: 2.2.4-31 (from Red Hat)
binutils: 2.13.1 (FSF)
LAST_UPDATED: Tue Jan 7 19:34:00 UTC 2003
Native configuration is i686-pc-linux-gnu
=== g77 tests ===
Running target unix
=== g77 Summary ===
# of expected passes 1654
/var/tmp/gcc-trunk/gcc/testsuite/../g77 version 3.4 20030107 (experimental)
=== gcc tests ===
Running target unix
FAIL: gcc.c-torture/execute/builtin-constant.c execution, -O1
FAIL: gcc.c-torture/execute/builtin-constant.c execution, -O2
FAIL: gcc.c-torture/execute/builtin-constant.c execution, -O3 -fomit-frame-pointer
FAIL: gcc.c-torture/execute/builtin-constant.c execution, -O3 -g
FAIL: gcc.c-torture/execute/builtin-constant.c execution, -Os
FAIL: gcc.dg/duff-2.c (test for excess errors)
=== gcc Summary ===
# of expected passes 20840
# of unexpected failures 6
# of expected failures 63
# of unsupported tests 77
/var/tmp/gcc-trunk/gcc/xgcc version 3.4 20030107 (experimental)
=== g++ tests ===
Running target unix
FAIL: g++.dg/opt/vtgc1.C scan-assembler-dem .vtable_inherit[ ]*vtable for Multivv3.*0
FAIL: g++.dg/opt/vtgc1.C scan-assembler-dem .vtable_inherit[ ]*VTT for Multivv3.*0
FAIL: g++.dg/opt/vtgc1.C scan-assembler-dem .vtable_inherit[ ]*vtable for Multiss2.*vtable for Base2
FAIL: g++.dg/opt/vtgc1.C scan-assembler-dem .vtable_inherit[ ]*vtable for Multivs1.*vtable for Base2
FAIL: g++.dg/opt/vtgc1.C scan-assembler-dem .vtable_inherit[ ]*VTT for Multivs1.*vtable for Base2
FAIL: g++.dg/opt/vtgc1.C scan-assembler-dem .vtable_inherit[ ]*vtable for Multisv0.*vtable for Side0
FAIL: g++.dg/opt/vtgc1.C scan-assembler-dem .vtable_inherit[ ]*VTT for Multisv0.*vtable for Side0
FAIL: g++.dg/opt/vtgc1.C scan-assembler-dem .vtable_inherit[ ]*vtable for Side0.*0
FAIL: g++.dg/opt/vtgc1.C scan-assembler-dem .vtable_inherit[ ]*vtable for VbasedA.*0
FAIL: g++.dg/opt/vtgc1.C scan-assembler-dem .vtable_inherit[ ]*VTT for VbasedA.*0
FAIL: g++.dg/opt/vtgc1.C scan-assembler-dem .vtable_inherit[ ]*vtable for Base2.*vtable for Base1
FAIL: g++.dg/opt/vtgc1.C scan-assembler-dem .vtable_inherit[ ]*vtable for Base1.*vtable for Base0
FAIL: g++.dg/opt/vtgc1.C scan-assembler-dem .vtable_inherit[ ]*vtable for Base0.*0
FAIL: g++.dg/warn/Wunused-2.C (test for warnings, line 5)
=== g++ Summary ===
# of expected passes 8128
# of unexpected failures 14
# of expected failures 71
# of untested testcases 9
# of unsupported tests 3
/var/tmp/gcc-trunk/gcc/testsuite/../g++ version 3.4 20030107 (experimental)
=== objc tests ===
Running target unix
=== objc Summary ===
# of expected passes 1153
/var/tmp/gcc-trunk/gcc/xgcc version 3.4 20030107 (experimental)
=== libjava tests ===
Running target unix
FAIL: PR1343 compilation from bytecode
FAIL: PR1343 -O compilation from bytecode
FAIL: G19990302_02 output - bytecode->native test
FAIL: G19990302_02 -O output - source compiled test
FAIL: G19990302_02 output - gij test
FAIL: G19990302_02 -O output - bytecode->native test
FAIL: G19990303_01 output - source compiled test
FAIL: G19990303_01 output - gij test
FAIL: G19990303_01 output - bytecode->native test
FAIL: G19990303_01 -O output - source compiled test
FAIL: G19990303_01 output - gij test
FAIL: G19990303_01 -O output - bytecode->native test
FAIL: G19990303_02 output - source compiled test
FAIL: G19990303_02 output - gij test
FAIL: G19990303_02 output - bytecode->native test
FAIL: G19990303_02 -O output - source compiled test
FAIL: G19990303_02 output - gij test
FAIL: G19990303_02 -O output - bytecode->native test
FAIL: G19990304_01 output - source compiled test
FAIL: G19990304_01 output - gij test
FAIL: G19990304_01 output - bytecode->native test
FAIL: G19990304_01 -O output - source compiled test
FAIL: G19990304_01 output - gij test
FAIL: G19990304_01 -O output - bytecode->native test
FAIL: G19990310_01 output - source compiled test
FAIL: G19990310_01 output - gij test
FAIL: G19990310_01 output - bytecode->native test
FAIL: G19990310_01 -O output - source compiled test
FAIL: G19990310_01 output - gij test
FAIL: G19990310_01 -O output - bytecode->native test
FAIL: II output - source compiled test
FAIL: II output - gij test
FAIL: II output - bytecode->native test
FAIL: II -O output - source compiled test
FAIL: II output - gij test
FAIL: II -O output - bytecode->native test
FAIL: InterfaceDispatch output - source compiled test
FAIL: InterfaceDispatch output - gij test
FAIL: InterfaceDispatch output - bytecode->native test
FAIL: InterfaceDispatch -O output - source compiled test
FAIL: InterfaceDispatch output - gij test
FAIL: InterfaceDispatch -O output - bytecode->native test
FAIL: InvokeReturn output - source compiled test
FAIL: InvokeReturn output - gij test
FAIL: InvokeReturn output - bytecode->native test
FAIL: InvokeReturn -O output - source compiled test
FAIL: InvokeReturn output - gij test
FAIL: InvokeReturn -O output - bytecode->native test
FAIL: Invoke_1 output - source compiled test
FAIL: Invoke_1 output - gij test
FAIL: Invoke_1 output - bytecode->native test
FAIL: Invoke_1 -O output - source compiled test
FAIL: Invoke_1 output - gij test
FAIL: Invoke_1 -O output - bytecode->native test
FAIL: Invoke_2 output - source compiled test
FAIL: Invoke_2 output - gij test
FAIL: Invoke_2 output - bytecode->native test
FAIL: Invoke_2 -O output - source compiled test
FAIL: Invoke_2 output - gij test
FAIL: Invoke_2 -O output - bytecode->native test
FAIL: KeepInline output - source compiled test
FAIL: KeepInline output - gij test
FAIL: KeepInline output - bytecode->native test
FAIL: KeepInline -O output - source compiled test
FAIL: KeepInline output - gij test
FAIL: KeepInline -O output - bytecode->native test
FAIL: Matrix4f output - source compiled test
FAIL: Matrix4f output - gij test
FAIL: Matrix4f output - bytecode->native test
FAIL: Matrix4f -O output - source compiled test
FAIL: Matrix4f output - gij test
FAIL: Matrix4f -O output - bytecode->native test
FAIL: N19990310_02 output - source compiled test
FAIL: N19990310_02 output - gij test
FAIL: N19990310_02 output - bytecode->native test
FAIL: N19990310_02 -O output - source compiled test
FAIL: N19990310_02 output - gij test
FAIL: N19990310_02 -O output - bytecode->native test
FAIL: N19990310_3 output - source compiled test
FAIL: N19990310_3 output - gij test
FAIL: N19990310_3 output - bytecode->native test
FAIL: N19990310_3 -O output - source compiled test
FAIL: N19990310_3 output - gij test
FAIL: N19990310_3 -O output - bytecode->native test
FAIL: N19990310_4 output - source compiled test
FAIL: N19990310_4 output - gij test
FAIL: N19990310_4 output - bytecode->native test
FAIL: N19990310_4 -O output - source compiled test
FAIL: N19990310_4 output - gij test
FAIL: N19990310_4 -O output - bytecode->native test
FAIL: N19990310_5 output - source compiled test
FAIL: N19990310_5 output - gij test
FAIL: N19990310_5 output - bytecode->native test
FAIL: N19990310_5 -O output - source compiled test
FAIL: N19990310_5 output - gij test
FAIL: N19990310_5 -O output - bytecode->native test
FAIL: PR141 output - source compiled test
FAIL: PR141 output - gij test
FAIL: PR141 output - bytecode->native test
FAIL: PR141 -O output - source compiled test
FAIL: PR141 output - gij test
FAIL: PR141 -O output - bytecode->native test
FAIL: PR160 output - source compiled test
FAIL: PR160 output - gij test
FAIL: PR160 output - bytecode->native test
FAIL: PR160 -O output - source compiled test
FAIL: PR160 output - gij test
FAIL: PR160 -O output - bytecode->native test
FAIL: PR162 output - source compiled test
FAIL: PR162 output - gij test
FAIL: PR162 output - bytecode->native test
FAIL: PR162 -O output - source compiled test
FAIL: PR162 output - gij test
FAIL: PR162 -O output - bytecode->native test
FAIL: PR218 output - source compiled test
FAIL: PR218 output - gij test
FAIL: PR218 output - bytecode->native test
FAIL: PR218 -O output - source compiled test
FAIL: PR218 output - gij test
FAIL: PR218 -O output - bytecode->native test
FAIL: PR242 output - source compiled test
FAIL: PR242 output - gij test
FAIL: PR242 output - bytecode->native test
FAIL: PR242 -O output - source compiled test
FAIL: PR242 output - gij test
FAIL: PR242 -O output - bytecode->native test
FAIL: PR260 output - source compiled test
FAIL: PR260 output - gij test
FAIL: PR260 output - bytecode->native test
FAIL: PR260 -O output - source compiled test
FAIL: PR260 output - gij test
FAIL: PR260 -O output - bytecode->native test
FAIL: PR3096 output - source compiled test
FAIL: PR3096 output - gij test
WARNING: program timed out.
FAIL: SyncTest execution - gij test
WARNING: program timed out.
FAIL: SyncTest execution - bytecode->native test
WARNING: program timed out.
FAIL: SyncTest execution - gij test
WARNING: program timed out.
FAIL: SyncTest -O execution - bytecode->native test
FAIL: anonarray3 output - gij test
FAIL: anonarray3 output - bytecode->native test
FAIL: anonarray3 -O output - source compiled test
FAIL: anonarray3 output - gij test
FAIL: anonarray3 -O output - bytecode->native test
FAIL: direct_read output - source compiled test
FAIL: direct_read output - gij test
FAIL: direct_read output - bytecode->native test
FAIL: direct_read -O output - source compiled test
FAIL: direct_read output - gij test
FAIL: direct_read -O output - bytecode->native test
FAIL: direct_write output - source compiled test
FAIL: direct_write output - gij test
FAIL: direct_write output - bytecode->native test
FAIL: direct_write -O output - source compiled test
FAIL: direct_write output - gij test
FAIL: direct_write -O output - bytecode->native test
FAIL: emptystring output - source compiled test
FAIL: emptystring output - gij test
FAIL: emptystring output - bytecode->native test
FAIL: emptystring -O output - source compiled test
FAIL: emptystring output - gij test
FAIL: emptystring -O output - bytecode->native test
FAIL: err1 output - source compiled test
FAIL: err1 output - gij test
FAIL: err1 output - bytecode->native test
FAIL: err1 -O output - source compiled test
FAIL: err1 output - gij test
FAIL: err1 -O output - bytecode->native test
FAIL: err10 output - source compiled test
FAIL: err10 output - gij test
FAIL: err10 output - bytecode->native test
FAIL: err10 -O output - source compiled test
FAIL: err10 output - gij test
FAIL: err10 -O output - bytecode->native test
FAIL: err11 output - source compiled test
FAIL: err11 output - gij test
FAIL: err11 output - bytecode->native test
FAIL: err11 -O output - source compiled test
FAIL: err11 output - gij test
FAIL: err11 -O output - bytecode->native test
FAIL: err12 output - source compiled test
FAIL: err12 output - gij test
FAIL: err12 output - bytecode->native test
FAIL: err12 -O output - source compiled test
FAIL: err12 output - gij test
FAIL: err12 -O output - bytecode->native test
FAIL: err13 output - source compiled test
FAIL: err13 output - gij test
FAIL: err13 output - bytecode->native test
FAIL: err13 -O output - source compiled test
FAIL: err13 output - gij test
FAIL: err13 -O output - bytecode->native test
FAIL: err2 output - source compiled test
FAIL: err2 output - gij test
FAIL: err2 output - bytecode->native test
FAIL: err2 -O output - source compiled test
FAIL: err2 output - gij test
FAIL: err2 -O output - bytecode->native test
FAIL: err3 output - source compiled test
FAIL: err3 output - gij test
FAIL: err3 output - bytecode->native test
FAIL: err3 -O output - source compiled test
FAIL: err3 output - gij test
FAIL: err3 -O output - bytecode->native test
FAIL: err4 output - source compiled test
FAIL: err4 output - gij test
FAIL: err4 output - bytecode->native test
FAIL: err4 -O output - source compiled test
FAIL: err4 output - gij test
FAIL: err4 -O output - bytecode->native test
FAIL: err5 output - source compiled test
FAIL: err5 output - gij test
FAIL: err5 output - bytecode->native test
FAIL: err5 -O output - source compiled test
FAIL: err5 output - gij test
FAIL: err5 -O output - bytecode->native test
FAIL: err6 output - source compiled test
FAIL: err6 output - gij test
FAIL: err6 output - bytecode->native test
FAIL: err6 -O output - source compiled test
FAIL: err6 output - gij test
FAIL: err6 -O output - bytecode->native test
FAIL: err7 output - source compiled test
FAIL: err7 output - gij test
FAIL: err7 output - bytecode->native test
FAIL: err7 -O output - source compiled test
FAIL: err7 output - gij test
FAIL: err7 -O output - bytecode->native test
FAIL: err8 output - source compiled test
FAIL: err8 output - gij test
FAIL: err8 output - bytecode->native test
FAIL: err8 -O output - source compiled test
FAIL: err8 output - gij test
FAIL: err8 -O output - bytecode->native test
FAIL: err9 output - source compiled test
FAIL: err9 output - gij test
FAIL: err9 output - bytecode->native test
FAIL: err9 -O output - source compiled test
FAIL: err9 output - gij test
FAIL: err9 -O output - bytecode->native test
FAIL: final_inner output - source compiled test
FAIL: final_inner output - gij test
FAIL: final_inner output - bytecode->native test
FAIL: final_inner -O output - source compiled test
FAIL: final_inner output - gij test
FAIL: final_inner -O output - bytecode->native test
FAIL: final_int output - source compiled test
FAIL: final_int output - gij test
FAIL: final_int output - bytecode->native test
FAIL: final_int -O output - source compiled test
FAIL: final_int output - gij test
FAIL: final_int -O output - bytecode->native test
FAIL: final_static_and_friend output - source compiled test
FAIL: final_static_and_friend output - gij test
FAIL: final_static_and_friend output - bytecode->native test
FAIL: final_static_and_friend -O output - source compiled test
FAIL: final_static_and_friend output - gij test
FAIL: final_static_and_friend -O output - bytecode->native test
FAIL: indirect output - source compiled test
FAIL: indirect output - gij test
FAIL: indirect output - bytecode->native test
FAIL: indirect -O output - source compiled test
FAIL: indirect output - gij test
FAIL: indirect -O output - bytecode->native test
FAIL: initexc output - gij test
FAIL: initexc output - bytecode->native test
FAIL: initexc -O output - source compiled test
FAIL: initexc output - gij test
FAIL: initexc -O output - bytecode->native test
FAIL: inline output - source compiled test
FAIL: inline output - gij test
FAIL: inline output - bytecode->native test
FAIL: inline -O output - source compiled test
FAIL: inline output - gij test
FAIL: inline -O output - bytecode->native test
FAIL: inner1 output - source compiled test
FAIL: inner1 output - gij test
FAIL: inner1 output - bytecode->native test
FAIL: inner1 -O output - source compiled test
FAIL: inner1 output - gij test
FAIL: inner1 -O output - bytecode->native test
FAIL: inner2 output - source compiled test
FAIL: inner2 output - gij test
FAIL: inner2 output - bytecode->native test
FAIL: pr8823 compilation from bytecode
FAIL: pr8823 -O compilation from bytecode
FAIL: private_direct_read output - bytecode->native test
=== libjava Summary ===
# of expected passes 2633
# of unexpected failures 286
# of expected failures 14
# of untested testcases 16
=== libstdc++-v3 tests ===
Running target unix
XPASS: 22_locale/ctype_is_char.cc execution test
XPASS: 22_locale/ctype_is_wchar_t.cc execution test
XPASS: 22_locale/members.cc execution test
XPASS: 22_locale/messages_byname.cc execution test
XPASS: 22_locale/messages_members_char.cc execution test
XPASS: 22_locale/money_get_members_char.cc execution test
XPASS: 22_locale/money_get_members_wchar_t.cc execution test
XPASS: 22_locale/money_put_members_char.cc execution test
XPASS: 22_locale/money_put_members_wchar_t.cc execution test
XPASS: 22_locale/moneypunct_byname.cc execution test
XPASS: 22_locale/moneypunct_members_char.cc execution test
XPASS: 22_locale/moneypunct_members_wchar_t.cc execution test
XPASS: 22_locale/num_get_members_char.cc execution test
XPASS: 22_locale/num_get_members_wchar_t.cc execution test
XPASS: 22_locale/num_put_members_char.cc execution test
XPASS: 22_locale/num_put_members_wchar_t.cc execution test
XPASS: 22_locale/numpunct_byname.cc execution test
XPASS: 22_locale/numpunct_members_char.cc execution test
XPASS: 22_locale/numpunct_members_wchar_t.cc execution test
XPASS: 22_locale/time_get_members_char.cc execution test
XPASS: 22_locale/time_get_members_wchar_t.cc execution test
XPASS: 22_locale/time_put_members_char.cc execution test
XPASS: 22_locale/time_put_members_wchar_t.cc execution test
FAIL: 26_numerics/c99_classification_macros_c.cc (test for excess errors)
=== libstdc++-v3 Summary ===
# of expected passes 439
# of unexpected failures 1
# of unexpected successes 23
# of expected failures 4
Compiler version: 3.4 20030107 (experimental)
Platform: i686-pc-linux-gnu
configure flags: --prefix /usr/localdisk/gcc-trunk --with-as=/usr/localdisk/binutils-2.13.1/bin/as --with-ld=/usr/localdisk/binutils-2.13.1/bin/ld