This is the mail archive of the
gcc-testresults@gcc.gnu.org
mailing list for the GCC project.
Results for 3.2.1 20020924 (Debian prerelease) testsuite on s390-ibm-linux-gnu
- From: Matthias Klose <doko at auric dot debian dot org>
- To: gcc-testresults at gcc dot gnu dot org
- Cc: debian-gcc at lists dot debian dot org
- Date: Sun, 05 Jan 2003 17:55:24 -0500
- Subject: Results for 3.2.1 20020924 (Debian prerelease) testsuite on s390-ibm-linux-gnu
LAST_UPDATED: Tue Sep 24 07:36:40 UTC 2002
Native configuration is s390-ibm-linux-gnu
=== g++ tests ===
Running target unix
=== g++ Summary ===
# of expected passes 7249
# of expected failures 88
# of untested testcases 23
# of unsupported tests 6
/build/buildd/gcc-3.2-3.2.1ds2/build/gcc/testsuite/../g++ version 3.2.1 20020924 (Debian prerelease)
=== g77 tests ===
Running target unix
=== g77 Summary ===
# of expected passes 1452
# of unsupported tests 8
/build/buildd/gcc-3.2-3.2.1ds2/build/gcc/testsuite/../g77 version 3.2.1 20020924 (Debian prerelease)
=== gcc tests ===
Running target unix
FAIL: gcc.dg/debug/debug-1.c scan-assembler xyzzy
FAIL: gcc.dg/debug/debug-1.c scan-assembler xyzzy
FAIL: gcc.dg/debug/debug-1.c scan-assembler xyzzy
FAIL: gcc.dg/debug/debug-1.c scan-assembler xyzzy
FAIL: gcc.dg/debug/debug-2.c scan-assembler xyzzy
FAIL: gcc.dg/debug/debug-2.c scan-assembler xyzzy
FAIL: gcc.dg/debug/debug-2.c scan-assembler xyzzy
FAIL: gcc.dg/debug/debug-2.c scan-assembler xyzzy
FAIL: gcc.dg/typeof-2.c scan-assembler baz3.*baz3.*baz3.*baz3.*baz3.*baz3
=== gcc Summary ===
# of expected passes 18470
# of unexpected failures 9
# of expected failures 66
# of unsupported tests 117
/build/buildd/gcc-3.2-3.2.1ds2/build/gcc/xgcc version 3.2.1 20020924 (Debian prerelease)
=== objc tests ===
Running target unix
=== objc Summary ===
# of expected passes 1035
# of expected failures 6
/build/buildd/gcc-3.2-3.2.1ds2/build/gcc/xgcc version 3.2.1 20020924 (Debian prerelease)
=== libjava tests ===
Running target unix
=== libjava Summary ===
# of expected passes 2075
# of expected failures 18
# of untested testcases 14
=== libstdc++-v3 tests ===
Running target unix
XPASS: 22_locale/ctype_is_wchar_t.cc execution test
FAIL: 26_numerics/c99_classification_macros_c.cc (test for excess errors)
=== libstdc++-v3 Summary ===
# of expected passes 408
# of unexpected failures 1
# of unexpected successes 1
# of expected failures 25
Compiler version: 3.2.1 20020924 (Debian prerelease)
Platform: s390-ibm-linux-gnu
configure flags: --host=s390-linux -v --enable-languages=c,c++,java,f77,proto,objc,ada --prefix=/usr --mandir=/usr/share/man --infodir=/usr/share/info --with-gxx-include-dir=/usr/include/c++/3.2 --enable-shared --with-system-zlib --enable-nls --without-included-gettext --enable-java-gc=boehm --enable-objc-gc
BOOT_CFLAGS=-O2
Counting all warnings,
there are 292 warnings in stage3 of this bootstrap.
Number of warnings per file:
223 SYSCALLS.c
18 gcc/combine.c
10 gcc/regclass.c
6 gcc/config/s390/s390.c
6 gcc/config/s390/fixdfdi.h
4 ./intdoc.texi
2 gcc/libgcc2.h
2 gcc/gcc.c
2 gcc/fold-const.c
2 gcc/crtstuff.c
2 gcc/builtins.c
2 gcc/ada/a-except.adb
1 gcc/sched-deps.c
1 gcc/reload.c
1 gcc/profile.c
1 gcc/objc/lang-specs.h
1 gcc/java/jvspec.c
1 gcc/ggc-page.c
1 gcc/function.c
1 gcc/emit-rtl.c
1 gcc/cp/lang-specs.h
1 gcc/cp/init.c
1 gcc/cp/class.c
1 gcc/alias.c
1 gcc/ada/adaint.c
Number of warning types:
224 function declaration isn't a prototype
30 comparison between signed and unsigned
7 `???' might be used uninitialized in this function
5 string length `???' is greater than the length `???' ISO C89 compilers are required to support
4 no previous prototype for `???'
3 signed and unsigned type in conditional expression
2 unused variable `???'
2 unlikely character ) in @var.
2 unlikely character ( in @var.
2 this is the location of the previous definition
2 `???' of unmatched not-equal tests is always 1
2 `???' defined but not used
1 unused parameter `???'
1 pointer/integer type mismatch in conditional expression
1 pointer targets in passing arg ??? of `???' differ in signedness
1 implicit declaration of function `???'
1 `__fixsfdi' redefined
1 `__fixdfdi' redefined
1 ??? format, ??? arg (arg ???)