This is the mail archive of the
gcc-testresults@gcc.gnu.org
mailing list for the GCC project.
Results for 3.2.1 20020924 (Debian prerelease) testsuite on mips-mips-linux-gnu
- From: Matthias Klose <doko at auric dot debian dot org>
- To: gcc-testresults at gcc dot gnu dot org
- Cc: debian-gcc at lists dot debian dot org
- Date: Sun, 05 Jan 2003 17:55:24 -0500
- Subject: Results for 3.2.1 20020924 (Debian prerelease) testsuite on mips-mips-linux-gnu
LAST_UPDATED: Tue Sep 24 07:36:40 UTC 2002
Native configuration is mips-mips-linux-gnu
=== g++ tests ===
Running target unix
FAIL: g++.dg/debug/debug4.C (test for excess errors)
FAIL: g++.dg/debug/debug4.C (test for excess errors)
FAIL: g++.dg/debug/debug4.C (test for excess errors)
FAIL: g++.dg/debug/debug4.C (test for excess errors)
FAIL: g++.dg/debug/debug4.C (test for excess errors)
FAIL: g++.dg/debug/debug4.C (test for excess errors)
FAIL: g++.dg/debug/debug4.C (test for excess errors)
FAIL: g++.dg/debug/debug4.C (test for excess errors)
FAIL: g++.dg/debug/debug4.C (test for excess errors)
FAIL: g++.dg/debug/trivial.C (test for excess errors)
WARNING: g++.dg/debug/trivial.C compilation failed to produce executable
FAIL: g++.dg/debug/trivial.C (test for excess errors)
WARNING: g++.dg/debug/trivial.C compilation failed to produce executable
FAIL: g++.dg/debug/trivial.C (test for excess errors)
WARNING: g++.dg/debug/trivial.C compilation failed to produce executable
FAIL: g++.dg/debug/trivial.C (test for excess errors)
WARNING: g++.dg/debug/trivial.C compilation failed to produce executable
FAIL: g++.dg/debug/trivial.C (test for excess errors)
WARNING: g++.dg/debug/trivial.C compilation failed to produce executable
FAIL: g++.dg/debug/trivial.C (test for excess errors)
WARNING: g++.dg/debug/trivial.C compilation failed to produce executable
FAIL: g++.dg/debug/trivial.C (test for excess errors)
WARNING: g++.dg/debug/trivial.C compilation failed to produce executable
FAIL: g++.dg/debug/trivial.C (test for excess errors)
WARNING: g++.dg/debug/trivial.C compilation failed to produce executable
FAIL: g++.dg/debug/trivial.C (test for excess errors)
WARNING: g++.dg/debug/trivial.C compilation failed to produce executable
FAIL: g++.dg/opt/longbranch1.C (test for excess errors)
XPASS: g++.law/profile1.C (test for excess errors)
XPASS: g++.law/profile1.C Execution test
=== g++ Summary ===
# of expected passes 7298
# of unexpected failures 19
# of unexpected successes 2
# of expected failures 90
# of untested testcases 23
# of unsupported tests 6
/build/buildd/gcc-3.2-3.2.1ds2/build/gcc/testsuite/../g++ version 3.2.1 20020924 (Debian prerelease)
=== g77 tests ===
Running target unix
=== g77 Summary ===
# of expected passes 1452
# of unsupported tests 8
/build/buildd/gcc-3.2-3.2.1ds2/build/gcc/testsuite/../g77 version 3.2.1 20020924 (Debian prerelease)
=== gcc tests ===
Running target unix
FAIL: gcc.c-torture/compile/20001226-1.c, -O0
WARNING: program timed out.
FAIL: gcc.c-torture/compile/20001226-1.c, -O2
WARNING: program timed out.
FAIL: gcc.c-torture/compile/20001226-1.c, -O3 -g
WARNING: program timed out.
FAIL: gcc.c-torture/compile/20001226-1.c, -Os
FAIL: gcc.c-torture/execute/20010122-1.c execution, -O0
FAIL: gcc.c-torture/execute/20010122-1.c execution, -O1
FAIL: gcc.c-torture/execute/20010122-1.c execution, -O2
FAIL: gcc.c-torture/execute/20010122-1.c execution, -O3 -fomit-frame-pointer
FAIL: gcc.c-torture/execute/20010122-1.c execution, -O3 -fomit-frame-pointer -funroll-loops
FAIL: gcc.c-torture/execute/20010122-1.c execution, -O3 -fomit-frame-pointer -funroll-all-loops -finline-functions
FAIL: gcc.c-torture/execute/20010122-1.c execution, -O3 -g
FAIL: gcc.c-torture/execute/20010122-1.c execution, -Os
FAIL: gcc.c-torture/execute/20020307-2.c compilation, -O0
UNRESOLVED: gcc.c-torture/execute/20020307-2.c execution, -O0
FAIL: gcc.c-torture/execute/20020307-2.c compilation, -O1
UNRESOLVED: gcc.c-torture/execute/20020307-2.c execution, -O1
FAIL: gcc.c-torture/execute/20020307-2.c compilation, -O2
UNRESOLVED: gcc.c-torture/execute/20020307-2.c execution, -O2
FAIL: gcc.c-torture/execute/20020307-2.c compilation, -O3 -fomit-frame-pointer
UNRESOLVED: gcc.c-torture/execute/20020307-2.c execution, -O3 -fomit-frame-pointer
FAIL: gcc.c-torture/execute/20020307-2.c compilation, -O3 -fomit-frame-pointer -funroll-loops
UNRESOLVED: gcc.c-torture/execute/20020307-2.c execution, -O3 -fomit-frame-pointer -funroll-loops
FAIL: gcc.c-torture/execute/20020307-2.c compilation, -O3 -fomit-frame-pointer -funroll-all-loops -finline-functions
UNRESOLVED: gcc.c-torture/execute/20020307-2.c execution, -O3 -fomit-frame-pointer -funroll-all-loops -finline-functions
FAIL: gcc.c-torture/execute/20020307-2.c compilation, -O3 -g
UNRESOLVED: gcc.c-torture/execute/20020307-2.c execution, -O3 -g
FAIL: gcc.c-torture/execute/20020307-2.c compilation, -Os
UNRESOLVED: gcc.c-torture/execute/20020307-2.c execution, -Os
FAIL: gcc.c-torture/execute/va-arg-22.c execution, -O1
FAIL: gcc.dg/cpp/assert_trad1.c (test for excess errors)
FAIL: gcc.dg/cpp/assert_trad2.c (test for excess errors)
FAIL: gcc.dg/cpp/assert_trad3.c (test for excess errors)
FAIL: gcc.dg/cpp/defined_trad.c (test for excess errors)
FAIL: gcc.dg/cpp/hash2.c (test for excess errors)
FAIL: gcc.dg/cpp/tr-define.c (test for excess errors)
FAIL: gcc.dg/cpp/tr-direct.c (test for excess errors)
FAIL: gcc.dg/cpp/tr-paste.c (test for excess errors)
FAIL: gcc.dg/cpp/tr-str.c (test for excess errors)
FAIL: gcc.dg/cpp/uchar-2.c (test for excess errors)
FAIL: gcc.dg/debug/20020220-1.c (test for excess errors)
WARNING: gcc.dg/debug/20020220-1.c compilation failed to produce executable
FAIL: gcc.dg/debug/20020220-1.c (test for excess errors)
WARNING: gcc.dg/debug/20020220-1.c compilation failed to produce executable
FAIL: gcc.dg/debug/20020220-1.c (test for excess errors)
WARNING: gcc.dg/debug/20020220-1.c compilation failed to produce executable
FAIL: gcc.dg/debug/20020220-1.c (test for excess errors)
WARNING: gcc.dg/debug/20020220-1.c compilation failed to produce executable
FAIL: gcc.dg/debug/20020220-1.c (test for excess errors)
WARNING: gcc.dg/debug/20020220-1.c compilation failed to produce executable
FAIL: gcc.dg/debug/20020220-1.c (test for excess errors)
WARNING: gcc.dg/debug/20020220-1.c compilation failed to produce executable
FAIL: gcc.dg/debug/20020220-1.c (test for excess errors)
WARNING: gcc.dg/debug/20020220-1.c compilation failed to produce executable
FAIL: gcc.dg/debug/20020220-1.c (test for excess errors)
WARNING: gcc.dg/debug/20020220-1.c compilation failed to produce executable
FAIL: gcc.dg/debug/20020220-1.c (test for excess errors)
WARNING: gcc.dg/debug/20020220-1.c compilation failed to produce executable
FAIL: gcc.dg/debug/20020327-1.c (test for excess errors)
FAIL: gcc.dg/debug/20020327-1.c (test for excess errors)
FAIL: gcc.dg/debug/20020327-1.c (test for excess errors)
FAIL: gcc.dg/debug/20020327-1.c (test for excess errors)
FAIL: gcc.dg/debug/20020327-1.c (test for excess errors)
FAIL: gcc.dg/debug/20020327-1.c (test for excess errors)
FAIL: gcc.dg/debug/20020327-1.c (test for excess errors)
FAIL: gcc.dg/debug/20020327-1.c (test for excess errors)
FAIL: gcc.dg/debug/20020327-1.c (test for excess errors)
FAIL: gcc.dg/debug/trivial.c (test for excess errors)
WARNING: gcc.dg/debug/trivial.c compilation failed to produce executable
FAIL: gcc.dg/debug/trivial.c (test for excess errors)
WARNING: gcc.dg/debug/trivial.c compilation failed to produce executable
FAIL: gcc.dg/debug/trivial.c (test for excess errors)
WARNING: gcc.dg/debug/trivial.c compilation failed to produce executable
FAIL: gcc.dg/debug/trivial.c (test for excess errors)
WARNING: gcc.dg/debug/trivial.c compilation failed to produce executable
FAIL: gcc.dg/debug/trivial.c (test for excess errors)
WARNING: gcc.dg/debug/trivial.c compilation failed to produce executable
FAIL: gcc.dg/debug/trivial.c (test for excess errors)
WARNING: gcc.dg/debug/trivial.c compilation failed to produce executable
FAIL: gcc.dg/debug/trivial.c (test for excess errors)
WARNING: gcc.dg/debug/trivial.c compilation failed to produce executable
FAIL: gcc.dg/debug/trivial.c (test for excess errors)
WARNING: gcc.dg/debug/trivial.c compilation failed to produce executable
FAIL: gcc.dg/debug/trivial.c (test for excess errors)
WARNING: gcc.dg/debug/trivial.c compilation failed to produce executable
FAIL: gcc.dg/asm-fs-1.c scan-assembler-not \\*_bar
FAIL: gcc.dg/asm-fs-1.c scan-assembler-not \\*_baz
FAIL: gcc.dg/ext-glob.c (test for excess errors)
FAIL: gcc.dg/special/gcsec-1.c (test for excess errors)
=== gcc Summary ===
# of expected passes 18562
# of unexpected failures 62
# of expected failures 66
# of unresolved testcases 8
# of unsupported tests 117
/build/buildd/gcc-3.2-3.2.1ds2/build/gcc/xgcc version 3.2.1 20020924 (Debian prerelease)
=== objc tests ===
Running target unix
=== objc Summary ===
# of expected passes 1035
# of expected failures 6
/build/buildd/gcc-3.2-3.2.1ds2/build/gcc/xgcc version 3.2.1 20020924 (Debian prerelease)
=== libstdc++-v3 tests ===
Running target unix
FAIL: 18_support/numeric_limits.cc execution test
FAIL: 26_numerics/c99_classification_macros_c.cc (test for excess errors)
WARNING: program timed out.
FAIL: thread/pthread5.cc execution test
FAIL: thread/pthread6.cc execution test
=== libstdc++-v3 Summary ===
# of expected passes 405
# of unexpected failures 4
# of expected failures 26
Compiler version: 3.2.1 20020924 (Debian prerelease)
Platform: mips-mips-linux-gnu
configure flags: --host=mips-linux -v --enable-languages=c,c++,f77,proto,objc,ada --prefix=/usr --mandir=/usr/share/man --infodir=/usr/share/info --with-gxx-include-dir=/usr/include/c++/3.2 --enable-shared --with-system-zlib --enable-nls --without-included-gettext --enable-objc-gc
BOOT_CFLAGS=-O2
Counting all warnings,
there are 290 warnings in stage3 of this bootstrap.
Number of warnings per file:
223 SYSCALLS.c
18 gcc/combine.c
11 gcc/config/mips/mips.md
6 gcc/loop.c
4 gcc/reload.c
4 gcc/gcc.c
4 ./intdoc.texi
3 gcc/regclass.c
2 gcc/fold-const.c
2 gcc/crtstuff.c
2 gcc/ada/misc.c
2 gcc/ada/a-except.adb
1 gcc/varasm.c
1 gcc/sdbout.c
1 gcc/sched-deps.c
1 gcc/profile.c
1 gcc/objc/lang-specs.h
1 gcc/cp/lang-specs.h
1 gcc/cp/init.c
1 gcc/cp/class.c
1 gcc/ada/adaint.c
Number of warning types:
224 function declaration isn't a prototype
30 comparison between signed and unsigned
6 string length `???' is greater than the length `???' ISO C89 compilers are required to support
6 operand 1 missing mode?
5 operand 0 missing mode?
3 signed and unsigned type in conditional expression
3 `???' defined but not used
2 unused variable `???'
2 unlikely character ) in @var.
2 unlikely character ( in @var.
2 implicit declaration of function `???'
2 `???' might be used uninitialized in this function
1 unused parameter `???'
1 pointer targets in passing arg ??? of `???' differ in signedness
1 assignment discards qualifiers from pointer target type