This is the mail archive of the
gcc-testresults@gcc.gnu.org
mailing list for the GCC project.
Results for 3.4 20030101 (experimental) testsuite on i686-pc-linux-gnu
- From: Neil Booth <neil at daikokuya dot demon dot co dot uk>
- To: gcc-testresults at gcc dot gnu dot org
- Date: Thu, 02 Jan 2003 18:58:58 +0000
- Subject: Results for 3.4 20030101 (experimental) testsuite on i686-pc-linux-gnu
Native configuration is i686-pc-linux-gnu
=== gcc tests ===
Running target unix
FAIL: gcc.c-torture/execute/builtin-constant.c execution, -O1
FAIL: gcc.c-torture/execute/builtin-constant.c execution, -O2
FAIL: gcc.c-torture/execute/builtin-constant.c execution, -O3 -fomit-frame-pointer
FAIL: gcc.c-torture/execute/builtin-constant.c execution, -O3 -g
FAIL: gcc.c-torture/execute/builtin-constant.c execution, -Os
FAIL: gcc.dg/duff-2.c (test for excess errors)
=== gcc Summary ===
# of expected passes 20824
# of unexpected failures 6
# of expected failures 59
# of unsupported tests 76
/home/neil/src/gcc/build/gcc/xgcc version 3.4 20030101 (experimental)
=== g++ tests ===
Running target unix
FAIL: g++.dg/warn/Wunused-2.C (test for warnings, line 5)
XPASS: g++.bugs/900404_04.C , (test for errors, line 15)
XPASS: g++.jason/access8.C cannot convert to inh (test for errors, line 28)
XPASS: g++.other/decl5.C ::Q not a member of B (test for errors, line 34)
=== g++ Summary ===
# of expected passes 8118
# of unexpected failures 1
# of unexpected successes 3
# of expected failures 72
# of untested testcases 9
# of unsupported tests 3
/home/neil/src/gcc/build/gcc/testsuite/../g++ version 3.4 20030101 (experimental)
=== objc tests ===
Running target unix
=== objc Summary ===
# of expected passes 1153
/home/neil/src/gcc/build/gcc/xgcc version 3.4 20030101 (experimental)
=== libstdc++-v3 tests ===
Running target unix
XPASS: 22_locale/ctype_is_wchar_t.cc execution test
FAIL: 26_numerics/c99_classification_macros_c.cc (test for excess errors)
WARNING: program timed out.
FAIL: thread/pthread4.cc execution test
=== libstdc++-v3 Summary ===
# of expected passes 418
# of unexpected failures 2
# of unexpected successes 1
# of expected failures 26
Compiler version: 3.4 20030101 (experimental)
Platform: i686-pc-linux-gnu