This is the mail archive of the
gcc-testresults@gcc.gnu.org
mailing list for the GCC project.
Results for 3.4 20021218 (experimental) testsuite on sparc-sun-solaris2.9
- From: "Christian Ehrhardt" <ehrhardt at mathematik dot uni-ulm dot de>
- To: gcc-testresults at gcc dot gnu dot org
- Date: 18 Dec 2002 19:59:59 -0000
- Subject: Results for 3.4 20021218 (experimental) testsuite on sparc-sun-solaris2.9
LAST_UPDATED:
Native configuration is sparc-sun-solaris2.9
=== g++ tests ===
Running target unix
FAIL: g++.dg/compat/break/bitfield7 y_tst.o compile
UNRESOLVED: g++.dg/compat/break/bitfield7 x_tst.o-y_tst.o link
UNRESOLVED: g++.dg/compat/break/bitfield7 x_tst.o-y_tst.o execute
FAIL: g++.dg/warn/Wunused-2.C (test for warnings, line 5)
XPASS: g++.dg/special/conpr-2.C execution test
XPASS: g++.dg/special/initp1.C execution test
FAIL: g++.law/casts3.C .* (test for errors, line 9)
FAIL: g++.law/casts3.C (test for excess errors)
=== g++ Summary ===
# of expected passes 7827
# of unexpected failures 4
# of unexpected successes 2
# of expected failures 90
# of unresolved testcases 2
# of untested testcases 21
# of unsupported tests 15
/home/thales/ehrhardt/gcc-3.4-cvs/build/gcc/testsuite/../g++ version 3.4 20021218 (experimental)
=== gcc tests ===
Running target unix
FAIL: gcc.c-torture/execute/builtin-constant.c execution, -O1
FAIL: gcc.c-torture/execute/builtin-constant.c execution, -O2
FAIL: gcc.c-torture/execute/builtin-constant.c execution, -O3 -fomit-frame-pointer
FAIL: gcc.c-torture/execute/builtin-constant.c execution, -O3 -g
FAIL: gcc.c-torture/execute/builtin-constant.c execution, -Os
WARNING: gcc.dg/20021014-1.c compilation failed to produce executable
FAIL: gcc.dg/duff-2.c (test for excess errors)
=== gcc Summary ===
# of expected passes 20958
# of unexpected failures 6
# of expected failures 62
# of unsupported tests 158
/home/thales/ehrhardt/gcc-3.4-cvs/build/gcc/xgcc version 3.4 20021218 (experimental)
=== libstdc++-v3 tests ===
Running target unix
XPASS: 22_locale/collate_members_wchar_t.cc execution test
XPASS: 22_locale/ctype_is_wchar_t.cc execution test
XPASS: 22_locale/money_get_members_wchar_t.cc execution test
XPASS: 22_locale/money_put_members_wchar_t.cc execution test
XPASS: 22_locale/moneypunct_members_wchar_t.cc execution test
XPASS: 22_locale/num_get_members_wchar_t.cc execution test
XPASS: 22_locale/num_put_members_wchar_t.cc execution test
XPASS: 22_locale/numpunct_members_wchar_t.cc execution test
XPASS: 22_locale/time_get_members_wchar_t.cc execution test
XPASS: 22_locale/time_put_members_wchar_t.cc execution test
FAIL: 27_io/istream_extractor_arith.cc execution test
=== libstdc++-v3 Summary ===
# of expected passes 417
# of unexpected failures 1
# of unexpected successes 10
# of expected failures 17
Compiler version: 3.4 20021218 (experimental)
Platform: sparc-sun-solaris2.9
configure flags: --host=sparc-sun-solaris2.9 --with-ld=/usr/local/bin/ld --with-as=/usr/local/bin/as --with-gnu-ld --with-gnu-as --disable-nls --enable-checking --prefix=/home/thales/ehrhardt/gcc-3.2-cvs/install/ --enable-languages=c,c++ --disable-libffi