This is the mail archive of the
gcc-testresults@gcc.gnu.org
mailing list for the GCC project.
Results for 3.4 20021217 (experimental) testsuite on s390-ibm-linux-gnu
- From: "Ulrich Weigand" <Ulrich dot Weigand at de dot ibm dot com>
- To: gcc-testresults at gcc dot gnu dot org
- Date: Wed, 18 Dec 2002 20:26:22 +0100
- Subject: Results for 3.4 20021217 (experimental) testsuite on s390-ibm-linux-gnu
- Sensitivity:
Native configuration is s390-ibm-linux-gnu
=== g++ tests ===
Running target unix
FAIL: g++.dg/compat/break/bitfield7 y_tst.o compile
UNRESOLVED: g++.dg/compat/break/bitfield7 x_tst.o-y_tst.o link
UNRESOLVED: g++.dg/compat/break/bitfield7 x_tst.o-y_tst.o execute
FAIL: g++.dg/warn/Wunused-2.C (test for warnings, line 5)
FAIL: g++.eh/terminate2.C Execution test
XPASS: g++.other/init5.C Execution test
=== g++ Summary ===
# of expected passes 7824
# of unexpected failures 3
# of unexpected successes 1
# of expected failures 89
# of unresolved testcases 2
# of untested testcases 23
# of unsupported tests 16
/mnt/dasdb1/fsf/gcc-head-build/gcc/testsuite/../g++ version 3.4 20021217 (experimental)
=== g77 tests ===
Running target unix
=== g77 Summary ===
# of expected passes 1638
# of unsupported tests 8
/mnt/dasdb1/fsf/gcc-head-build/gcc/testsuite/../g77 version 3.4 20021217 (experimental)
=== gcc tests ===
Running target unix
FAIL: gcc.c-torture/execute/builtin-constant.c execution, -O1
FAIL: gcc.c-torture/execute/builtin-constant.c execution, -O2
FAIL: gcc.c-torture/execute/builtin-constant.c execution, -O3 -fomit-frame-pointer
FAIL: gcc.c-torture/execute/builtin-constant.c execution, -O3 -g
FAIL: gcc.c-torture/execute/builtin-constant.c execution, -Os
FAIL: gcc.dg/debug/debug-1.c scan-assembler xyzzy
FAIL: gcc.dg/debug/debug-1.c scan-assembler xyzzy
FAIL: gcc.dg/debug/debug-1.c scan-assembler xyzzy
FAIL: gcc.dg/debug/debug-1.c scan-assembler xyzzy
FAIL: gcc.dg/debug/debug-2.c scan-assembler xyzzy
FAIL: gcc.dg/debug/debug-2.c scan-assembler xyzzy
FAIL: gcc.dg/debug/debug-2.c scan-assembler xyzzy
FAIL: gcc.dg/debug/debug-2.c scan-assembler xyzzy
FAIL: gcc.dg/duff-2.c (test for excess errors)
=== gcc Summary ===
# of expected passes 20497
# of unexpected failures 14
# of expected failures 64
# of unsupported tests 163
/mnt/dasdb1/fsf/gcc-head-build/gcc/xgcc version 3.4 20021217 (experimental)
=== objc tests ===
Running target unix
=== objc Summary ===
# of expected passes 1153
/mnt/dasdb1/fsf/gcc-head-build/gcc/xgcc version 3.4 20021217 (experimental)
=== libjava tests ===
Running target unix
FAIL: PR1343 compilation from bytecode
FAIL: PR1343 -O compilation from bytecode
FAIL: calls run
WARNING: program timed out.
FAIL: cxxtest run
FAIL: field run
FAIL: final_method run
FAIL: findclass run
FAIL: invoke run
FAIL: martin run
FAIL: noclass run
FAIL: overload run
FAIL: register run
FAIL: simple_int run
FAIL: throwit run
FAIL: virtual run
WARNING: program timed out.
FAIL: SyncTest execution - gij test
WARNING: program timed out.
FAIL: SyncTest execution - bytecode->native test
WARNING: program timed out.
FAIL: SyncTest execution - gij test
WARNING: program timed out.
FAIL: SyncTest -O execution - bytecode->native test
FAIL: pr8823 execution - gij test
FAIL: pr8823 compilation from bytecode
FAIL: pr8823 execution - gij test
FAIL: pr8823 -O compilation from bytecode
=== libjava Summary ===
# of expected passes 2864
# of unexpected failures 23
# of expected failures 14
# of untested testcases 31
=== libstdc++-v3 tests ===
Running target unix
XPASS: 22_locale/collate_byname.cc execution test
XPASS: 22_locale/collate_members_char.cc execution test
XPASS: 22_locale/collate_members_wchar_t.cc execution test
XPASS: 22_locale/ctype_is_char.cc execution test
XPASS: 22_locale/members.cc execution test
XPASS: 22_locale/messages_byname.cc execution test
XPASS: 22_locale/messages_members_char.cc execution test
XPASS: 22_locale/money_get_members_char.cc execution test
XPASS: 22_locale/money_get_members_wchar_t.cc execution test
XPASS: 22_locale/money_put_members_char.cc execution test
XPASS: 22_locale/money_put_members_wchar_t.cc execution test
XPASS: 22_locale/moneypunct_byname.cc execution test
XPASS: 22_locale/moneypunct_members_char.cc execution test
XPASS: 22_locale/moneypunct_members_wchar_t.cc execution test
XPASS: 22_locale/num_get_members_char.cc execution test
XPASS: 22_locale/num_get_members_wchar_t.cc execution test
XPASS: 22_locale/num_put_members_char.cc execution test
XPASS: 22_locale/num_put_members_wchar_t.cc execution test
XPASS: 22_locale/numpunct_byname.cc execution test
XPASS: 22_locale/numpunct_members_char.cc execution test
XPASS: 22_locale/numpunct_members_wchar_t.cc execution test
XPASS: 22_locale/time_get_members_char.cc execution test
XPASS: 22_locale/time_get_members_wchar_t.cc execution test
XPASS: 22_locale/time_put_members_char.cc execution test
XPASS: 22_locale/time_put_members_wchar_t.cc execution test
FAIL: 26_numerics/c99_classification_macros_c.cc (test for excess errors)
=== libstdc++-v3 Summary ===
# of expected passes 417
# of unexpected failures 1
# of unexpected successes 25
# of expected failures 2
Compiler version: 3.4 20021217 (experimental)
Platform: s390-ibm-linux-gnu
configure flags: --host=s390-ibm-linux --enable-shared --enable-threads --enable-__cxa_atexit --prefix=/home/weigand/fsf/gcc-head-install