This is the mail archive of the
gcc-testresults@gcc.gnu.org
mailing list for the GCC project.
Results for 3.2.1 20021110 (prerelease) testsuite on powerpc-unknown-linux-gnu
- From: Franz Sirl <fsirl at entropy dot crashing dot org>
- To: gcc-testresults at gcc dot gnu dot org
- Date: Mon, 11 Nov 2002 03:38:41 -0700
- Subject: Results for 3.2.1 20021110 (prerelease) testsuite on powerpc-unknown-linux-gnu
Environment:
binutils-2.13.90.0.10
glibc-2.3.1
linux-2.4.20-pre5
Local modifications:
- reject hard regs in CSE for constant replacement
- fix for PR c/8467
LAST_UPDATED: Sun Nov 10 11:50:14 UTC 2002
Native configuration is powerpc-unknown-linux-gnu
=== g77 tests ===
Running target unix/-O2
FAIL: g77.dg/gcov/gcov-1.f gcov: 3 failures in line counts, 7 in branch percentages, 0 in return percentages
=== g77 Summary for unix/-O2 ===
# of expected passes 1451
# of unexpected failures 1
# of unsupported tests 8
Running target unix/-fpic
=== g77 Summary for unix/-fpic ===
# of expected passes 1452
# of unsupported tests 8
Running target unix/-fPIC
=== g77 Summary for unix/-fPIC ===
# of expected passes 1452
# of unsupported tests 8
Running target unix
=== g77 Summary for unix ===
# of expected passes 1452
# of unsupported tests 8
=== g77 Summary ===
# of expected passes 5807
# of unexpected failures 1
# of unsupported tests 32
/home/fsirl/obj/gcc32/gcc/testsuite/../g77 version 3.2.1 20021110 (prerelease)
=== gcc tests ===
Running target unix/-O2
FAIL: gcc.dg/20020103-1.c scan-assembler-not LC
FAIL: gcc.dg/20020118-1.c execution test
FAIL: gcc.misc-tests/gcov-4.c gcov: 3 failures in line counts
FAIL: gcc.misc-tests/gcov-4b.c gcov: 8 failures in branch percentages
=== gcc Summary for unix/-O2 ===
# of expected passes 18378
# of unexpected failures 4
# of expected failures 66
# of unsupported tests 107
Running target unix/-fpic
FAIL: gcc.dg/20020103-1.c scan-assembler-not LC
FAIL: gcc.dg/20020118-1.c execution test
=== gcc Summary for unix/-fpic ===
# of expected passes 18380
# of unexpected failures 2
# of expected failures 66
# of unsupported tests 107
Running target unix/-fPIC
FAIL: gcc.c-torture/compile/20011029-1.c, -O1
FAIL: gcc.c-torture/compile/20011029-1.c, -O2
FAIL: gcc.c-torture/compile/20011029-1.c, -O3 -fomit-frame-pointer
FAIL: gcc.c-torture/compile/20011029-1.c, -O3 -g
FAIL: gcc.c-torture/compile/20011029-1.c, -Os
FAIL: gcc.c-torture/execute/built-in-setjmp.c compilation, -O1
UNRESOLVED: gcc.c-torture/execute/built-in-setjmp.c execution, -O1
FAIL: gcc.c-torture/execute/built-in-setjmp.c compilation, -O2
UNRESOLVED: gcc.c-torture/execute/built-in-setjmp.c execution, -O2
FAIL: gcc.c-torture/execute/built-in-setjmp.c compilation, -O3 -fomit-frame-pointer
UNRESOLVED: gcc.c-torture/execute/built-in-setjmp.c execution, -O3 -fomit-frame-pointer
FAIL: gcc.c-torture/execute/built-in-setjmp.c compilation, -O3 -fomit-frame-pointer -funroll-loops
UNRESOLVED: gcc.c-torture/execute/built-in-setjmp.c execution, -O3 -fomit-frame-pointer -funroll-loops
FAIL: gcc.c-torture/execute/built-in-setjmp.c compilation, -O3 -fomit-frame-pointer -funroll-all-loops -finline-functions
UNRESOLVED: gcc.c-torture/execute/built-in-setjmp.c execution, -O3 -fomit-frame-pointer -funroll-all-loops -finline-functions
FAIL: gcc.c-torture/execute/built-in-setjmp.c compilation, -O3 -g
UNRESOLVED: gcc.c-torture/execute/built-in-setjmp.c execution, -O3 -g
FAIL: gcc.c-torture/execute/built-in-setjmp.c compilation, -Os
UNRESOLVED: gcc.c-torture/execute/built-in-setjmp.c execution, -Os
FAIL: gcc.dg/20020103-1.c scan-assembler-not LC
FAIL: gcc.dg/20020118-1.c execution test
=== gcc Summary for unix/-fPIC ===
# of expected passes 18361
# of unexpected failures 14
# of expected failures 66
# of unresolved testcases 7
# of unsupported tests 107
Running target unix
FAIL: gcc.dg/20020103-1.c scan-assembler-not LC
FAIL: gcc.dg/20020118-1.c execution test
=== gcc Summary for unix ===
# of expected passes 18380
# of unexpected failures 2
# of expected failures 66
# of unsupported tests 107
=== gcc Summary ===
# of expected passes 73499
# of unexpected failures 22
# of expected failures 264
# of unresolved testcases 7
# of unsupported tests 428
/home/fsirl/obj/gcc32/gcc/xgcc version 3.2.1 20021110 (prerelease)
=== g++ tests ===
Running target unix/-O2
XPASS: g++.other/init5.C Execution test
FAIL: g++.pt/repo3.C (test for excess errors)
=== g++ Summary for unix/-O2 ===
# of expected passes 7307
# of unexpected failures 1
# of unexpected successes 1
# of expected failures 88
# of untested testcases 23
# of unsupported tests 6
Running target unix/-fpic
XPASS: g++.other/init5.C Execution test
=== g++ Summary for unix/-fpic ===
# of expected passes 7308
# of unexpected successes 1
# of expected failures 88
# of untested testcases 23
# of unsupported tests 6
Running target unix/-fPIC
XPASS: g++.other/init5.C Execution test
=== g++ Summary for unix/-fPIC ===
# of expected passes 7308
# of unexpected successes 1
# of expected failures 88
# of untested testcases 23
# of unsupported tests 6
Running target unix
XPASS: g++.other/init5.C Execution test
=== g++ Summary for unix ===
# of expected passes 7308
# of unexpected successes 1
# of expected failures 88
# of untested testcases 23
# of unsupported tests 6
=== g++ Summary ===
# of expected passes 29231
# of unexpected failures 1
# of unexpected successes 4
# of expected failures 352
# of untested testcases 92
# of unsupported tests 24
/home/fsirl/obj/gcc32/gcc/testsuite/../g++ version 3.2.1 20021110 (prerelease)
=== objc tests ===
Running target unix/-O2
=== objc Summary for unix/-O2 ===
# of expected passes 1035
# of expected failures 6
Running target unix/-fpic
=== objc Summary for unix/-fpic ===
# of expected passes 1035
# of expected failures 6
Running target unix/-fPIC
=== objc Summary for unix/-fPIC ===
# of expected passes 1035
# of expected failures 6
Running target unix
=== objc Summary for unix ===
# of expected passes 1035
# of expected failures 6
=== objc Summary ===
# of expected passes 4140
# of expected failures 24
/home/fsirl/obj/gcc32/gcc/xgcc version 3.2.1 20021110 (prerelease)
=== libjava tests ===
Running target unix/-O2
FAIL: Array_3 execution from source compiled test
FAIL: Array_3 execution from bytecode->native test
FAIL: Array_3 -O execution from source compiled test
FAIL: Array_3 -O execution from bytecode->native test
=== libjava Summary for unix/-O2 ===
# of expected passes 2053
# of unexpected failures 4
# of expected failures 18
# of untested testcases 18
Running target unix/-fpic
FAIL: Array_3 execution from source compiled test
FAIL: Array_3 execution from bytecode->native test
FAIL: Array_3 -O execution from source compiled test
FAIL: Array_3 -O execution from bytecode->native test
=== libjava Summary for unix/-fpic ===
# of expected passes 2053
# of unexpected failures 4
# of expected failures 18
# of untested testcases 18
Running target unix/-fPIC
FAIL: Array_3 execution from source compiled test
FAIL: Array_3 execution from bytecode->native test
FAIL: Array_3 -O execution from source compiled test
FAIL: Array_3 -O execution from bytecode->native test
=== libjava Summary for unix/-fPIC ===
# of expected passes 2053
# of unexpected failures 4
# of expected failures 18
# of untested testcases 18
Running target unix
FAIL: Array_3 execution from source compiled test
FAIL: Array_3 execution from bytecode->native test
FAIL: Array_3 -O execution from source compiled test
FAIL: Array_3 -O execution from bytecode->native test
=== libjava Summary for unix ===
# of expected passes 2053
# of unexpected failures 4
# of expected failures 18
# of untested testcases 18
=== libjava Summary ===
# of expected passes 8212
# of unexpected failures 16
# of expected failures 72
# of untested testcases 72
=== libstdc++-v3 tests ===
Running target unix/-O2
XPASS: 22_locale/collate_byname.cc execution test
XPASS: 22_locale/collate_members_char.cc execution test
XPASS: 22_locale/collate_members_wchar_t.cc execution test
XPASS: 22_locale/ctype_is_char.cc execution test
XPASS: 22_locale/ctype_is_wchar_t.cc execution test
XPASS: 22_locale/members.cc execution test
XPASS: 22_locale/messages_byname.cc execution test
XPASS: 22_locale/messages_members_char.cc execution test
XPASS: 22_locale/money_get_members_char.cc execution test
XPASS: 22_locale/money_get_members_wchar_t.cc execution test
XPASS: 22_locale/money_put_members_char.cc execution test
XPASS: 22_locale/money_put_members_wchar_t.cc execution test
XPASS: 22_locale/moneypunct_byname.cc execution test
XPASS: 22_locale/moneypunct_members_char.cc execution test
XPASS: 22_locale/moneypunct_members_wchar_t.cc execution test
XPASS: 22_locale/num_get_members_char.cc execution test
XPASS: 22_locale/num_get_members_wchar_t.cc execution test
XPASS: 22_locale/num_put_members_char.cc execution test
XPASS: 22_locale/num_put_members_wchar_t.cc execution test
XPASS: 22_locale/numpunct_byname.cc execution test
XPASS: 22_locale/numpunct_members_char.cc execution test
XPASS: 22_locale/numpunct_members_wchar_t.cc execution test
XPASS: 22_locale/time_get_members_char.cc execution test
XPASS: 22_locale/time_get_members_wchar_t.cc execution test
XPASS: 22_locale/time_put_members_char.cc execution test
XPASS: 22_locale/time_put_members_wchar_t.cc execution test
FAIL: 26_numerics/c99_classification_macros_c.cc (test for excess errors)
WARNING: program timed out.
FAIL: thread/pthread4.cc execution test
=== libstdc++-v3 Summary for unix/-O2 ===
# of expected passes 409
# of unexpected failures 2
# of unexpected successes 26
Running target unix/-fpic
XPASS: 22_locale/collate_byname.cc execution test
XPASS: 22_locale/collate_members_char.cc execution test
XPASS: 22_locale/collate_members_wchar_t.cc execution test
XPASS: 22_locale/ctype_is_char.cc execution test
XPASS: 22_locale/ctype_is_wchar_t.cc execution test
XPASS: 22_locale/members.cc execution test
XPASS: 22_locale/messages_byname.cc execution test
XPASS: 22_locale/messages_members_char.cc execution test
XPASS: 22_locale/money_get_members_char.cc execution test
XPASS: 22_locale/money_get_members_wchar_t.cc execution test
XPASS: 22_locale/money_put_members_char.cc execution test
XPASS: 22_locale/money_put_members_wchar_t.cc execution test
XPASS: 22_locale/moneypunct_byname.cc execution test
XPASS: 22_locale/moneypunct_members_char.cc execution test
XPASS: 22_locale/moneypunct_members_wchar_t.cc execution test
XPASS: 22_locale/num_get_members_char.cc execution test
XPASS: 22_locale/num_get_members_wchar_t.cc execution test
XPASS: 22_locale/num_put_members_char.cc execution test
XPASS: 22_locale/num_put_members_wchar_t.cc execution test
XPASS: 22_locale/numpunct_byname.cc execution test
XPASS: 22_locale/numpunct_members_char.cc execution test
XPASS: 22_locale/numpunct_members_wchar_t.cc execution test
XPASS: 22_locale/time_get_members_char.cc execution test
XPASS: 22_locale/time_get_members_wchar_t.cc execution test
XPASS: 22_locale/time_put_members_char.cc execution test
XPASS: 22_locale/time_put_members_wchar_t.cc execution test
FAIL: 26_numerics/c99_classification_macros_c.cc (test for excess errors)
WARNING: program timed out.
FAIL: thread/pthread4.cc execution test
=== libstdc++-v3 Summary for unix/-fpic ===
# of expected passes 409
# of unexpected failures 2
# of unexpected successes 26
Running target unix/-fPIC
XPASS: 22_locale/collate_byname.cc execution test
XPASS: 22_locale/collate_members_char.cc execution test
XPASS: 22_locale/collate_members_wchar_t.cc execution test
XPASS: 22_locale/ctype_is_char.cc execution test
XPASS: 22_locale/ctype_is_wchar_t.cc execution test
XPASS: 22_locale/members.cc execution test
XPASS: 22_locale/messages_byname.cc execution test
XPASS: 22_locale/messages_members_char.cc execution test
XPASS: 22_locale/money_get_members_char.cc execution test
XPASS: 22_locale/money_get_members_wchar_t.cc execution test
XPASS: 22_locale/money_put_members_char.cc execution test
XPASS: 22_locale/money_put_members_wchar_t.cc execution test
XPASS: 22_locale/moneypunct_byname.cc execution test
XPASS: 22_locale/moneypunct_members_char.cc execution test
XPASS: 22_locale/moneypunct_members_wchar_t.cc execution test
XPASS: 22_locale/num_get_members_char.cc execution test
XPASS: 22_locale/num_get_members_wchar_t.cc execution test
XPASS: 22_locale/num_put_members_char.cc execution test
XPASS: 22_locale/num_put_members_wchar_t.cc execution test
XPASS: 22_locale/numpunct_byname.cc execution test
XPASS: 22_locale/numpunct_members_char.cc execution test
XPASS: 22_locale/numpunct_members_wchar_t.cc execution test
XPASS: 22_locale/time_get_members_char.cc execution test
XPASS: 22_locale/time_get_members_wchar_t.cc execution test
XPASS: 22_locale/time_put_members_char.cc execution test
XPASS: 22_locale/time_put_members_wchar_t.cc execution test
FAIL: 26_numerics/c99_classification_macros_c.cc (test for excess errors)
WARNING: program timed out.
FAIL: thread/pthread4.cc execution test
=== libstdc++-v3 Summary for unix/-fPIC ===
# of expected passes 409
# of unexpected failures 2
# of unexpected successes 26
Running target unix
XPASS: 22_locale/collate_byname.cc execution test
XPASS: 22_locale/collate_members_char.cc execution test
XPASS: 22_locale/collate_members_wchar_t.cc execution test
XPASS: 22_locale/ctype_is_char.cc execution test
XPASS: 22_locale/ctype_is_wchar_t.cc execution test
XPASS: 22_locale/members.cc execution test
XPASS: 22_locale/messages_byname.cc execution test
XPASS: 22_locale/messages_members_char.cc execution test
XPASS: 22_locale/money_get_members_char.cc execution test
XPASS: 22_locale/money_get_members_wchar_t.cc execution test
XPASS: 22_locale/money_put_members_char.cc execution test
XPASS: 22_locale/money_put_members_wchar_t.cc execution test
XPASS: 22_locale/moneypunct_byname.cc execution test
XPASS: 22_locale/moneypunct_members_char.cc execution test
XPASS: 22_locale/moneypunct_members_wchar_t.cc execution test
XPASS: 22_locale/num_get_members_char.cc execution test
XPASS: 22_locale/num_get_members_wchar_t.cc execution test
XPASS: 22_locale/num_put_members_char.cc execution test
XPASS: 22_locale/num_put_members_wchar_t.cc execution test
XPASS: 22_locale/numpunct_byname.cc execution test
XPASS: 22_locale/numpunct_members_char.cc execution test
XPASS: 22_locale/numpunct_members_wchar_t.cc execution test
XPASS: 22_locale/time_get_members_char.cc execution test
XPASS: 22_locale/time_get_members_wchar_t.cc execution test
XPASS: 22_locale/time_put_members_char.cc execution test
XPASS: 22_locale/time_put_members_wchar_t.cc execution test
FAIL: 26_numerics/c99_classification_macros_c.cc (test for excess errors)
WARNING: program timed out.
FAIL: thread/pthread4.cc execution test
=== libstdc++-v3 Summary for unix ===
# of expected passes 409
# of unexpected failures 2
# of unexpected successes 26
=== libstdc++-v3 Summary ===
# of expected passes 1636
# of unexpected failures 8
# of unexpected successes 104
Compiler version: 3.2.1 20021110 (prerelease)
Platform: powerpc-unknown-linux-gnu
configure flags: --host=ppc-linux --prefix=/home/fsirl/gnubin --enable-shared --enable-threads --enable-__cxa_atexit --with-system-zlib --enable-checking=gc,misc,tree