This is the mail archive of the
gcc-testresults@gcc.gnu.org
mailing list for the GCC project.
Results for 3.3 20021105 (experimental) testsuite on mips-sgi-irix6.2
- From: "Kaveh R. Ghazi" <ghazi at caip dot rutgers dot edu>
- To: gcc-testresults at gcc dot gnu dot org
- Date: Thu, 7 Nov 2002 16:16:42 -0500 (EST)
- Subject: Results for 3.3 20021105 (experimental) testsuite on mips-sgi-irix6.2
LAST_UPDATED:
Native configuration is mips-sgi-irix6.2
=== g++ tests ===
Running target unix/-mabi=64
FAIL: g++.dg/abi/empty6.C (test for warnings, line 6)
ERROR: g++.dg/abi/rtti1.C: error executing dg-final: couldn't execute "c++filt": no such file or directory
UNRESOLVED: g++.dg/abi/rtti1.C: error executing dg-final: couldn't execute "c++filt": no such file or directory
FAIL: g++.dg/ext/instantiate2.C scan-assembler
ERROR: g++.dg/opt/vtgc1.C: error executing dg-final: couldn't execute "c++filt": no such file or directory
UNRESOLVED: g++.dg/opt/vtgc1.C: error executing dg-final: couldn't execute "c++filt": no such file or directory
FAIL: g++.dg/warn/Wunused-2.C (test for warnings, line 5)
=== g++ Summary for unix/-mabi=64 ===
# of expected passes 7521
# of unexpected failures 3
# of expected failures 100
# of unresolved testcases 2
# of untested testcases 23
# of unsupported tests 14
Running target unix/-mips4
FAIL: g++.dg/bprob/g++-bprob-1.C compilation, {} {} -fprofile-arcs
UNRESOLVED: g++.dg/bprob/g++-bprob-1.C execution, {} {} -fprofile-arcs
UNRESOLVED: g++.dg/bprob/g++-bprob-1.C compilation, {} {} -fbranch-probabilities
UNRESOLVED: g++.dg/bprob/g++-bprob-1.C execution, {} {} -fbranch-probabilities
ERROR: g++.dg/abi/rtti1.C: error executing dg-final: couldn't execute "c++filt": no such file or directory
UNRESOLVED: g++.dg/abi/rtti1.C: error executing dg-final: couldn't execute "c++filt": no such file or directory
FAIL: g++.dg/ext/instantiate2.C scan-assembler
ERROR: g++.dg/opt/vtgc1.C: error executing dg-final: couldn't execute "c++filt": no such file or directory
UNRESOLVED: g++.dg/opt/vtgc1.C: error executing dg-final: couldn't execute "c++filt": no such file or directory
FAIL: g++.dg/warn/Wunused-2.C (test for warnings, line 5)
=== g++ Summary for unix/-mips4 ===
# of expected passes 7494
# of unexpected failures 3
# of expected failures 100
# of unresolved testcases 5
# of untested testcases 23
# of unsupported tests 14
Running target unix
FAIL: g++.dg/bprob/g++-bprob-1.C compilation, {} {} -fprofile-arcs
UNRESOLVED: g++.dg/bprob/g++-bprob-1.C execution, {} {} -fprofile-arcs
UNRESOLVED: g++.dg/bprob/g++-bprob-1.C compilation, {} {} -fbranch-probabilities
UNRESOLVED: g++.dg/bprob/g++-bprob-1.C execution, {} {} -fbranch-probabilities
ERROR: g++.dg/abi/rtti1.C: error executing dg-final: couldn't execute "c++filt": no such file or directory
UNRESOLVED: g++.dg/abi/rtti1.C: error executing dg-final: couldn't execute "c++filt": no such file or directory
FAIL: g++.dg/ext/instantiate2.C scan-assembler
ERROR: g++.dg/opt/vtgc1.C: error executing dg-final: couldn't execute "c++filt": no such file or directory
UNRESOLVED: g++.dg/opt/vtgc1.C: error executing dg-final: couldn't execute "c++filt": no such file or directory
FAIL: g++.dg/warn/Wunused-2.C (test for warnings, line 5)
=== g++ Summary for unix ===
# of expected passes 7494
# of unexpected failures 3
# of expected failures 100
# of unresolved testcases 5
# of untested testcases 23
# of unsupported tests 14
=== g++ Summary ===
# of expected passes 22509
# of unexpected failures 9
# of expected failures 300
# of unresolved testcases 12
# of untested testcases 69
# of unsupported tests 42
/a/caip/a99/u99/ghazi/gcc-testing/build/gcc/testsuite/../g++ version 3.3 20021105 (experimental)
=== g77 tests ===
Running target unix/-mabi=64
=== g77 Summary for unix/-mabi=64 ===
# of expected passes 1638
# of unsupported tests 8
Running target unix/-mips4
=== g77 Summary for unix/-mips4 ===
# of expected passes 1638
# of unsupported tests 8
Running target unix
=== g77 Summary for unix ===
# of expected passes 1638
# of unsupported tests 8
=== g77 Summary ===
# of expected passes 4914
# of unsupported tests 24
/a/caip/a99/u99/ghazi/gcc-testing/build/gcc/testsuite/../g77 version 3.3 20021105 (experimental)
=== gcc tests ===
Running target unix/-mabi=64
WARNING: program timed out.
FAIL: gcc.c-torture/compile/20001226-1.c, -O2
WARNING: program timed out.
FAIL: gcc.c-torture/compile/20001226-1.c, -O3 -fomit-frame-pointer
WARNING: program timed out.
FAIL: gcc.c-torture/compile/20001226-1.c, -O3 -g
WARNING: program timed out.
FAIL: gcc.c-torture/compile/20001226-1.c, -Os
FAIL: gcc.c-torture/compile/simd-5.c, -O1
FAIL: gcc.c-torture/execute/20020412-1.c execution, -O0
FAIL: gcc.c-torture/execute/20020412-1.c execution, -O1
FAIL: gcc.c-torture/execute/20020412-1.c execution, -O2
FAIL: gcc.c-torture/execute/20020412-1.c execution, -O3 -fomit-frame-pointer
FAIL: gcc.c-torture/execute/20020412-1.c execution, -O3 -fomit-frame-pointer -funroll-loops
FAIL: gcc.c-torture/execute/20020412-1.c execution, -O3 -fomit-frame-pointer -funroll-all-loops -finline-functions
FAIL: gcc.c-torture/execute/20020412-1.c execution, -O3 -g
FAIL: gcc.c-torture/execute/20020412-1.c execution, -Os
FAIL: gcc.c-torture/execute/builtin-constant.c execution, -O1
FAIL: gcc.c-torture/execute/builtin-constant.c execution, -O2
FAIL: gcc.c-torture/execute/builtin-constant.c execution, -O3 -fomit-frame-pointer
FAIL: gcc.c-torture/execute/builtin-constant.c execution, -O3 -g
FAIL: gcc.c-torture/execute/builtin-constant.c execution, -Os
WARNING: gcc.dg/20021014-1.c compilation failed to produce executable
WARNING: gcc.dg/nest.c compilation failed to produce executable
=== gcc Summary for unix/-mabi=64 ===
# of expected passes 19927
# of unexpected failures 18
# of expected failures 95
# of unsupported tests 150
Running target unix/-mips4
WARNING: program timed out.
FAIL: gcc.c-torture/compile/20001226-1.c, -O2
WARNING: program timed out.
FAIL: gcc.c-torture/compile/20001226-1.c, -O3 -fomit-frame-pointer
WARNING: program timed out.
FAIL: gcc.c-torture/compile/20001226-1.c, -O3 -g
WARNING: program timed out.
FAIL: gcc.c-torture/compile/20001226-1.c, -Os
FAIL: gcc.c-torture/compile/simd-5.c, -O1
FAIL: gcc.c-torture/execute/20020412-1.c execution, -O0
FAIL: gcc.c-torture/execute/20020412-1.c execution, -O1
FAIL: gcc.c-torture/execute/20020412-1.c execution, -O2
FAIL: gcc.c-torture/execute/20020412-1.c execution, -O3 -fomit-frame-pointer
FAIL: gcc.c-torture/execute/20020412-1.c execution, -O3 -fomit-frame-pointer -funroll-loops
FAIL: gcc.c-torture/execute/20020412-1.c execution, -O3 -fomit-frame-pointer -funroll-all-loops -finline-functions
FAIL: gcc.c-torture/execute/20020412-1.c execution, -O3 -g
FAIL: gcc.c-torture/execute/20020412-1.c execution, -Os
FAIL: gcc.c-torture/execute/builtin-constant.c execution, -O1
FAIL: gcc.c-torture/execute/builtin-constant.c execution, -O2
FAIL: gcc.c-torture/execute/builtin-constant.c execution, -O3 -fomit-frame-pointer
FAIL: gcc.c-torture/execute/builtin-constant.c execution, -O3 -g
FAIL: gcc.c-torture/execute/builtin-constant.c execution, -Os
WARNING: gcc.dg/20021014-1.c compilation failed to produce executable
WARNING: gcc.dg/nest.c compilation failed to produce executable
=== gcc Summary for unix/-mips4 ===
# of expected passes 19927
# of unexpected failures 18
# of expected failures 95
# of unsupported tests 150
Running target unix
WARNING: program timed out.
FAIL: gcc.c-torture/compile/20001226-1.c, -O2
WARNING: program timed out.
FAIL: gcc.c-torture/compile/20001226-1.c, -O3 -fomit-frame-pointer
WARNING: program timed out.
FAIL: gcc.c-torture/compile/20001226-1.c, -O3 -g
WARNING: program timed out.
FAIL: gcc.c-torture/compile/20001226-1.c, -Os
FAIL: gcc.c-torture/compile/simd-5.c, -O1
FAIL: gcc.c-torture/execute/20020412-1.c execution, -O0
FAIL: gcc.c-torture/execute/20020412-1.c execution, -O1
FAIL: gcc.c-torture/execute/20020412-1.c execution, -O2
FAIL: gcc.c-torture/execute/20020412-1.c execution, -O3 -fomit-frame-pointer
FAIL: gcc.c-torture/execute/20020412-1.c execution, -O3 -fomit-frame-pointer -funroll-loops
FAIL: gcc.c-torture/execute/20020412-1.c execution, -O3 -fomit-frame-pointer -funroll-all-loops -finline-functions
FAIL: gcc.c-torture/execute/20020412-1.c execution, -O3 -g
FAIL: gcc.c-torture/execute/20020412-1.c execution, -Os
FAIL: gcc.c-torture/execute/builtin-constant.c execution, -O1
FAIL: gcc.c-torture/execute/builtin-constant.c execution, -O2
FAIL: gcc.c-torture/execute/builtin-constant.c execution, -O3 -fomit-frame-pointer
FAIL: gcc.c-torture/execute/builtin-constant.c execution, -O3 -g
FAIL: gcc.c-torture/execute/builtin-constant.c execution, -Os
WARNING: gcc.dg/20021014-1.c compilation failed to produce executable
WARNING: gcc.dg/nest.c compilation failed to produce executable
=== gcc Summary for unix ===
# of expected passes 19927
# of unexpected failures 18
# of expected failures 95
# of unsupported tests 150
=== gcc Summary ===
# of expected passes 59781
# of unexpected failures 54
# of expected failures 285
# of unsupported tests 450
/a/caip/a99/u99/ghazi/gcc-testing/build/gcc/xgcc version 3.3 20021105 (experimental)
=== objc tests ===
Running target unix/-mabi=64
=== objc Summary for unix/-mabi=64 ===
# of expected passes 1153
Running target unix/-mips4
=== objc Summary for unix/-mips4 ===
# of expected passes 1153
Running target unix
=== objc Summary for unix ===
# of expected passes 1153
=== objc Summary ===
# of expected passes 3459
/a/caip/a99/u99/ghazi/gcc-testing/build/gcc/xgcc version 3.3 20021105 (experimental)
=== libstdc++-v3 tests ===
Running target unix/-mabi=64
XPASS: 22_locale/collate_members_wchar_t.cc execution test
XPASS: 22_locale/ctype_is_wchar_t.cc execution test
XPASS: 22_locale/money_get_members_wchar_t.cc execution test
XPASS: 22_locale/money_put_members_wchar_t.cc execution test
XPASS: 22_locale/moneypunct_members_wchar_t.cc execution test
XPASS: 22_locale/num_get_members_wchar_t.cc execution test
XPASS: 22_locale/num_put_members_wchar_t.cc execution test
XPASS: 22_locale/numpunct_members_wchar_t.cc execution test
XPASS: 22_locale/time_get_members_wchar_t.cc execution test
XPASS: 22_locale/time_put_members_wchar_t.cc execution test
FAIL: 27_io/ostream_inserter_arith.cc execution test
=== libstdc++-v3 Summary for unix/-mabi=64 ===
# of expected passes 405
# of unexpected failures 1
# of unexpected successes 10
# of expected failures 17
# of unsupported tests 6
Running target unix/-mips4
XPASS: 22_locale/collate_members_wchar_t.cc execution test
XPASS: 22_locale/ctype_is_wchar_t.cc execution test
XPASS: 22_locale/money_get_members_wchar_t.cc execution test
XPASS: 22_locale/money_put_members_wchar_t.cc execution test
XPASS: 22_locale/moneypunct_members_wchar_t.cc execution test
XPASS: 22_locale/num_get_members_wchar_t.cc execution test
XPASS: 22_locale/num_put_members_wchar_t.cc execution test
XPASS: 22_locale/numpunct_members_wchar_t.cc execution test
XPASS: 22_locale/time_get_members_wchar_t.cc execution test
XPASS: 22_locale/time_put_members_wchar_t.cc execution test
FAIL: 27_io/ios_base_storage.cc execution test
WARNING: program timed out.
FAIL: 27_io/istringstream_members.cc (test for excess errors)
WARNING: 27_io/istringstream_members.cc compilation failed to produce executable
FAIL: 27_io/ostream_inserter_arith.cc execution test
=== libstdc++-v3 Summary for unix/-mips4 ===
# of expected passes 402
# of unexpected failures 3
# of unexpected successes 10
# of expected failures 17
# of unsupported tests 6
Running target unix
XPASS: 22_locale/collate_members_wchar_t.cc execution test
XPASS: 22_locale/ctype_is_wchar_t.cc execution test
XPASS: 22_locale/money_get_members_wchar_t.cc execution test
XPASS: 22_locale/money_put_members_wchar_t.cc execution test
XPASS: 22_locale/moneypunct_members_wchar_t.cc execution test
XPASS: 22_locale/num_get_members_wchar_t.cc execution test
XPASS: 22_locale/num_put_members_wchar_t.cc execution test
XPASS: 22_locale/numpunct_members_wchar_t.cc execution test
XPASS: 22_locale/time_get_members_wchar_t.cc execution test
XPASS: 22_locale/time_put_members_wchar_t.cc execution test
FAIL: 27_io/ios_base_storage.cc execution test
FAIL: 27_io/ostream_inserter_arith.cc execution test
=== libstdc++-v3 Summary for unix ===
# of expected passes 404
# of unexpected failures 2
# of unexpected successes 10
# of expected failures 17
# of unsupported tests 6
=== libstdc++-v3 Summary ===
# of expected passes 1211
# of unexpected failures 6
# of unexpected successes 30
# of expected failures 51
# of unsupported tests 18
Compiler version: 3.3 20021105 (experimental)
Platform: mips-sgi-irix6.2
configure flags: --host=mips-sgi-irix6.2 --verbose --enable-languages=c,objc,c++,f77