This is the mail archive of the
gcc-testresults@gcc.gnu.org
mailing list for the GCC project.
Results for 3.3 20021105 (experimental) testsuite on hppa64-hp-hpux11.11
- From: John David Anglin <dave at hiauly3 dot hia dot nrc dot ca>
- To: dave at hiauly3 dot hia dot nrc dot ca, gcc-testresults at gcc dot gnu dot org
- Date: Wed, 6 Nov 2002 13:27:43 -0500 (EST)
- Subject: Results for 3.3 20021105 (experimental) testsuite on hppa64-hp-hpux11.11
LAST_UPDATED: Wed Nov 6 06:48:56 UTC 2002
Native configuration is hppa64-hp-hpux11.11
=== g++ tests ===
Running target unix
FAIL: g++.dg/abi/vague1.C scan-assembler-not _ZN1AIiE1tE
FAIL: g++.dg/parse/stack1.C (test for excess errors)
FAIL: g++.dg/warn/Wunused-2.C (test for warnings, line 5)
FAIL: g++.ext/attrib5.C (test for excess errors)
XPASS: g++.mike/eh33.C (test for excess errors)
XPASS: g++.mike/eh33.C Execution test
XPASS: g++.mike/eh50.C (test for excess errors)
XPASS: g++.mike/eh50.C Execution test
XPASS: g++.pt/static3.C (test for excess errors)
XPASS: g++.pt/static3.C Execution test
XPASS: g++.pt/static6.C (test for excess errors)
=== g++ Summary ===
# of expected passes 7542
# of unexpected failures 4
# of unexpected successes 7
# of expected failures 93
# of untested testcases 23
# of unsupported tests 14
/xxx/gnu/gcc-3.3/objdir/gcc/testsuite/../g++ version 3.3 20021105 (experimental)
=== g77 tests ===
Running target unix
FAIL: g77.f-torture/execute/970625-2.f compilation, -O1
=== g77 Summary ===
# of expected passes 1636
# of unexpected failures 1
# of untested testcases 1
# of unsupported tests 8
/xxx/gnu/gcc-3.3/objdir/gcc/testsuite/../g77 version 3.3 20021105 (experimental)
=== gcc tests ===
Running target unix
FAIL: gcc.c-torture/execute/builtin-constant.c execution, -O1
FAIL: gcc.c-torture/execute/builtin-constant.c execution, -O2
FAIL: gcc.c-torture/execute/builtin-constant.c execution, -O3 -fomit-frame-pointer
FAIL: gcc.c-torture/execute/builtin-constant.c execution, -O3 -g
FAIL: gcc.c-torture/execute/builtin-constant.c execution, -Os
FAIL: gcc.dg/inline-1.c scan-assembler-not xyzzy
FAIL: alias-1.c
FAIL: alias-2.c
FAIL: wkali-1.c
FAIL: wkali-2a.o
FAIL: gcc.dg/special/gcsec-1.c (test for excess errors)
WARNING: gcc.dg/special/gcsec-1.c compilation failed to produce executable
FAIL: 20000419-2.c
FAIL: gcc.dg/weak/typeof-2.c (test for excess errors)
FAIL: gcc.dg/weak/weak-1.c scan-assembler weak[^ ]*[ ]_?a
FAIL: gcc.dg/weak/weak-1.c scan-assembler weak[^ ]*[ ]_?b
FAIL: gcc.dg/weak/weak-1.c scan-assembler weak[^ ]*[ ]_?c
FAIL: gcc.dg/weak/weak-1.c scan-assembler weak[^ ]*[ ]_?d
FAIL: gcc.dg/weak/weak-1.c scan-assembler weak[^ ]*[ ]_?e
FAIL: gcc.dg/weak/weak-1.c scan-assembler weak[^ ]*[ ]_?g
FAIL: gcc.dg/weak/weak-1.c scan-assembler weak[^ ]*[ ]_?j
FAIL: gcc.dg/weak/weak-2.c applying #pragma weak (test for warnings, line 26)
FAIL: gcc.dg/weak/weak-2.c scan-assembler weak[^ ]*[ ]_?ffoo1a
FAIL: gcc.dg/weak/weak-2.c scan-assembler weak[^ ]*[ ]_?ffoo1b
FAIL: gcc.dg/weak/weak-2.c scan-assembler weak[^ ]*[ ]_?ffoo1c
FAIL: gcc.dg/weak/weak-2.c scan-assembler weak[^ ]*[ ]_?ffoo1e
FAIL: gcc.dg/weak/weak-3.c (test for excess errors)
FAIL: gcc.dg/weak/weak-4.c applying #pragma weak (test for warnings, line 34)
FAIL: gcc.dg/weak/weak-4.c applying #pragma weak (test for warnings, line 66)
FAIL: gcc.dg/weak/weak-4.c scan-assembler weak[^ ]*[ ]_?vfoo1a
FAIL: gcc.dg/weak/weak-4.c scan-assembler weak[^ ]*[ ]_?vfoo1b
FAIL: gcc.dg/weak/weak-4.c scan-assembler weak[^ ]*[ ]_?vfoo1c
FAIL: gcc.dg/weak/weak-4.c scan-assembler weak[^ ]*[ ]_?vfoo1d
FAIL: gcc.dg/weak/weak-4.c scan-assembler weak[^ ]*[ ]_?vfoo1e
FAIL: gcc.dg/weak/weak-4.c scan-assembler weak[^ ]*[ ]_?vfoo1f
FAIL: gcc.dg/weak/weak-4.c scan-assembler weak[^ ]*[ ]_?vfoo1g
FAIL: gcc.dg/weak/weak-4.c scan-assembler weak[^ ]*[ ]_?vfoo1h
FAIL: gcc.dg/weak/weak-4.c scan-assembler weak[^ ]*[ ]_?vfoo1i
FAIL: gcc.dg/weak/weak-4.c scan-assembler weak[^ ]*[ ]_?vfoo1j
FAIL: gcc.dg/weak/weak-4.c scan-assembler weak[^ ]*[ ]_?vfoo1k
FAIL: gcc.dg/weak/weak-5.c (test for excess errors)
FAIL: gcc.dg/weak/weak-6.c (test for errors, line 4)
FAIL: gcc.dg/weak/weak-9.c (test for excess errors)
FAIL: gcc.dg/weak/weak-9.c scan-assembler weak[^ ]*[ ]_?f3
FAIL: gcc.dg/weak/weak-9.c scan-assembler weak[^ ]*[ ]_?f4
FAIL: gcc.dg/weak/weak-9.c scan-assembler notf1
FAIL: gcc.dg/weak/weak-9.c scan-assembler notf2
FAIL: gcc.dg/weak/weak-9.c scan-assembler notf3
FAIL: gcc.dg/weak/weak-9.c scan-assembler notf4
=== gcc Summary ===
# of expected passes 19889
# of unexpected failures 48
# of expected failures 68
# of unsupported tests 147
/xxx/gnu/gcc-3.3/objdir/gcc/xgcc version 3.3 20021105 (experimental)
=== objc tests ===
Running target unix
=== objc Summary ===
# of expected passes 1153
/xxx/gnu/gcc-3.3/objdir/gcc/xgcc version 3.3 20021105 (experimental)
=== libstdc++-v3 tests ===
Running target unix
XPASS: 22_locale/collate_members_wchar_t.cc execution test
XPASS: 22_locale/ctype_is_wchar_t.cc execution test
XPASS: 22_locale/money_get_members_wchar_t.cc execution test
XPASS: 22_locale/money_put_members_wchar_t.cc execution test
XPASS: 22_locale/moneypunct_members_wchar_t.cc execution test
XPASS: 22_locale/num_get_members_wchar_t.cc execution test
XPASS: 22_locale/num_put_members_wchar_t.cc execution test
XPASS: 22_locale/numpunct_members_wchar_t.cc execution test
XPASS: 22_locale/time_get_members_wchar_t.cc execution test
XPASS: 22_locale/time_put_members_wchar_t.cc execution test
FAIL: 26_numerics/c99_classification_macros_c.cc (test for excess errors)
=== libstdc++-v3 Summary ===
# of expected passes 405
# of unexpected failures 1
# of unexpected successes 10
# of expected failures 17
# of unsupported tests 6
Compiler version: 3.3 20021105 (experimental)
Platform: hppa64-hp-hpux11.11
configure flags: --host=hppa64-hp-hpux11.11 --with-gnu-as --with-as=/opt/gnu64/bin/as --with-ld=/usr/ccs/bin/ld --disable-nls --prefix=/opt/gnu64 --enable-shared