This is the mail archive of the
gcc-testresults@gcc.gnu.org
mailing list for the GCC project.
Results for 3.2.1 20021102 (prerelease) testsuite on alpha-unknown-freebsd5.0
- From: Loren James Rittle <ljrittle at FreeBSD dot org>
- To: gcc-testresults at gcc dot gnu dot org, ljrittle at FreeBSD dot org,obrien at freebsd dot org
- Date: Sat, 2 Nov 2002 16:30:41 -0800 (PST)
- Subject: Results for 3.2.1 20021102 (prerelease) testsuite on alpha-unknown-freebsd5.0
Using make with objdir configuration on beast (see key)
Bootstrap failed in libjava; thus partial report
LAST_UPDATED: Sat Nov 2 21:54:52 GMT 2002
Native configuration is alpha-unknown-freebsd5.0
=== libstdc++-v3 tests ===
Running target unix
XPASS: 22_locale/collate_members_wchar_t.cc execution test
XPASS: 22_locale/ctype_is_wchar_t.cc execution test
XPASS: 22_locale/money_get_members_wchar_t.cc execution test
XPASS: 22_locale/money_put_members_wchar_t.cc execution test
XPASS: 22_locale/moneypunct_members_wchar_t.cc execution test
XPASS: 22_locale/num_get_members_wchar_t.cc execution test
XPASS: 22_locale/num_put_members_wchar_t.cc execution test
XPASS: 22_locale/numpunct_members_wchar_t.cc execution test
XPASS: 22_locale/time_get_members_wchar_t.cc execution test
XPASS: 22_locale/time_put_members_wchar_t.cc execution test
=== libstdc++-v3 Summary ===
# of expected passes 409
# of unexpected successes 10
# of expected failures 16
=== g++ tests ===
Running target unix/-pthread
FAIL: g++.eh/badalloc1.C Execution test
FAIL: g++.law/profile1.C (test for excess errors)
FAIL: g++.pt/repo3.C (test for excess errors)
=== g++ Summary ===
# of expected passes 7304
# of unexpected failures 3
# of expected failures 90
# of untested testcases 22
# of unsupported tests 6
/j/ljrittle/gcc-build-beast-1102/gcc/testsuite/../g++ version 3.2.1 20021102 (prerelease)
=== g77 tests ===
Running target unix/-pthread
=== g77 Summary ===
# of expected passes 1452
# of unsupported tests 8
/j/ljrittle/gcc-build-beast-1102/gcc/testsuite/../g77 version 3.2.1 20021102 (prerelease)
=== gcc tests ===
Running target unix/-pthread
FAIL: gcc.dg/20021014-1.c (test for excess errors)
WARNING: gcc.dg/20021014-1.c compilation failed to produce executable
XPASS: gcc.dg/c99-intconst-1.c (test for excess errors)
=== gcc Summary ===
# of expected passes 18351
# of unexpected failures 1
# of unexpected successes 1
# of expected failures 75
# of unsupported tests 114
/j/ljrittle/gcc-build-beast-1102/gcc/xgcc version 3.2.1 20021102 (prerelease)
=== objc tests ===
Running target unix/-pthread
=== objc Summary ===
# of expected passes 1035
# of expected failures 6
/j/ljrittle/gcc-build-beast-1102/gcc/xgcc version 3.2.1 20021102 (prerelease)
Compiler version: 3.2.1 20021102 (prerelease)
Platform: alpha-unknown-freebsd5.0
configure flags: --host=alpha-unknown-freebsd5.0 --prefix=/home/ljrittle/tmp-beast/install-beast --with-gnu-as --with-as=/usr/bin/as --with-gnu-ld --with-ld=/usr/bin/ld
BOOT_CFLAGS=-g -O2
Key: gmake is GNU make
make is BSD make as shipped on alpha-unknown-freebsd5.0
srcdir means in-source configuration was done within the gcc source tree
objdir means out-source configuration was done within a fresh directory
ref4 (3.1) and ref5 (mainline) attempt to build gcc twice daily;
once for srcdir configuration and once for objdir configuration;
odd number days use GNU make; even days use BSD make; missing
reports infer breakage; partial reports are made when bootstap
completes in gcc but fails in a support library.
beast (3.1) builds gcc once daily using gmake with objdir conf.
See http://people.freebsd.org/~ljrittle/daily-gcc-bootstrap-reports
for all related transcript logs and log.sent files (not staged
until after all daily bootstraps for a machine complete).