This is the mail archive of the
gcc-testresults@gcc.gnu.org
mailing list for the GCC project.
Results for 3.2.1 20021028 (prerelease) testsuite on powerpc-unknown-linux-gnu
- From: Mark Wielaard <mark at wildebeest dot org>
- To: gcc-testresults at gcc dot gnu dot org, mark at wildebeest dot org
- Date: Tue, 29 Oct 2002 07:09:16 +0100
- Subject: Results for 3.2.1 20021028 (prerelease) testsuite on powerpc-unknown-linux-gnu
Debian GNU/Linux 3.0
Linux 2.4.18-powerpc
binutils Version: 2.12.90.0.15-1
glibc Version: 2.2.5-15
Test results for libjava include the results of the Mauve testsuite
(see http://sources.redhat.com/mauve/)
LAST_UPDATED: Tue Oct 29 00:00:54 UTC 2002
Native configuration is powerpc-unknown-linux-gnu
=== g++ tests ===
Running target unix
=== g++ Summary ===
# of expected passes 7291
# of expected failures 89
# of untested testcases 23
# of unsupported tests 6
/home/mark/src/gcc32/obj/gcc/testsuite/../g++ version 3.2.1 20021028 (prerelease)
=== gcc tests ===
Running target unix
FAIL: gcc.dg/20020103-1.c scan-assembler-not LC
FAIL: gcc.dg/20020118-1.c execution test
=== gcc Summary ===
# of expected passes 18376
# of unexpected failures 2
# of expected failures 66
# of unsupported tests 107
/home/mark/src/gcc32/obj/gcc/xgcc version 3.2.1 20021028 (prerelease)
=== libjava tests ===
Running target unix
FAIL: Array_3 execution from source compiled test
FAIL: Array_3 execution from bytecode->native test
FAIL: Array_3 -O execution from source compiled test
FAIL: Array_3 -O execution from bytecode->native test
FAIL: gnu.testlet.java.io.BufferedInputStream.SimpleRead: skip() threw StringIndexOutOfBoundsException (number 1)
FAIL: gnu.testlet.java.io.BufferedReader.boundary (number 3)
FAIL: Link for gnu.testlet.java.io.DataOutputStream.WriteRead
FAIL: gnu.testlet.java.io.File.jdk11: getCanonicalFile with empty path (number 1)
FAIL: gnu.testlet.java.io.RandomAccessFile.jdk11: skipBytes() skipped past EOF (number 1)
FAIL: gnu.testlet.java.io.StreamTokenizer.WordWhiteChars (number 2)
FAIL: gnu.testlet.java.io.StreamTokenizer.WordWhiteChars (number 3)
FAIL: gnu.testlet.java.io.StreamTokenizer.WordWhiteChars (number 4)
FAIL: gnu.testlet.java.io.StreamTokenizer.WordWhiteChars (number 5)
FAIL: gnu.testlet.java.io.StreamTokenizer.WordWhiteChars (number 6)
FAIL: gnu.testlet.java.lang.Class.reflect: uncaught exception at "getMethod with superinterface" number 1: java.lang.ClassCastException: java.lang.NoSuchMethodException cannot be cast to java.lang.reflect.Method
FAIL: gnu.testlet.java.lang.Integer.IntegerTest: Error: test_Basics failed - 1 (number 1)
FAIL: Compile gnu/testlet/java/lang/Math/min.o for gnu.testlet.java.lang.Math.min
XPASS: gnu.testlet.java.lang.String.CASE_INSENSITIVE_ORDER: unicode mappings (number 1)
XPASS: gnu.testlet.java.lang.String.CASE_INSENSITIVE_ORDER: unicode mappings (number 2)
FAIL: gnu.testlet.java.lang.StringBuffer.plus (number 1)
FAIL: gnu.testlet.java.lang.Thread.daemon: Cannot change daemon state on started (and stopped) Thread (number 1)
FAIL: gnu.testlet.java.lang.Thread.priority: New Thread can be set to priority 6 (number 1)
FAIL: gnu.testlet.java.lang.Thread.priority: New Thread can be set to priority 7 (number 1)
FAIL: gnu.testlet.java.lang.Thread.priority: New Thread can be set to priority 8 (number 1)
FAIL: gnu.testlet.java.lang.Thread.priority: New Thread can be set to priority 9 (number 1)
FAIL: gnu.testlet.java.lang.Thread.priority: New Thread can be set to priority 10 (number 1)
FAIL: gnu.testlet.java.lang.Thread.priority: Started Thread can be set to priority 6 (number 1)
FAIL: gnu.testlet.java.lang.Thread.priority: Started Thread can be set to priority 7 (number 1)
FAIL: gnu.testlet.java.lang.Thread.priority: Started Thread can be set to priority 8 (number 1)
FAIL: gnu.testlet.java.lang.Thread.priority: Started Thread can be set to priority 9 (number 1)
FAIL: gnu.testlet.java.lang.Thread.priority: Started Thread can be set to priority 10 (number 1)
FAIL: gnu.testlet.java.net.Socket.SocketTest: Error : test_Basics failed - 7 exception should not have been thrown here (number 1)
FAIL: gnu.testlet.java.net.URL.URLTest: Error in test_openConnection - 3 exception should not be thrown here (number 1)
FAIL: gnu.testlet.java.net.URL.URLTest: Error in test_openStream - 2 exception should not be thrown here (number 1)
FAIL: gnu.testlet.java.security.MessageDigest.Instance: uncaught exception at "MauveDigest" number 1: java.lang.ClassCastException: gnu.testlet.java.security.MessageDigest.MauveDigest cannot be cast to java.security.MessageDigest
FAIL: gnu.testlet.java.security.Security.provider (number 4)
FAIL: gnu.testlet.java.security.Security.provider (number 7)
FAIL: gnu.testlet.java.security.Security.provider (number 11)
FAIL: gnu.testlet.java.security.Security.provider (number 15)
FAIL: gnu.testlet.java.security.Security.provider (number 20)
FAIL: gnu.testlet.java.security.Security.provider (number 21)
FAIL: gnu.testlet.java.security.Security.provider (number 23)
FAIL: gnu.testlet.java.security.Signature.Instance: MAUVESignature instance caught java.security.NoSuchAlgorithmException: MAUVESignature (number 1)
FAIL: gnu.testlet.java.security.Signature.Instance: MauveAlias instance caught java.security.NoSuchAlgorithmException: MauveAlias (number 1)
FAIL: gnu.testlet.java.security.Signature.Instance: MAUVEALIAS instance caught java.security.NoSuchAlgorithmException: MAUVEALIAS (number 1)
FAIL: gnu.testlet.java.security.Signature.Instance: uncaught exception at "MAUVESIGNATURE Mauve-Test-Provider-Signature" number 1: java.lang.NullPointerException
FAIL: gnu.testlet.java.text.BreakIterator.sentiter: dot.return (number 2)
FAIL: gnu.testlet.java.text.BreakIterator.sentiter: dot.return (number 3)
FAIL: gnu.testlet.java.text.BreakIterator.sentiter: backwards dot.return (number 2)
FAIL: gnu.testlet.java.text.BreakIterator.sentiter: backwards dot.return (number 3)
FAIL: gnu.testlet.java.text.MessageFormat.format: uncaught exception at "choice format in message format" number 1: java.lang.IllegalArgumentException
=== libjava Summary ===
# of expected passes 8829
# of unexpected failures 49
# of unexpected successes 2
# of expected failures 81
# of untested testcases 18
=== libstdc++-v3 tests ===
Running target unix
XPASS: 22_locale/collate_byname.cc execution test
XPASS: 22_locale/collate_members_char.cc execution test
XPASS: 22_locale/collate_members_wchar_t.cc execution test
XPASS: 22_locale/ctype_is_char.cc execution test
XPASS: 22_locale/ctype_is_wchar_t.cc execution test
XPASS: 22_locale/members.cc execution test
XPASS: 22_locale/messages_byname.cc execution test
XPASS: 22_locale/messages_members_char.cc execution test
XPASS: 22_locale/money_get_members_char.cc execution test
XPASS: 22_locale/money_get_members_wchar_t.cc execution test
XPASS: 22_locale/money_put_members_char.cc execution test
XPASS: 22_locale/money_put_members_wchar_t.cc execution test
XPASS: 22_locale/moneypunct_byname.cc execution test
XPASS: 22_locale/moneypunct_members_char.cc execution test
XPASS: 22_locale/moneypunct_members_wchar_t.cc execution test
XPASS: 22_locale/num_get_members_char.cc execution test
XPASS: 22_locale/num_get_members_wchar_t.cc execution test
XPASS: 22_locale/num_put_members_char.cc execution test
XPASS: 22_locale/num_put_members_wchar_t.cc execution test
XPASS: 22_locale/numpunct_byname.cc execution test
XPASS: 22_locale/numpunct_members_char.cc execution test
XPASS: 22_locale/numpunct_members_wchar_t.cc execution test
XPASS: 22_locale/time_get_members_char.cc execution test
XPASS: 22_locale/time_get_members_wchar_t.cc execution test
XPASS: 22_locale/time_put_members_char.cc execution test
XPASS: 22_locale/time_put_members_wchar_t.cc execution test
FAIL: 26_numerics/c99_classification_macros_c.cc (test for excess errors)
WARNING: program timed out.
FAIL: thread/pthread4.cc execution test
=== libstdc++-v3 Summary ===
# of expected passes 407
# of unexpected failures 2
# of unexpected successes 26
Compiler version: 3.2.1 20021028 (prerelease)
Platform: powerpc-unknown-linux-gnu
configure flags: --host=powerpc-unknown-linux-gnu --enable-clocale=gnu --enable-shared --enable-threads=posix --enable-languages=c++,java --disable-multilib --prefix=/usr/local/gcc32
time make
real 8528.21
user 6424.38
sys 1757.29
time check
Command exited with non-zero status 2
real 12852.26
user 8709.99
sys 3492.25