This is the mail archive of the
gcc-testresults@gcc.gnu.org
mailing list for the GCC project.
Results for 3.3 20021027 (experimental) testsuite on sparc-sun-solaris2.7
- From: "Kaveh R. Ghazi" <ghazi at caip dot rutgers dot edu>
- To: gcc-testresults at gcc dot gnu dot org
- Date: Mon, 28 Oct 2002 18:47:42 -0500 (EST)
- Subject: Results for 3.3 20021027 (experimental) testsuite on sparc-sun-solaris2.7
LAST_UPDATED:
Native configuration is sparc-sun-solaris2.7
=== g++ tests ===
Running target unix/-m64
ERROR: g++.dg/abi/rtti1.C: error executing dg-final: couldn't execute "c++filt": no such file or directory
UNRESOLVED: g++.dg/abi/rtti1.C: error executing dg-final: couldn't execute "c++filt": no such file or directory
ERROR: g++.dg/opt/vtgc1.C: error executing dg-final: couldn't execute "c++filt": no such file or directory
UNRESOLVED: g++.dg/opt/vtgc1.C: error executing dg-final: couldn't execute "c++filt": no such file or directory
FAIL: g++.dg/warn/Wunused-2.C (test for warnings, line 5)
FAIL: g++.dg/special/conpr-2.C execution test
FAIL: g++.dg/special/conpr-3.C execution test
FAIL: g++.dg/special/initp1.C execution test
FAIL: g++.abi/vbase4.C caused compiler crash
FAIL: g++.mike/p6610b.C caused compiler crash
FAIL: g++.other/inline8.C caused compiler crash
FAIL: g++.other/vbase5.C caused compiler crash
=== g++ Summary for unix/-m64 ===
# of expected passes 7726
# of unexpected failures 8
# of expected failures 93
# of unresolved testcases 2
# of untested testcases 21
# of unsupported tests 10
Running target unix/-fPIC
FAIL: g++.dg/bprob/g++-bprob-1.C compilation, {} {} -fprofile-arcs
UNRESOLVED: g++.dg/bprob/g++-bprob-1.C execution, {} {} -fprofile-arcs
UNRESOLVED: g++.dg/bprob/g++-bprob-1.C compilation, {} {} -fbranch-probabilities
UNRESOLVED: g++.dg/bprob/g++-bprob-1.C execution, {} {} -fbranch-probabilities
FAIL: g++.dg/compat/break/bitfield7 y_tst.o compile
UNRESOLVED: g++.dg/compat/break/bitfield7 x_tst.o-y_tst.o link
UNRESOLVED: g++.dg/compat/break/bitfield7 x_tst.o-y_tst.o execute
ERROR: g++.dg/abi/rtti1.C: error executing dg-final: couldn't execute "c++filt": no such file or directory
UNRESOLVED: g++.dg/abi/rtti1.C: error executing dg-final: couldn't execute "c++filt": no such file or directory
ERROR: g++.dg/opt/vtgc1.C: error executing dg-final: couldn't execute "c++filt": no such file or directory
UNRESOLVED: g++.dg/opt/vtgc1.C: error executing dg-final: couldn't execute "c++filt": no such file or directory
FAIL: g++.dg/warn/Wunused-2.C (test for warnings, line 5)
FAIL: g++.dg/special/conpr-2.C execution test
FAIL: g++.dg/special/conpr-3.C execution test
FAIL: g++.dg/special/initp1.C execution test
FAIL: g++.abi/vbase4.C caused compiler crash
FAIL: g++.mike/p6610b.C caused compiler crash
FAIL: g++.other/vbase5.C caused compiler crash
=== g++ Summary for unix/-fPIC ===
# of expected passes 7698
# of unexpected failures 9
# of expected failures 92
# of unresolved testcases 7
# of untested testcases 21
# of unsupported tests 10
Running target unix/-fpic
FAIL: g++.dg/bprob/g++-bprob-1.C compilation, {} {} -fprofile-arcs
UNRESOLVED: g++.dg/bprob/g++-bprob-1.C execution, {} {} -fprofile-arcs
UNRESOLVED: g++.dg/bprob/g++-bprob-1.C compilation, {} {} -fbranch-probabilities
UNRESOLVED: g++.dg/bprob/g++-bprob-1.C execution, {} {} -fbranch-probabilities
FAIL: g++.dg/compat/break/bitfield7 y_tst.o compile
UNRESOLVED: g++.dg/compat/break/bitfield7 x_tst.o-y_tst.o link
UNRESOLVED: g++.dg/compat/break/bitfield7 x_tst.o-y_tst.o execute
ERROR: g++.dg/abi/rtti1.C: error executing dg-final: couldn't execute "c++filt": no such file or directory
UNRESOLVED: g++.dg/abi/rtti1.C: error executing dg-final: couldn't execute "c++filt": no such file or directory
ERROR: g++.dg/opt/vtgc1.C: error executing dg-final: couldn't execute "c++filt": no such file or directory
UNRESOLVED: g++.dg/opt/vtgc1.C: error executing dg-final: couldn't execute "c++filt": no such file or directory
FAIL: g++.dg/warn/Wunused-2.C (test for warnings, line 5)
FAIL: g++.dg/special/conpr-2.C execution test
FAIL: g++.dg/special/conpr-3.C execution test
FAIL: g++.dg/special/initp1.C execution test
FAIL: g++.abi/vbase4.C caused compiler crash
FAIL: g++.mike/p6610b.C caused compiler crash
FAIL: g++.other/vbase5.C caused compiler crash
=== g++ Summary for unix/-fpic ===
# of expected passes 7698
# of unexpected failures 9
# of expected failures 92
# of unresolved testcases 7
# of untested testcases 21
# of unsupported tests 10
Running target unix
FAIL: g++.dg/bprob/g++-bprob-1.C compilation, {} {} -fprofile-arcs
UNRESOLVED: g++.dg/bprob/g++-bprob-1.C execution, {} {} -fprofile-arcs
UNRESOLVED: g++.dg/bprob/g++-bprob-1.C compilation, {} {} -fbranch-probabilities
UNRESOLVED: g++.dg/bprob/g++-bprob-1.C execution, {} {} -fbranch-probabilities
FAIL: g++.dg/compat/break/bitfield7 y_tst.o compile
UNRESOLVED: g++.dg/compat/break/bitfield7 x_tst.o-y_tst.o link
UNRESOLVED: g++.dg/compat/break/bitfield7 x_tst.o-y_tst.o execute
ERROR: g++.dg/abi/rtti1.C: error executing dg-final: couldn't execute "c++filt": no such file or directory
UNRESOLVED: g++.dg/abi/rtti1.C: error executing dg-final: couldn't execute "c++filt": no such file or directory
ERROR: g++.dg/opt/vtgc1.C: error executing dg-final: couldn't execute "c++filt": no such file or directory
UNRESOLVED: g++.dg/opt/vtgc1.C: error executing dg-final: couldn't execute "c++filt": no such file or directory
FAIL: g++.dg/warn/Wunused-2.C (test for warnings, line 5)
FAIL: g++.dg/special/conpr-2.C execution test
FAIL: g++.dg/special/conpr-3.C execution test
FAIL: g++.dg/special/initp1.C execution test
FAIL: g++.abi/vbase4.C caused compiler crash
FAIL: g++.mike/p6610b.C caused compiler crash
FAIL: g++.other/vbase5.C caused compiler crash
=== g++ Summary for unix ===
# of expected passes 7698
# of unexpected failures 9
# of expected failures 92
# of unresolved testcases 7
# of untested testcases 21
# of unsupported tests 10
=== g++ Summary ===
# of expected passes 30820
# of unexpected failures 35
# of expected failures 369
# of unresolved testcases 23
# of untested testcases 84
# of unsupported tests 40
/teal/caip5/ghazi/gcc-testing/build/gcc/testsuite/../g++ version 3.3 20021027 (experimental)
=== g77 tests ===
Running target unix/-m64
FAIL: g77.f-torture/compile/19990826-3.f, -O1
FAIL: g77.f-torture/compile/20000511-2.f, -O1
FAIL: g77.f-torture/compile/20010519-1.f, -O1
=== g77 Summary for unix/-m64 ===
# of expected passes 1635
# of unexpected failures 3
# of unsupported tests 8
Running target unix/-fPIC
FAIL: g77.f-torture/compile/19990826-3.f, -O1
=== g77 Summary for unix/-fPIC ===
# of expected passes 1637
# of unexpected failures 1
# of unsupported tests 8
Running target unix/-fpic
FAIL: g77.f-torture/compile/19990826-3.f, -O1
=== g77 Summary for unix/-fpic ===
# of expected passes 1637
# of unexpected failures 1
# of unsupported tests 8
Running target unix
FAIL: g77.f-torture/compile/19990826-3.f, -O1
=== g77 Summary for unix ===
# of expected passes 1637
# of unexpected failures 1
# of unsupported tests 8
=== g77 Summary ===
# of expected passes 6546
# of unexpected failures 6
# of unsupported tests 32
/teal/caip5/ghazi/gcc-testing/build/gcc/testsuite/../g77 version 3.3 20021027 (experimental)
=== gcc tests ===
Running target unix/-m64
FAIL: gcc.c-torture/compile/20000502-1.c, -O1
WARNING: program timed out.
FAIL: gcc.c-torture/compile/20001226-1.c, -O3 -g
FAIL: gcc.c-torture/compile/900407-1.c, -O1
FAIL: gcc.c-torture/compile/920428-2.c, -O1
FAIL: gcc.c-torture/compile/920501-4.c, -O1
FAIL: gcc.c-torture/compile/921011-1.c, -O1
FAIL: gcc.c-torture/compile/931102-1.c, -O1
FAIL: gcc.c-torture/compile/980506-2.c, -O1
FAIL: gcc.c-torture/compile/20010518-1.c, -O1
FAIL: gcc.c-torture/compile/20011229-1.c, -O1
FAIL: gcc.c-torture/compile/20020206-1.c, -O1
FAIL: gcc.c-torture/compile/20020927-1.c, -O1
FAIL: gcc.c-torture/compile/simd-5.c, -O0
FAIL: gcc.c-torture/compile/simd-5.c, -O1
FAIL: gcc.c-torture/compile/simd-5.c, -O2
FAIL: gcc.c-torture/compile/simd-5.c, -O3 -fomit-frame-pointer
FAIL: gcc.c-torture/compile/simd-5.c, -O3 -g
FAIL: gcc.c-torture/compile/simd-5.c, -Os
XPASS: gcc.c-torture/execute/20020227-1.c execution, -O0
XPASS: gcc.c-torture/execute/20020227-1.c execution, -O1
FAIL: gcc.c-torture/execute/20020615-1.c compilation, -O1
UNRESOLVED: gcc.c-torture/execute/20020615-1.c execution, -O1
FAIL: gcc.c-torture/execute/20021010-2.c compilation, -O1
UNRESOLVED: gcc.c-torture/execute/20021010-2.c execution, -O1
FAIL: gcc.c-torture/execute/920501-2.c compilation, -O1
UNRESOLVED: gcc.c-torture/execute/920501-2.c execution, -O1
FAIL: gcc.c-torture/execute/930921-1.c compilation, -O3 -fomit-frame-pointer -funroll-loops
UNRESOLVED: gcc.c-torture/execute/930921-1.c execution, -O3 -fomit-frame-pointer -funroll-loops
FAIL: gcc.c-torture/execute/930921-1.c compilation, -O3 -fomit-frame-pointer -funroll-all-loops -finline-functions
UNRESOLVED: gcc.c-torture/execute/930921-1.c execution, -O3 -fomit-frame-pointer -funroll-all-loops -finline-functions
FAIL: gcc.c-torture/execute/nestfunc-3.c compilation, -O1
UNRESOLVED: gcc.c-torture/execute/nestfunc-3.c execution, -O1
FAIL: gcc.c-torture/unsorted/addcc.c, -O1
FAIL: gcc.c-torture/unsorted/gronk.c, -O1
FAIL: gcc.c-torture/unsorted/icmp.c, -O1
FAIL: gcc.c-torture/unsorted/mcmp.c, -O1
FAIL: gcc.c-torture/unsorted/uns_tst.c, -O1
FAIL: gcc.c-torture/unsorted/xsh.c, -O1
FAIL: gcc.dg/debug/debug-3.c (test for excess errors)
FAIL: gcc.dg/debug/debug-3.c (test for excess errors)
FAIL: gcc.dg/debug/debug-3.c (test for excess errors)
FAIL: gcc.dg/debug/debug-3.c (test for excess errors)
FAIL: gcc.dg/debug/debug-3.c (test for excess errors)
FAIL: gcc.dg/debug/debug-3.c (test for excess errors)
FAIL: gcc.dg/debug/debug-3.c (test for excess errors)
FAIL: gcc.dg/debug/debug-3.c (test for excess errors)
FAIL: gcc.dg/debug/debug-3.c (test for excess errors)
FAIL: gcc.dg/debug/debug-4.c (test for excess errors)
FAIL: gcc.dg/debug/debug-4.c (test for excess errors)
FAIL: gcc.dg/debug/debug-4.c (test for excess errors)
FAIL: gcc.dg/debug/debug-4.c (test for excess errors)
FAIL: gcc.dg/debug/debug-4.c (test for excess errors)
FAIL: gcc.dg/debug/debug-4.c (test for excess errors)
FAIL: gcc.dg/debug/debug-4.c (test for excess errors)
FAIL: gcc.dg/debug/debug-4.c (test for excess errors)
FAIL: gcc.dg/debug/debug-4.c (test for excess errors)
FAIL: gcc.dg/debug/debug-5.c (test for excess errors)
FAIL: gcc.dg/debug/debug-5.c (test for excess errors)
FAIL: gcc.dg/debug/debug-5.c (test for excess errors)
FAIL: gcc.dg/debug/debug-5.c (test for excess errors)
FAIL: gcc.dg/debug/debug-5.c (test for excess errors)
FAIL: gcc.dg/debug/debug-5.c (test for excess errors)
FAIL: gcc.dg/debug/debug-5.c (test for excess errors)
FAIL: gcc.dg/debug/debug-5.c (test for excess errors)
FAIL: gcc.dg/debug/debug-5.c (test for excess errors)
FAIL: gcc.dg/debug/debug-6.c (test for excess errors)
ERROR: gcc.dg/debug/debug-6.c: error executing dg-final: couldn't open "debug-6.s": no such file or directory
UNRESOLVED: gcc.dg/debug/debug-6.c: error executing dg-final: couldn't open "debug-6.s": no such file or directory
FAIL: gcc.dg/debug/debug-6.c (test for excess errors)
ERROR: gcc.dg/debug/debug-6.c: error executing dg-final: couldn't open "debug-6.s": no such file or directory
UNRESOLVED: gcc.dg/debug/debug-6.c: error executing dg-final: couldn't open "debug-6.s": no such file or directory
FAIL: gcc.dg/debug/debug-6.c (test for excess errors)
ERROR: gcc.dg/debug/debug-6.c: error executing dg-final: couldn't open "debug-6.s": no such file or directory
UNRESOLVED: gcc.dg/debug/debug-6.c: error executing dg-final: couldn't open "debug-6.s": no such file or directory
FAIL: gcc.dg/debug/debug-6.c (test for excess errors)
ERROR: gcc.dg/debug/debug-6.c: error executing dg-final: couldn't open "debug-6.s": no such file or directory
UNRESOLVED: gcc.dg/debug/debug-6.c: error executing dg-final: couldn't open "debug-6.s": no such file or directory
FAIL: gcc.dg/debug/debug-6.c (test for excess errors)
ERROR: gcc.dg/debug/debug-6.c: error executing dg-final: couldn't open "debug-6.s": no such file or directory
UNRESOLVED: gcc.dg/debug/debug-6.c: error executing dg-final: couldn't open "debug-6.s": no such file or directory
FAIL: gcc.dg/debug/debug-6.c (test for excess errors)
ERROR: gcc.dg/debug/debug-6.c: error executing dg-final: couldn't open "debug-6.s": no such file or directory
UNRESOLVED: gcc.dg/debug/debug-6.c: error executing dg-final: couldn't open "debug-6.s": no such file or directory
WARNING: gcc.dg/20021014-1.c compilation failed to produce executable
FAIL: gcc.dg/sparc-ret.c (test for excess errors)
ERROR: gcc.dg/sparc-ret.c: error executing dg-final: couldn't open "sparc-ret.s": no such file or directory
UNRESOLVED: gcc.dg/sparc-ret.c: error executing dg-final: couldn't open "sparc-ret.s": no such file or directory
FAIL: gcc.dg/noncompile/incomplete-1.c (test for excess errors)
=== gcc Summary for unix/-m64 ===
# of expected passes 20203
# of unexpected failures 65
# of unexpected successes 2
# of expected failures 66
# of unresolved testcases 13
# of unsupported tests 140
Running target unix/-fPIC
FAIL: gcc.c-torture/compile/20000802-1.c, -O1
WARNING: program timed out.
FAIL: gcc.c-torture/compile/20001226-1.c, -O3 -g
FAIL: gcc.c-torture/compile/900407-1.c, -O1
FAIL: gcc.c-torture/compile/920501-4.c, -O1
FAIL: gcc.c-torture/compile/921011-1.c, -O1
FAIL: gcc.c-torture/compile/921013-1.c, -O1
FAIL: gcc.c-torture/compile/921206-1.c, -O1
FAIL: gcc.c-torture/compile/930120-1.c, -O1
FAIL: gcc.c-torture/compile/930523-1.c, -O1
FAIL: gcc.c-torture/compile/980329-1.c, -O1
FAIL: gcc.c-torture/compile/20020604-1.c, -O1
FAIL: gcc.c-torture/compile/20020927-1.c, -O1
FAIL: gcc.c-torture/execute/20000314-2.c compilation, -O1
UNRESOLVED: gcc.c-torture/execute/20000314-2.c execution, -O1
FAIL: gcc.c-torture/execute/20000412-4.c compilation, -O1
UNRESOLVED: gcc.c-torture/execute/20000412-4.c execution, -O1
FAIL: gcc.c-torture/execute/20000503-1.c compilation, -O1
UNRESOLVED: gcc.c-torture/execute/20000503-1.c execution, -O1
FAIL: gcc.c-torture/execute/20000511-1.c compilation, -O1
UNRESOLVED: gcc.c-torture/execute/20000511-1.c execution, -O1
FAIL: gcc.c-torture/execute/20010221-1.c compilation, -O1
UNRESOLVED: gcc.c-torture/execute/20010221-1.c execution, -O1
FAIL: gcc.c-torture/execute/20020406-1.c compilation, -O1
UNRESOLVED: gcc.c-torture/execute/20020406-1.c execution, -O1
FAIL: gcc.c-torture/execute/20020615-1.c compilation, -O1
UNRESOLVED: gcc.c-torture/execute/20020615-1.c execution, -O1
FAIL: gcc.c-torture/execute/20020716-1.c compilation, -O1
UNRESOLVED: gcc.c-torture/execute/20020716-1.c execution, -O1
FAIL: gcc.c-torture/execute/930123-1.c compilation, -O1
UNRESOLVED: gcc.c-torture/execute/930123-1.c execution, -O1
FAIL: gcc.c-torture/execute/931012-1.c compilation, -O1
UNRESOLVED: gcc.c-torture/execute/931012-1.c execution, -O1
FAIL: gcc.dg/20020312-2.c (test for excess errors)
WARNING: gcc.dg/20020312-2.c compilation failed to produce executable
WARNING: gcc.dg/20021014-1.c compilation failed to produce executable
FAIL: gcc.dg/noncompile/incomplete-1.c (test for excess errors)
=== gcc Summary for unix/-fPIC ===
# of expected passes 20253
# of unexpected failures 24
# of expected failures 62
# of unresolved testcases 10
# of unsupported tests 140
Running target unix/-fpic
FAIL: gcc.c-torture/compile/20000802-1.c, -O1
WARNING: program timed out.
FAIL: gcc.c-torture/compile/20001226-1.c, -O3 -g
FAIL: gcc.c-torture/compile/900407-1.c, -O1
FAIL: gcc.c-torture/compile/920501-4.c, -O1
FAIL: gcc.c-torture/compile/921011-1.c, -O1
FAIL: gcc.c-torture/compile/921013-1.c, -O1
FAIL: gcc.c-torture/compile/921206-1.c, -O1
FAIL: gcc.c-torture/compile/930120-1.c, -O1
FAIL: gcc.c-torture/compile/930523-1.c, -O1
FAIL: gcc.c-torture/compile/980329-1.c, -O1
FAIL: gcc.c-torture/compile/20020604-1.c, -O1
FAIL: gcc.c-torture/compile/20020927-1.c, -O1
FAIL: gcc.c-torture/execute/20000314-2.c compilation, -O1
UNRESOLVED: gcc.c-torture/execute/20000314-2.c execution, -O1
FAIL: gcc.c-torture/execute/20000412-4.c compilation, -O1
UNRESOLVED: gcc.c-torture/execute/20000412-4.c execution, -O1
FAIL: gcc.c-torture/execute/20000503-1.c compilation, -O1
UNRESOLVED: gcc.c-torture/execute/20000503-1.c execution, -O1
FAIL: gcc.c-torture/execute/20000511-1.c compilation, -O1
UNRESOLVED: gcc.c-torture/execute/20000511-1.c execution, -O1
FAIL: gcc.c-torture/execute/20010221-1.c compilation, -O1
UNRESOLVED: gcc.c-torture/execute/20010221-1.c execution, -O1
FAIL: gcc.c-torture/execute/20020406-1.c compilation, -O1
UNRESOLVED: gcc.c-torture/execute/20020406-1.c execution, -O1
FAIL: gcc.c-torture/execute/20020615-1.c compilation, -O1
UNRESOLVED: gcc.c-torture/execute/20020615-1.c execution, -O1
FAIL: gcc.c-torture/execute/20020716-1.c compilation, -O1
UNRESOLVED: gcc.c-torture/execute/20020716-1.c execution, -O1
FAIL: gcc.c-torture/execute/930123-1.c compilation, -O1
UNRESOLVED: gcc.c-torture/execute/930123-1.c execution, -O1
FAIL: gcc.c-torture/execute/931012-1.c compilation, -O1
UNRESOLVED: gcc.c-torture/execute/931012-1.c execution, -O1
FAIL: gcc.dg/20020312-2.c (test for excess errors)
WARNING: gcc.dg/20020312-2.c compilation failed to produce executable
WARNING: gcc.dg/20021014-1.c compilation failed to produce executable
FAIL: gcc.dg/noncompile/incomplete-1.c (test for excess errors)
=== gcc Summary for unix/-fpic ===
# of expected passes 20253
# of unexpected failures 24
# of expected failures 62
# of unresolved testcases 10
# of unsupported tests 140
Running target unix
FAIL: gcc.c-torture/compile/20000802-1.c, -O1
WARNING: program timed out.
FAIL: gcc.c-torture/compile/20001226-1.c, -O3 -g
FAIL: gcc.c-torture/compile/900407-1.c, -O1
FAIL: gcc.c-torture/compile/920501-4.c, -O1
FAIL: gcc.c-torture/compile/921011-1.c, -O1
FAIL: gcc.c-torture/compile/921013-1.c, -O1
FAIL: gcc.c-torture/compile/921206-1.c, -O1
FAIL: gcc.c-torture/compile/930120-1.c, -O1
FAIL: gcc.c-torture/compile/930523-1.c, -O1
FAIL: gcc.c-torture/compile/980329-1.c, -O1
FAIL: gcc.c-torture/compile/20020604-1.c, -O1
FAIL: gcc.c-torture/compile/20020927-1.c, -O1
FAIL: gcc.c-torture/execute/20000314-2.c compilation, -O1
UNRESOLVED: gcc.c-torture/execute/20000314-2.c execution, -O1
FAIL: gcc.c-torture/execute/20000412-4.c compilation, -O1
UNRESOLVED: gcc.c-torture/execute/20000412-4.c execution, -O1
FAIL: gcc.c-torture/execute/20000503-1.c compilation, -O1
UNRESOLVED: gcc.c-torture/execute/20000503-1.c execution, -O1
FAIL: gcc.c-torture/execute/20000511-1.c compilation, -O1
UNRESOLVED: gcc.c-torture/execute/20000511-1.c execution, -O1
FAIL: gcc.c-torture/execute/20010221-1.c compilation, -O1
UNRESOLVED: gcc.c-torture/execute/20010221-1.c execution, -O1
FAIL: gcc.c-torture/execute/20020406-1.c compilation, -O1
UNRESOLVED: gcc.c-torture/execute/20020406-1.c execution, -O1
FAIL: gcc.c-torture/execute/20020615-1.c compilation, -O1
UNRESOLVED: gcc.c-torture/execute/20020615-1.c execution, -O1
FAIL: gcc.c-torture/execute/20020716-1.c compilation, -O1
UNRESOLVED: gcc.c-torture/execute/20020716-1.c execution, -O1
FAIL: gcc.c-torture/execute/930123-1.c compilation, -O1
UNRESOLVED: gcc.c-torture/execute/930123-1.c execution, -O1
FAIL: gcc.c-torture/execute/931012-1.c compilation, -O1
UNRESOLVED: gcc.c-torture/execute/931012-1.c execution, -O1
WARNING: gcc.dg/20021014-1.c compilation failed to produce executable
FAIL: gcc.dg/noncompile/incomplete-1.c (test for excess errors)
=== gcc Summary for unix ===
# of expected passes 20255
# of unexpected failures 23
# of expected failures 62
# of unresolved testcases 10
# of unsupported tests 140
=== gcc Summary ===
# of expected passes 80964
# of unexpected failures 136
# of unexpected successes 2
# of expected failures 252
# of unresolved testcases 43
# of unsupported tests 560
/teal/caip5/ghazi/gcc-testing/build/gcc/xgcc version 3.3 20021027 (experimental)
=== objc tests ===
Running target unix/-m64
=== objc Summary for unix/-m64 ===
# of expected passes 1153
Running target unix/-fPIC
=== objc Summary for unix/-fPIC ===
# of expected passes 1153
Running target unix/-fpic
=== objc Summary for unix/-fpic ===
# of expected passes 1153
Running target unix
=== objc Summary for unix ===
# of expected passes 1153
=== objc Summary ===
# of expected passes 4612
/teal/caip5/ghazi/gcc-testing/build/gcc/xgcc version 3.3 20021027 (experimental)
=== libjava tests ===
Running target unix/-m64
FAIL: OperatorBenchmark -O compilation from bytecode
FAIL: PR1343 compilation from bytecode
FAIL: PR1343 -O compilation from bytecode
FAIL: PR5913 -O compilation from source
FAIL: linking cxxtest
FAIL: noclass run
FAIL: FileHandleGcTest execution - source compiled test
FAIL: FileHandleGcTest execution - bytecode->native test
FAIL: FileHandleGcTest -O execution - source compiled test
FAIL: FileHandleGcTest -O execution - bytecode->native test
FAIL: PR3731 -O compilation from source
FAIL: TestProxy execution - source compiled test
FAIL: TestProxy execution - bytecode->native test
FAIL: TestProxy -O execution - source compiled test
FAIL: TestProxy -O execution - bytecode->native test
FAIL: instance -O compilation from source
FAIL: pr6388 output - source compiled test
FAIL: pr6388 output - bytecode->native test
FAIL: pr6388 -O output - source compiled test
FAIL: pr6388 -O output - bytecode->native test
=== libjava Summary for unix/-m64 ===
# of expected passes 2236
# of unexpected failures 20
# of expected failures 15
# of untested testcases 21
Running target unix/-fPIC
FAIL: PR1343 compilation from bytecode
FAIL: PR1343 -O compilation from bytecode
FAIL: PR5913 -O compilation from source
FAIL: PR5913 -O compilation from bytecode
FAIL: calls output
FAIL: linking cxxtest
FAIL: noclass run
FAIL: FileHandleGcTest execution - source compiled test
FAIL: FileHandleGcTest execution - bytecode->native test
FAIL: FileHandleGcTest -O execution - source compiled test
FAIL: FileHandleGcTest -O execution - bytecode->native test
FAIL: InterfaceDispatch -O compilation from bytecode
FAIL: PR3731 -O compilation from source
FAIL: TestProxy execution - source compiled test
FAIL: TestProxy execution - bytecode->native test
FAIL: TestProxy -O execution - source compiled test
FAIL: TestProxy -O execution - bytecode->native test
FAIL: Throw_2 execution - source compiled test
FAIL: Throw_2 execution - bytecode->native test
FAIL: Throw_2 -O execution - source compiled test
FAIL: Throw_2 -O execution - bytecode->native test
FAIL: instance -O compilation from source
FAIL: instance -O compilation from bytecode
FAIL: pr6388 output - source compiled test
FAIL: pr6388 output - bytecode->native test
FAIL: pr6388 -O output - source compiled test
FAIL: pr6388 -O output - bytecode->native test
=== libjava Summary for unix/-fPIC ===
# of expected passes 2221
# of unexpected failures 27
# of expected failures 15
# of untested testcases 29
Running target unix/-fpic
FAIL: PR1343 compilation from bytecode
FAIL: PR1343 -O compilation from bytecode
FAIL: PR5913 -O compilation from source
FAIL: PR5913 -O compilation from bytecode
FAIL: calls output
FAIL: linking cxxtest
FAIL: noclass run
FAIL: FileHandleGcTest execution - source compiled test
FAIL: FileHandleGcTest execution - bytecode->native test
FAIL: FileHandleGcTest -O execution - source compiled test
FAIL: FileHandleGcTest -O execution - bytecode->native test
FAIL: InterfaceDispatch -O compilation from bytecode
FAIL: PR3731 -O compilation from source
FAIL: TestProxy execution - source compiled test
FAIL: TestProxy execution - bytecode->native test
FAIL: TestProxy -O execution - source compiled test
FAIL: TestProxy -O execution - bytecode->native test
FAIL: Throw_2 execution - source compiled test
FAIL: Throw_2 execution - bytecode->native test
FAIL: Throw_2 -O execution - source compiled test
FAIL: Throw_2 -O execution - bytecode->native test
FAIL: instance -O compilation from source
FAIL: instance -O compilation from bytecode
FAIL: pr6388 output - source compiled test
FAIL: pr6388 output - bytecode->native test
FAIL: pr6388 -O output - source compiled test
FAIL: pr6388 -O output - bytecode->native test
=== libjava Summary for unix/-fpic ===
# of expected passes 2221
# of unexpected failures 27
# of expected failures 15
# of untested testcases 29
Running target unix
FAIL: PR1343 compilation from bytecode
FAIL: PR1343 -O compilation from bytecode
FAIL: PR5913 -O compilation from source
FAIL: PR5913 -O compilation from bytecode
FAIL: calls output
FAIL: linking cxxtest
FAIL: noclass run
FAIL: FileHandleGcTest execution - source compiled test
FAIL: FileHandleGcTest execution - bytecode->native test
FAIL: FileHandleGcTest -O execution - source compiled test
FAIL: FileHandleGcTest -O execution - bytecode->native test
FAIL: InterfaceDispatch -O compilation from bytecode
FAIL: PR3731 -O compilation from source
FAIL: TestProxy execution - source compiled test
FAIL: TestProxy execution - bytecode->native test
FAIL: TestProxy -O execution - source compiled test
FAIL: TestProxy -O execution - bytecode->native test
FAIL: Throw_2 execution - source compiled test
FAIL: Throw_2 execution - bytecode->native test
FAIL: Throw_2 -O execution - source compiled test
FAIL: Throw_2 -O execution - bytecode->native test
FAIL: instance -O compilation from source
FAIL: instance -O compilation from bytecode
FAIL: pr6388 output - source compiled test
FAIL: pr6388 output - bytecode->native test
FAIL: pr6388 -O output - source compiled test
FAIL: pr6388 -O output - bytecode->native test
=== libjava Summary for unix ===
# of expected passes 2221
# of unexpected failures 27
# of expected failures 15
# of untested testcases 29
=== libjava Summary ===
# of expected passes 8899
# of unexpected failures 101
# of expected failures 60
# of untested testcases 108
=== libstdc++-v3 tests ===
Running target unix/-m64
XPASS: 22_locale/collate_members_wchar_t.cc execution test
XPASS: 22_locale/ctype_is_wchar_t.cc execution test
XPASS: 22_locale/money_get_members_wchar_t.cc execution test
XPASS: 22_locale/money_put_members_wchar_t.cc execution test
XPASS: 22_locale/moneypunct_members_wchar_t.cc execution test
XPASS: 22_locale/num_get_members_wchar_t.cc execution test
XPASS: 22_locale/num_put_members_wchar_t.cc execution test
XPASS: 22_locale/numpunct_members_wchar_t.cc execution test
XPASS: 22_locale/time_get_members_wchar_t.cc execution test
XPASS: 22_locale/time_put_members_wchar_t.cc execution test
WARNING: program timed out.
FAIL: 27_io/ios_base_storage.cc execution test
FAIL: 27_io/istream_extractor_arith.cc execution test
=== libstdc++-v3 Summary for unix/-m64 ===
# of expected passes 416
# of unexpected failures 2
# of unexpected successes 10
# of expected failures 17
Running target unix/-fPIC
XPASS: 22_locale/collate_members_wchar_t.cc execution test
XPASS: 22_locale/ctype_is_wchar_t.cc execution test
XPASS: 22_locale/money_get_members_wchar_t.cc execution test
XPASS: 22_locale/money_put_members_wchar_t.cc execution test
XPASS: 22_locale/moneypunct_members_wchar_t.cc execution test
XPASS: 22_locale/num_get_members_wchar_t.cc execution test
XPASS: 22_locale/num_put_members_wchar_t.cc execution test
XPASS: 22_locale/numpunct_members_wchar_t.cc execution test
XPASS: 22_locale/time_get_members_wchar_t.cc execution test
XPASS: 22_locale/time_put_members_wchar_t.cc execution test
FAIL: 27_io/istream_extractor_arith.cc execution test
WARNING: program timed out.
FAIL: 27_io/ofstream_members.cc (test for excess errors)
WARNING: 27_io/ofstream_members.cc compilation failed to produce executable
=== libstdc++-v3 Summary for unix/-fPIC ===
# of expected passes 415
# of unexpected failures 2
# of unexpected successes 10
# of expected failures 17
Running target unix/-fpic
XPASS: 22_locale/collate_members_wchar_t.cc execution test
XPASS: 22_locale/ctype_is_wchar_t.cc execution test
XPASS: 22_locale/money_get_members_wchar_t.cc execution test
XPASS: 22_locale/money_put_members_wchar_t.cc execution test
XPASS: 22_locale/moneypunct_members_wchar_t.cc execution test
XPASS: 22_locale/num_get_members_wchar_t.cc execution test
XPASS: 22_locale/num_put_members_wchar_t.cc execution test
XPASS: 22_locale/numpunct_members_wchar_t.cc execution test
XPASS: 22_locale/time_get_members_wchar_t.cc execution test
XPASS: 22_locale/time_put_members_wchar_t.cc execution test
FAIL: 27_io/istream_extractor_arith.cc execution test
=== libstdc++-v3 Summary for unix/-fpic ===
# of expected passes 417
# of unexpected failures 1
# of unexpected successes 10
# of expected failures 17
Running target unix
XPASS: 22_locale/collate_members_wchar_t.cc execution test
XPASS: 22_locale/ctype_is_wchar_t.cc execution test
XPASS: 22_locale/money_get_members_wchar_t.cc execution test
XPASS: 22_locale/money_put_members_wchar_t.cc execution test
XPASS: 22_locale/moneypunct_members_wchar_t.cc execution test
XPASS: 22_locale/num_get_members_wchar_t.cc execution test
XPASS: 22_locale/num_put_members_wchar_t.cc execution test
XPASS: 22_locale/numpunct_members_wchar_t.cc execution test
XPASS: 22_locale/time_get_members_wchar_t.cc execution test
XPASS: 22_locale/time_put_members_wchar_t.cc execution test
FAIL: 27_io/istream_extractor_arith.cc execution test
=== libstdc++-v3 Summary for unix ===
# of expected passes 417
# of unexpected failures 1
# of unexpected successes 10
# of expected failures 17
=== libstdc++-v3 Summary ===
# of expected passes 1665
# of unexpected failures 6
# of unexpected successes 40
# of expected failures 68
Compiler version: 3.3 20021027 (experimental)
Platform: sparc-sun-solaris2.7
configure flags: --host=sparc-sun-solaris2.7 --verbose