This is the mail archive of the
gcc-testresults@gcc.gnu.org
mailing list for the GCC project.
Results for 3.2.1 20021020 (Debian prerelease) testsuite on i386-pc-linux-gnu
- From: Jan-Hendrik Palic <palic at addix dot net>
- To: gcc-testresults at gcc dot gnu dot org, gcc at packages dot debian dot org, palic at addix dot net
- Date: Fri, 25 Oct 2002 19:44:50 +0200
- Subject: Results for 3.2.1 20021020 (Debian prerelease) testsuite on i386-pc-linux-gnu
LAST_UPDATED: Sun Oct 20 08:01:17 UTC 2002
Native configuration is i386-pc-linux-gnu
=== g77 tests ===
Running target unix
=== g77 Summary ===
# of expected passes 1452
# of unsupported tests 8
/mnt/compile/gcc/gcc-3.2-3.2.1ds3/build/gcc/testsuite/../g77 version 3.2.1 20021020 (Debian prerelease)
=== gcc tests ===
Running target unix
FAIL: gcc.c-torture/compile/20020927-1.c, -O3 -fomit-frame-pointer
FAIL: gcc.c-torture/compile/20020927-1.c, -O3 -fomit-frame-pointer -funroll-loops
FAIL: gcc.c-torture/compile/20020927-1.c, -O3 -fomit-frame-pointer -funroll-all-loops -finline-functions
FAIL: gcc.c-torture/compile/20020927-1.c, -O3 -g
FAIL: gcc.c-torture/execute/loop-2e.c execution, -Os
FAIL: gcc.c-torture/execute/loop-3c.c execution, -Os
=== gcc Summary ===
# of expected passes 18751
# of unexpected failures 6
# of expected failures 66
# of unsupported tests 43
/mnt/compile/gcc/gcc-3.2-3.2.1ds3/build/gcc/xgcc version 3.2.1 20021020 (Debian prerelease)
=== g++ tests ===
Running target unix
XPASS: g++.other/init5.C Execution test
=== g++ Summary ===
# of expected passes 7307
# of unexpected successes 1
# of expected failures 88
# of untested testcases 9
# of unsupported tests 3
/mnt/compile/gcc/gcc-3.2-3.2.1ds3/build/gcc/testsuite/../g++ version 3.2.1 20021020 (Debian prerelease)
=== objc tests ===
Running target unix
=== objc Summary ===
# of expected passes 1035
# of expected failures 6
/mnt/compile/gcc/gcc-3.2-3.2.1ds3/build/gcc/xgcc version 3.2.1 20021020 (Debian prerelease)
=== libjava tests ===
Running target unix
=== libjava Summary ===
# of expected passes 2075
# of expected failures 18
# of untested testcases 14
=== libstdc++-v3 tests ===
Running target unix
XPASS: 22_locale/collate_byname.cc execution test
FAIL: 22_locale/ctor_copy_dtor.cc execution test
XPASS: 22_locale/ctype_is_char.cc execution test
XPASS: 22_locale/ctype_is_wchar_t.cc execution test
FAIL: 22_locale/facet.cc execution test
XPASS: 22_locale/moneypunct_byname.cc execution test
FAIL: 26_numerics/c99_classification_macros_c.cc (test for excess errors)
=== libstdc++-v3 Summary ===
# of expected passes 406
# of unexpected failures 3
# of unexpected successes 4
# of expected failures 22
Compiler version: 3.2.1 20021020 (Debian prerelease)
Platform: i386-pc-linux-gnu
configure flags: --host=i386-linux -v --enable-languages=c,c++,java,f77,proto,objc,ada --prefix=/usr --mandir=/usr/share/man --infodir=/usr/share/info --with-gxx-include-dir=/usr/include/c++/3.2 --enable-shared --with-system-zlib --enable-nls --without-included-gettext --enable-__cxa_atexit --enable-java-gc=boehm --enable-objc-gc
BOOT_CFLAGS=-O2