This is the mail archive of the
gcc-testresults@gcc.gnu.org
mailing list for the GCC project.
Results for 3.4-bi20021020(experimental) testsuite on i686-pc-linux-gnu
- From: "Autocrasher" <no_such_username at devphil dot com>
- To: gcc-testresults at gcc dot gnu dot org
- Date: 25 Oct 2002 12:00:01 -0000
- Subject: Results for 3.4-bi20021020(experimental) testsuite on i686-pc-linux-gnu
The configure/build/test log and libstdc++-v3 regression plots can be
found at http://www.devphil.com/build/
Host was specified as athlon_mp-pc-linux-gnu.
This particular run used standard (previously installed) binutils.
- The Autocrasher (Phil's Builder Bot, version 1.0)
LAST_UPDATED: Fri Oct 25 10:39:17 UTC 2002
Native configuration is i686-pc-linux-gnu
=== libstdc++-v3 tests ===
Running target unix
XPASS: 22_locale/collate_byname.cc execution test
XPASS: 22_locale/collate_members_char.cc execution test
XPASS: 22_locale/collate_members_wchar_t.cc execution test
XPASS: 22_locale/ctype_is_char.cc execution test
XPASS: 22_locale/ctype_is_wchar_t.cc execution test
XPASS: 22_locale/members.cc execution test
XPASS: 22_locale/money_get_members_char.cc execution test
XPASS: 22_locale/money_get_members_wchar_t.cc execution test
XPASS: 22_locale/money_put_members_char.cc execution test
XPASS: 22_locale/money_put_members_wchar_t.cc execution test
XPASS: 22_locale/moneypunct_byname.cc execution test
XPASS: 22_locale/moneypunct_members_char.cc execution test
XPASS: 22_locale/moneypunct_members_wchar_t.cc execution test
XPASS: 22_locale/num_get_members_char.cc execution test
XPASS: 22_locale/num_get_members_wchar_t.cc execution test
XPASS: 22_locale/num_put_members_char.cc execution test
XPASS: 22_locale/num_put_members_wchar_t.cc execution test
XPASS: 22_locale/numpunct_byname.cc execution test
XPASS: 22_locale/numpunct_members_char.cc execution test
XPASS: 22_locale/numpunct_members_wchar_t.cc execution test
XPASS: 22_locale/time_get_members_char.cc execution test
XPASS: 22_locale/time_get_members_wchar_t.cc execution test
XPASS: 22_locale/time_put_members_char.cc execution test
XPASS: 22_locale/time_put_members_wchar_t.cc execution test
FAIL: 26_numerics/c99_classification_macros_c.cc (test for excess errors)
=== libstdc++-v3 Summary ===
# of expected passes 417
# of unexpected failures 1
# of unexpected successes 24
# of expected failures 3
=== g++ tests ===
Running target unix
FAIL: g++.dg/inherit/override1.C (test for excess errors)
FAIL: g++.dg/warn/Wunused-2.C (test for warnings, line 5)
FAIL: g++.dg/tls/init-2.C (test for excess errors)
XPASS: g++.other/init5.C Execution test
=== g++ Summary ===
# of expected passes 7779
# of unexpected failures 3
# of unexpected successes 1
# of expected failures 91
# of untested testcases 9
# of unsupported tests 3
/home/pme/build/build-2002-10-25-bib/gcc/testsuite/../g++ version 3.4-bi 20021020 (experimental)
Compiler version: 3.4-bi20021020(experimental)
Platform: i686-pc-linux-gnu
configure flags: --prefix=/home/pme/build/install-2002-10-25-bib --enable-shared --disable-nls --host=athlon_mp-pc-linux-gnu --enable-threads=posix --enable-__cxa_atexit --enable-languages=c++ --with-dwarf2 --enable-cxx-flags=-march=athlon-mp