This is the mail archive of the
gcc-testresults@gcc.gnu.org
mailing list for the GCC project.
Results for 3.2.1 20021024 (prerelease) testsuite on sparc-sun-solaris2.9
- From: Mark Mitchell (pfeifer) <mitchell at dbai dot tuwien dot ac dot at>
- To: gcc-testresults at gcc dot gnu dot org
- Date: Fri, 25 Oct 2002 09:31:34 +0200 (CEST)
- Subject: Results for 3.2.1 20021024 (prerelease) testsuite on sparc-sun-solaris2.9
LAST_UPDATED: Thu Oct 24 23:43:33 UTC 2002
Native configuration is sparc-sun-solaris2.9
=== g++ tests ===
Running target unix
FAIL: g++.dg/special/conpr-2.C execution test
FAIL: g++.dg/special/conpr-3.C execution test
FAIL: g++.dg/special/initp1.C execution test
FAIL: g++.bugs/900215_02.C (test for errors, line 43)
FAIL: g++.bugs/900215_02.C (test for errors, line 44)
FAIL: g++.bugs/900215_02.C (test for excess errors)
FAIL: g++.ns/bogus1.C cannot use \`::' in parameter declaration (test for errors, line 5)
FAIL: g++.ns/bogus1.C invalid use of \`::' (test for errors, line 9)
FAIL: g++.ns/bogus1.C (test for excess errors)
=== g++ Summary ===
# of expected passes 7286
# of unexpected failures 9
# of expected failures 89
# of untested testcases 21
# of unsupported tests 4
/files/mitchell/gcc_auto_build/gcc/sparc-sun-solaris2.9/gcc/testsuite/../g++ version 3.2.1 20021024 (prerelease)
=== g77 tests ===
Running target unix
=== g77 Summary ===
# of expected passes 1452
# of unsupported tests 8
/files/mitchell/gcc_auto_build/gcc/sparc-sun-solaris2.9/gcc/testsuite/../g77 version 3.2.1 20021024 (prerelease)
=== gcc tests ===
Running target unix
FAIL: gcc.dg/cpp/redef2.c prev def va (test for warnings, line 14)
FAIL: gcc.dg/cpp/redef2.c (test for excess errors)
FAIL: gcc.dg/20021014-1.c (test for excess errors)
WARNING: gcc.dg/20021014-1.c compilation failed to produce executable
=== gcc Summary ===
# of expected passes 18365
# of unexpected failures 3
# of expected failures 66
# of unsupported tests 111
/files/mitchell/gcc_auto_build/gcc/sparc-sun-solaris2.9/gcc/xgcc version 3.2.1 20021024 (prerelease)
=== objc tests ===
Running target unix
=== objc Summary ===
# of expected passes 1035
# of expected failures 6
/files/mitchell/gcc_auto_build/gcc/sparc-sun-solaris2.9/gcc/xgcc version 3.2.1 20021024 (prerelease)
=== libjava tests ===
Running target unix
FAIL: FileHandleGcTest execution from source compiled test
FAIL: FileHandleGcTest execution from bytecode->native test
FAIL: FileHandleGcTest -O execution from source compiled test
FAIL: FileHandleGcTest -O execution from bytecode->native test
ERROR: No \`main' given in program PR3731
UNRESOLVED: PR5057 compilation from source
FAIL: Throw_2 execution from source compiled test
FAIL: Throw_2 execution from bytecode->native test
FAIL: Throw_2 -O execution from source compiled test
FAIL: Throw_2 -O execution from bytecode->native test
ERROR: No \`main' given in program indirect_write
UNRESOLVED: indirect_write -O compilation from source
ERROR: No \`main' given in program search_outer
UNRESOLVED: search_outer -O compilation from source
=== libjava Summary ===
# of expected passes 2033
# of unexpected failures 8
# of expected failures 18
# of unresolved testcases 3
# of untested testcases 22
=== libstdc++-v3 tests ===
Running target unix
XPASS: 22_locale/collate_members_wchar_t.cc execution test
XPASS: 22_locale/ctype_is_wchar_t.cc execution test
XPASS: 22_locale/money_get_members_wchar_t.cc execution test
XPASS: 22_locale/money_put_members_wchar_t.cc execution test
XPASS: 22_locale/moneypunct_members_wchar_t.cc execution test
XPASS: 22_locale/num_get_members_wchar_t.cc execution test
XPASS: 22_locale/num_put_members_wchar_t.cc execution test
XPASS: 22_locale/numpunct_members_wchar_t.cc execution test
XPASS: 22_locale/time_get_members_wchar_t.cc execution test
XPASS: 22_locale/time_put_members_wchar_t.cc execution test
FAIL: 27_io/istream_extractor_arith.cc execution test
=== libstdc++-v3 Summary ===
# of expected passes 408
# of unexpected failures 1
# of unexpected successes 10
# of expected failures 16
Compiler version: 3.2.1 20021024 (prerelease)
Platform: sparc-sun-solaris2.9
configure flags: --host=sparc-sun-solaris2.9 --prefix=/files/mitchell/gcc_auto_build/install/sparc-sun-solaris2.9