This is the mail archive of the
gcc-testresults@gcc.gnu.org
mailing list for the GCC project.
Results for 3.2.1 20021022 (prerelease) testsuite on i686-pc-linux-gnu
- From: Greg Schafer <gws at tigers-lfs dot local>
- To: gcc-testresults at gcc dot gnu dot org
- Date: Wed, 23 Oct 2002 17:35:57 +1000
- Subject: Results for 3.2.1 20021022 (prerelease) testsuite on i686-pc-linux-gnu
LAST_UPDATED: Wed Oct 23 05:08:46 UTC 2002
Native configuration is i686-pc-linux-gnu
=== g++ tests ===
Running target unix
XPASS: g++.other/init5.C Execution test
=== g++ Summary ===
# of expected passes 7310
# of unexpected successes 1
# of expected failures 88
# of untested testcases 9
# of unsupported tests 3
/mnt/hdb7/gcc/branch/gcc-build/gcc/testsuite/../g++ version 3.2.1 20021022 (prerelease)
=== gcc tests ===
Running target unix
FAIL: gcc.c-torture/compile/20020927-1.c, -O3 -fomit-frame-pointer
FAIL: gcc.c-torture/compile/20020927-1.c, -O3 -fomit-frame-pointer -funroll-loops
FAIL: gcc.c-torture/compile/20020927-1.c, -O3 -fomit-frame-pointer -funroll-all-loops -finline-functions
FAIL: gcc.c-torture/compile/20020927-1.c, -O3 -g
FAIL: gcc.c-torture/execute/20020307-2.c execution, -O1
FAIL: gcc.c-torture/execute/20020307-2.c execution, -O2
FAIL: gcc.c-torture/execute/20020307-2.c execution, -O3 -fomit-frame-pointer
FAIL: gcc.c-torture/execute/20020307-2.c execution, -O3 -fomit-frame-pointer -funroll-loops
FAIL: gcc.c-torture/execute/20020307-2.c execution, -O3 -fomit-frame-pointer -funroll-all-loops -finline-functions
FAIL: gcc.c-torture/execute/20020307-2.c execution, -O3 -g
=== gcc Summary ===
# of expected passes 18763
# of unexpected failures 10
# of expected failures 68
# of unsupported tests 44
/mnt/hdb7/gcc/branch/gcc-build/gcc/xgcc version 3.2.1 20021022 (prerelease)
=== libstdc++-v3 tests ===
Running target unix
XPASS: 22_locale/collate_byname.cc execution test
XPASS: 22_locale/collate_members_char.cc execution test
XPASS: 22_locale/collate_members_wchar_t.cc execution test
XPASS: 22_locale/ctype_is_char.cc execution test
XPASS: 22_locale/ctype_is_wchar_t.cc execution test
XPASS: 22_locale/members.cc execution test
XPASS: 22_locale/messages_byname.cc execution test
XPASS: 22_locale/messages_members_char.cc execution test
XPASS: 22_locale/money_get_members_char.cc execution test
XPASS: 22_locale/money_get_members_wchar_t.cc execution test
XPASS: 22_locale/money_put_members_char.cc execution test
XPASS: 22_locale/money_put_members_wchar_t.cc execution test
XPASS: 22_locale/moneypunct_byname.cc execution test
XPASS: 22_locale/moneypunct_members_char.cc execution test
XPASS: 22_locale/moneypunct_members_wchar_t.cc execution test
XPASS: 22_locale/num_get_members_char.cc execution test
XPASS: 22_locale/num_get_members_wchar_t.cc execution test
XPASS: 22_locale/num_put_members_char.cc execution test
XPASS: 22_locale/num_put_members_wchar_t.cc execution test
XPASS: 22_locale/numpunct_byname.cc execution test
XPASS: 22_locale/numpunct_members_char.cc execution test
XPASS: 22_locale/numpunct_members_wchar_t.cc execution test
XPASS: 22_locale/time_get_members_char.cc execution test
XPASS: 22_locale/time_get_members_wchar_t.cc execution test
XPASS: 22_locale/time_put_members_char.cc execution test
XPASS: 22_locale/time_put_members_wchar_t.cc execution test
FAIL: 26_numerics/c99_classification_macros_c.cc (test for excess errors)
=== libstdc++-v3 Summary ===
# of expected passes 408
# of unexpected failures 1
# of unexpected successes 26
Compiler version: 3.2.1 20021022 (prerelease)
Platform: i686-pc-linux-gnu
configure flags: --host=i686-pc-linux-gnu --prefix=/opt/gcc-3.2.1 --enable-shared --enable-languages=c,c++ --enable-threads=posix --enable-__cxa_atexit