This is the mail archive of the
gcc-testresults@gcc.gnu.org
mailing list for the GCC project.
Results for 3.3 20021018 (experimental) testsuite on i686-pc-linux-gnu
- From: Andrew Pinski <pinskia at physics dot uc dot edu>
- To: gcc-testresults at gcc dot gnu dot org
- Date: Fri, 18 Oct 2002 12:23:57 -0400
- Subject: Results for 3.3 20021018 (experimental) testsuite on i686-pc-linux-gnu
LAST_UPDATED: Fri Oct 18 08:00:39 UTC 2002
Native configuration is i686-pc-linux-gnu
=== g77 tests ===
Running target unix
FAIL: g77.dg/7388.f execution test
FAIL: g77.dg/7388.f execution test
FAIL: g77.dg/7388.f execution test
FAIL: g77.dg/7388.f execution test
FAIL: g77.dg/7388.f execution test
=== g77 Summary ===
# of expected passes 1649
# of unexpected failures 5
/home/gates/pinskia/src/gnu/gcc/src/objdir.linux/gcc/testsuite/../g77 version 3.3 20021018 (experimental)
=== gcc tests ===
Running target unix
FAIL: gcc.dg/i386-ssetype-5.c scan-assembler movdqa
FAIL: gcc.dg/noncompile/incomplete-1.c (test for excess errors)
=== gcc Summary ===
# of expected passes 21193
# of unexpected failures 2
# of expected failures 64
# of unsupported tests 65
/home/gates/pinskia/src/gnu/gcc/src/objdir.linux/gcc/xgcc version 3.3 20021018 (experimental)
=== g++ tests ===
Running target unix
FAIL: g++.dg/compat/abi/bitfield1 x_tst.o-y_tst.o execute
FAIL: g++.dg/compat/abi/bitfield2 x_tst.o-y_tst.o execute
FAIL: g++.dg/compat/abi/vbase8-10 x_tst.o-y_tst.o execute
FAIL: g++.dg/compat/abi/vbase8-21 x_tst.o-y_tst.o execute
FAIL: g++.dg/compat/abi/vbase8-22 x_tst.o-y_tst.o execute
FAIL: g++.dg/compat/abi/vbase8-4 x_tst.o-y_tst.o execute
FAIL: g++.dg/compat/break/bitfield5 x_tst.o-y_tst.o execute
FAIL: g++.dg/compat/break/bitfield7 x_tst.o-y_tst.o execute
FAIL: g++.dg/compat/break/empty6 x_tst.o-y_tst.o execute
FAIL: g++.dg/compat/break/vbase10 x_tst.o-y_tst.o execute
FAIL: g++.dg/compat/break/vbase11 x_tst.o-y_tst.o execute
FAIL: g++.dg/compat/eh/ctor1 x_tst.o-y_tst.o execute
FAIL: g++.dg/compat/eh/ctor2 x_tst.o-y_tst.o execute
FAIL: g++.dg/compat/eh/dtor1 x_tst.o-y_tst.o execute
FAIL: g++.dg/compat/eh/filter1 x_tst.o-y_tst.o execute
FAIL: g++.dg/compat/eh/filter2 x_tst.o-y_tst.o execute
FAIL: g++.dg/compat/eh/new1 x_tst.o-y_tst.o execute
FAIL: g++.dg/compat/eh/nrv1 x_tst.o-y_tst.o execute
FAIL: g++.dg/compat/eh/spec3 x_tst.o-y_tst.o execute
FAIL: g++.dg/compat/eh/template1 x_tst.o-y_tst.o execute
FAIL: g++.dg/compat/eh/unexpected1 x_tst.o-y_tst.o execute
FAIL: g++.dg/compat/init/array5 x_tst.o-y_tst.o execute
FAIL: g++.dg/compat/init/byval1 x_tst.o-y_tst.o execute
FAIL: g++.dg/compat/init/dtor1 x_tst.o-y_tst.o execute
FAIL: g++.dg/compat/init/elide1 x_tst.o-y_tst.o execute
FAIL: g++.dg/compat/init/init-ref2 x_tst.o-y_tst.o execute
FAIL: g++.dg/warn/Wunused-2.C (test for warnings, line 5)
FAIL: g++.dg/tls/init-2.C (test for excess errors)
XPASS: g++.other/init5.C Execution test
=== g++ Summary ===
# of expected passes 7748
# of unexpected failures 28
# of unexpected successes 1
# of expected failures 91
# of untested testcases 9
# of unsupported tests 3
/home/gates/pinskia/src/gnu/gcc/src/objdir.linux/gcc/testsuite/../g++ version 3.3 20021018 (experimental)
=== objc tests ===
Running target unix
=== objc Summary ===
# of expected passes 1153
/home/gates/pinskia/src/gnu/gcc/src/objdir.linux/gcc/xgcc version 3.3 20021018 (experimental)
=== libjava tests ===
Running target unix
FAIL: PR1343 compilation from bytecode
FAIL: PR1343 -O compilation from bytecode
FAIL: Mauve build
=== libjava Summary ===
# of expected passes 2768
# of unexpected failures 3
# of expected failures 14
# of untested testcases 8
=== libstdc++-v3 tests ===
Running target unix
XPASS: 22_locale/ctype_is_wchar_t.cc execution test
FAIL: 26_numerics/c99_classification_macros_c.cc (test for excess errors)
=== libstdc++-v3 Summary ===
# of expected passes 417
# of unexpected failures 1
# of unexpected successes 1
# of expected failures 26
Compiler version: 3.3 20021018 (experimental)
Platform: i686-pc-linux-gnu
configure flags: --host=i686-pc-linux-gnu --target=i686-pc-linux-gnu --enable-__cxa_atexit --prefix=/home/gates/pinskia/linux --enable-threads=posix --enable-shared