This is the mail archive of the
gcc-testresults@gcc.gnu.org
mailing list for the GCC project.
Results for 3.3 20021014 (experimental) testsuite on sparc-sun-solaris2.8
- From: Brad Lucier <lucier at math dot purdue dot edu>
- To: gcc-testresults at gcc dot gnu dot org
- Date: Tue, 15 Oct 2002 00:29:16 -0500 (EST)
- Subject: Results for 3.3 20021014 (experimental) testsuite on sparc-sun-solaris2.8
LAST_UPDATED: Mon Oct 14 21:30:58 UTC 2002
Native configuration is sparc-sun-solaris2.8
=== g++ tests ===
Running target unix
FAIL: g++.dg/warn/Wunused-2.C (test for warnings, line 5)
FAIL: g++.dg/special/conpr-2.C execution test
FAIL: g++.dg/special/conpr-3.C execution test
FAIL: g++.dg/special/initp1.C execution test
=== g++ Summary ===
# of expected passes 7568
# of unexpected failures 4
# of expected failures 92
# of untested testcases 21
# of unsupported tests 7
/export/u3/lucier/programs/gcc/gcc-3.3/objdir/gcc/testsuite/../g++ version 3.3 20021014 (experimental)
=== g77 tests ===
Running target unix
FAIL: g77.dg/7388.f execution test
FAIL: g77.dg/7388.f execution test
=== g77 Summary ===
# of expected passes 1636
# of unexpected failures 2
# of unsupported tests 8
/export/u3/lucier/programs/gcc/gcc-3.3/objdir/gcc/testsuite/../g77 version 3.3 20021014 (experimental)
=== gcc tests ===
Running target unix
FAIL: gcc.dg/20021014-1.c (test for excess errors)
WARNING: gcc.dg/20021014-1.c compilation failed to produce executable
FAIL: gcc.dg/noncompile/incomplete-1.c (test for excess errors)
=== gcc Summary ===
# of expected passes 20500
# of unexpected failures 2
# of expected failures 62
# of unsupported tests 134
/export/u3/lucier/programs/gcc/gcc-3.3/objdir/gcc/xgcc version 3.3 20021014 (experimental)
=== objc tests ===
Running target unix
=== objc Summary ===
# of expected passes 1153
/export/u3/lucier/programs/gcc/gcc-3.3/objdir/gcc/xgcc version 3.3 20021014 (experimental)
=== libjava tests ===
Running target unix
FAIL: PR1343 compilation from bytecode
FAIL: PR1343 -O compilation from bytecode
FAIL: noclass run
FAIL: FileHandleGcTest execution - source compiled test
FAIL: FileHandleGcTest execution - bytecode->native test
FAIL: FileHandleGcTest -O execution - source compiled test
FAIL: FileHandleGcTest -O execution - bytecode->native test
FAIL: StaticConstructor compilation from source
FAIL: StaticConstructor byte compilation
FAIL: StaticConstructor -O compilation from source
FAIL: StaticConstructor byte compilation
FAIL: TestProxy execution - source compiled test
FAIL: TestProxy execution - bytecode->native test
FAIL: TestProxy -O execution - source compiled test
FAIL: TestProxy -O execution - bytecode->native test
FAIL: Throw_2 execution - source compiled test
FAIL: Throw_2 execution - bytecode->native test
FAIL: Throw_2 -O execution - source compiled test
FAIL: Throw_2 -O execution - bytecode->native test
=== libjava Summary ===
# of expected passes 2214
# of unexpected failures 19
# of expected failures 14
# of untested testcases 31
=== libstdc++-v3 tests ===
Running target unix
XPASS: 22_locale/collate_members_wchar_t.cc execution test
XPASS: 22_locale/ctype_is_wchar_t.cc execution test
XPASS: 22_locale/money_get_members_wchar_t.cc execution test
XPASS: 22_locale/money_put_members_wchar_t.cc execution test
XPASS: 22_locale/moneypunct_members_wchar_t.cc execution test
XPASS: 22_locale/num_get_members_wchar_t.cc execution test
XPASS: 22_locale/num_put_members_wchar_t.cc execution test
XPASS: 22_locale/numpunct_members_wchar_t.cc execution test
FAIL: 22_locale/static_members.cc execution test
XPASS: 22_locale/time_get_members_wchar_t.cc execution test
XPASS: 22_locale/time_put_members_wchar_t.cc execution test
FAIL: 27_io/istream_extractor_arith.cc execution test
=== libstdc++-v3 Summary ===
# of expected passes 416
# of unexpected failures 2
# of unexpected successes 10
# of expected failures 17
Compiler version: 3.3 20021014 (experimental)
Platform: sparc-sun-solaris2.8
configure flags: --host=sparc-sun-solaris2.8 --prefix=/home/c/lucier/local/gcc-test
Counting all warnings,
there are 24 warnings in stage3 of this bootstrap.
Number of warnings per file:
4 gcc/unwind-dw2.c
4 gcc/libgcc2.c
2 gcc/tree-inline.c
2 gcc/java/lex.c
2 gcc/java/lang.c
2 gcc/gcc.c
2 gcc/f/sta.c
2 gcc/calls.c
2 /pkgs/gnu/share/bison.simple
1 gcc/java/jvspec.c
1 gcc/java/jcf-parse.c
Number of warning types:
4 implicit declaration of function \`???'
4 \`???' might be used uninitialized in this function
3 comparison between signed and unsigned
2 string length \`???' is greater than the length \`???' ISO C89 compilers are required to support
2 missing braces around initializer
2 function declaration isn't a prototype
2 dereferencing type-punned pointer will break strict-aliasing rules
2 (near initialization for \`???')
1 traditional C rejects string concatenation
1 signed and unsigned type in conditional expression
1 passing arg ??? of \`???' from incompatible pointer type