This is the mail archive of the
gcc-testresults@gcc.gnu.org
mailing list for the GCC project.
Results for 3.3 20021007 (experimental) testsuite on i686-pc-cygwin
- From: Tim Prince <tprince at computer dot org>
- To: gcc-testresults at gcc dot gnu dot org
- Date: Tue, 8 Oct 2002 05:26:18 -0700
- Subject: Results for 3.3 20021007 (experimental) testsuite on i686-pc-cygwin
- Reply-to: tprince at computer dot org
Native configuration is i686-pc-cygwin
=== g++ tests ===
Running target unix
FAIL: g++.dg/ext/instantiate3.C scan-assembler-not
FAIL: g++.dg/opt/vt1.C scan-assembler-not section[^
WARNING: program timed out.
FAIL: g++.dg/parse/stack1.C (test for excess errors)
FAIL: g++.dg/template/union1.C (test for excess errors)
WARNING: g++.dg/template/union1.C compilation failed to produce executable
FAIL: g++.dg/warn/Wunused-2.C (test for warnings, line 5)
FAIL: g++.dg/special/conpr-1.C execution test
FAIL: g++.dg/special/conpr-2.C execution test
FAIL: g++.dg/special/conpr-3.C execution test
FAIL: g++.dg/special/conpr-3.C execution test
FAIL: g++.dg/special/initp1.C execution test
FAIL: g++.eh/badalloc1.C Execution test
XPASS: g++.ext/attrib5.C Execution test
XPASS: g++.jason/template18.C Execution test
FAIL: g++.pt/instantiate4.C (test for excess errors)
FAIL: g++.pt/instantiate6.C (test for excess errors)
FAIL: g++.pt/repo2.C (test for excess errors)
=== g++ Summary ===
# of expected passes 7555
# of unexpected failures 14
# of unexpected successes 2
# of expected failures 92
# of untested testcases 15
# of unsupported tests 3
/gcc-20020930/w2k/gcc/testsuite/../g++ version 3.3 20021007 (experimental)
=== g77 tests ===
Running target unix
FAIL: g77.dg/7388.f execution test
FAIL: g77.dg/7388.f execution test
FAIL: g77.dg/7388.f execution test
FAIL: g77.dg/7388.f execution test
FAIL: g77.dg/7388.f execution test
=== g77 Summary ===
# of expected passes 1649
# of unexpected failures 5
/gcc-20020930/w2k/gcc/testsuite/../g77 version 3.3 20021007 (experimental)
=== gcc tests ===
Running target unix
XPASS: gcc.c-torture/execute/loop-2e.c execution, -Os
FAIL: gcc.dg/noncompile/incomplete-1.c (test for excess errors)
=== gcc Summary ===
# of expected passes 20541
# of unexpected failures 1
# of unexpected successes 1
# of expected failures 58
# of unsupported tests 70
/gcc-20020930/w2k/gcc/xgcc version 3.3 20021007 (experimental)
=== objc tests ===
Running target unix
=== objc Summary ===
# of expected passes 1153
/gcc-20020930/w2k/gcc/xgcc version 3.3 20021007 (experimental)
=== libstdc++-v3 tests ===
Running target unix
XPASS: 22_locale/collate_members_wchar_t.cc execution test
XPASS: 22_locale/ctype_is_wchar_t.cc execution test
XPASS: 22_locale/money_get_members_wchar_t.cc execution test
XPASS: 22_locale/money_put_members_wchar_t.cc execution test
XPASS: 22_locale/moneypunct_members_wchar_t.cc execution test
XPASS: 22_locale/num_get_members_wchar_t.cc execution test
XPASS: 22_locale/num_put_members_wchar_t.cc execution test
XPASS: 22_locale/numpunct_members_wchar_t.cc execution test
XPASS: 22_locale/time_get_members_wchar_t.cc execution test
XPASS: 22_locale/time_put_members_wchar_t.cc execution test
FAIL: 26_numerics/c99_classification_macros_c.cc (test for excess errors)
FAIL: 27_io/filebuf_members.cc execution test
FAIL: 27_io/ios_base_storage.cc execution test
FAIL: 27_io/istream_extractor_arith.cc execution test
=== libstdc++-v3 Summary ===
# of expected passes 414
# of unexpected failures 4
# of unexpected successes 10
# of expected failures 17
Compiler version: 3.3 20021007 (experimental)
Platform: i686-pc-cygwin
configure flags: --host=i686-pc-cygwin --enable-languages=c++,f77,objc
--enable-sjlj-exceptions --disable-shared --enable-threads=posix
BOOT_CFLAGS=-O2 -march=pentium3 -mfpmath=sse -pipe
E
--
Tim Prince