This is the mail archive of the
gcc-testresults@gcc.gnu.org
mailing list for the GCC project.
Results for 3.3 20021006 (experimental) gcc testsuite on i686-pc-linux-gnu
- From: Andreas Jaeger <aj at suse dot de>
- To: gcc-testresults at gcc dot gnu dot org
- Date: Sun, 06 Oct 2002 19:31:34 +0200
- Subject: Results for 3.3 20021006 (experimental) gcc testsuite on i686-pc-linux-gnu
Bootstrap and regtesting on i686-linux-gnu.
CVS sources: mainline
LAST_UPDATED: Sat Oct 5 20:03:59 UTC 2002
Native configuration is i686-pc-linux-gnu
=== gcc tests ===
Running target unix
FAIL: gcc.dg/cpp/c++98-pedantic.C (test for warnings, line 9)
FAIL: gcc.dg/cpp/c++98-pedantic.C (test for excess errors)
FAIL: gcc.dg/cpp/c++98.C (test for excess errors)
FAIL: gcc.dg/format/c90-printf-1.c %s with NULL (test for warnings, line 236)
FAIL: gcc.dg/format/c90-printf-1.c (test for excess errors)
FAIL: gcc.dg/noncompile/incomplete-1.c (test for excess errors)
=== gcc Summary ===
# of expected passes 20642
# of unexpected failures 6
# of expected failures 60
# of unsupported tests 64
/builds/gcc/misc/gcc/xgcc version 3.3 20021006 (experimental)
Compiler version: 3.3 20021006 (experimental) gcc
Platform: i686-pc-linux-gnu
configure flags: --host=i686-pc-linux-gnu --prefix=/opt/gcc/3.3-devel --disable-nls --enable-threads=posix --enable-clocale=gnu --enable-__cxa_atexit --enable-shared --enable-languages=c --enable-checking=misc,tree --with-system-zlib