This is the mail archive of the
gcc-testresults@gcc.gnu.org
mailing list for the GCC project.
Results for 3.2.1 20021005 (prerelease) testsuite on powerpc-unknown-linux-gnu
- From: Mark Wielaard <mark at wildebeest dot org>
- To: gcc-testresults at gcc dot gnu dot org, mark at wildebeest dot org
- Date: Sun, 06 Oct 2002 06:49:23 +0200
- Subject: Results for 3.2.1 20021005 (prerelease) testsuite on powerpc-unknown-linux-gnu
Debian GNU/Linux 3.0
Linux 2.4.18-powerpc
binutils Version: 2.12.90.0.15-1
glibc Version: 2.2.5-11.1
Test results for libjava include the results of the Mauve testsuite
(see http://sources.redhat.com/mauve/)
LAST_UPDATED: Sat Oct 5 23:00:55 UTC 2002
Native configuration is powerpc-unknown-linux-gnu
=== g++ tests ===
Running target unix
FAIL: g++.dg/template/union1.C (test for excess errors)
WARNING: g++.dg/template/union1.C compilation failed to produce executable
FAIL: g++.bugs/900210_01.C (test for errors, line 109)
FAIL: g++.bugs/900210_01.C (test for excess errors)
=== g++ Summary ===
# of expected passes 7250
# of unexpected failures 3
# of expected failures 88
# of untested testcases 23
# of unsupported tests 6
/home/mark/src/gcc32/obj/gcc/testsuite/../g++ version 3.2.1 20021005 (prerelease)
=== gcc tests ===
Running target unix
FAIL: gcc.dg/20020103-1.c scan-assembler-not LC
FAIL: gcc.dg/20020118-1.c execution test
=== gcc Summary ===
# of expected passes 18563
# of unexpected failures 2
# of expected failures 66
# of unsupported tests 107
/home/mark/src/gcc32/obj/gcc/xgcc version 3.2.1 20021005 (prerelease)
=== libjava tests ===
Running target unix
FAIL: Array_3 execution from source compiled test
FAIL: Array_3 execution from bytecode->native test
FAIL: Array_3 -O execution from source compiled test
FAIL: Array_3 -O execution from bytecode->native test
FAIL: Mauve build
=== libjava Summary ===
# of expected passes 2068
# of unexpected failures 5
# of expected failures 18
# of untested testcases 18
=== libstdc++-v3 tests ===
Running target unix
FAIL: 22_locale/codecvt_members_char_char.cc execution test
FAIL: 22_locale/codecvt_members_wchar_t_char.cc execution test
FAIL: 22_locale/ctor_copy_dtor.cc execution test
FAIL: 22_locale/ctype_to_char.cc execution test
FAIL: 22_locale/ctype_to_wchar_t.cc execution test
FAIL: 26_numerics/c99_classification_macros_c.cc (test for excess errors)
FAIL: 27_io/ostream_inserter_arith.cc execution test
WARNING: program timed out.
FAIL: thread/pthread4.cc execution test
=== libstdc++-v3 Summary ===
# of expected passes 401
# of unexpected failures 8
# of expected failures 26
Compiler version: 3.2.1 20021005 (prerelease)
Platform: powerpc-unknown-linux-gnu
configure flags: --host=powerpc-unknown-linux-gnu --enable-clocale=gnu --enable-shared --enable-threads=posix --enable-languages=c++,java --disable-multilib --prefix=/usr/local/gcc32
time make
real 8522.95
user 6400.29
sys 1766.17
time check
Command exited with non-zero status 2
real 11672.06
user 7977.28
sys 3159.09