This is the mail archive of the
gcc-testresults@gcc.gnu.org
mailing list for the GCC project.
Results for 3.3 20020929 (experimental) testsuite on alphaev6-unknown-linux-gnu
- From: Richard Henderson <rth at splat dot sfbay dot redhat dot com>
- To: gcc-testresults at gcc dot gnu dot org
- Date: Sun, 29 Sep 2002 20:17:54 -0700
- Subject: Results for 3.3 20020929 (experimental) testsuite on alphaev6-unknown-linux-gnu
LAST_UPDATED: Sun Sep 29 18:37:37 UTC 2002
Native configuration is alphaev6-unknown-linux-gnu
=== libjava tests ===
Running target unix
FAIL: PR1343 compilation from bytecode
FAIL: PR1343 -O compilation from bytecode
FAIL: Array_3 -O execution - source compiled test
FAIL: err10 output - gij test
FAIL: err10 output - gij test
=== libjava Summary ===
# of expected passes 2691
# of unexpected failures 5
# of expected failures 14
# of untested testcases 9
=== libstdc++-v3 tests ===
Running target unix
XPASS: 22_locale/ctype_is_char.cc execution test
XPASS: 22_locale/ctype_is_wchar_t.cc execution test
XPASS: 22_locale/members.cc execution test
XPASS: 22_locale/messages_byname.cc execution test
XPASS: 22_locale/messages_members_char.cc execution test
XPASS: 22_locale/money_get_members_char.cc execution test
XPASS: 22_locale/money_get_members_wchar_t.cc execution test
XPASS: 22_locale/money_put_members_char.cc execution test
XPASS: 22_locale/money_put_members_wchar_t.cc execution test
XPASS: 22_locale/moneypunct_byname.cc execution test
XPASS: 22_locale/moneypunct_members_char.cc execution test
XPASS: 22_locale/moneypunct_members_wchar_t.cc execution test
XPASS: 22_locale/num_get_members_char.cc execution test
XPASS: 22_locale/num_get_members_wchar_t.cc execution test
XPASS: 22_locale/num_put_members_char.cc execution test
XPASS: 22_locale/num_put_members_wchar_t.cc execution test
XPASS: 22_locale/numpunct_byname.cc execution test
XPASS: 22_locale/numpunct_members_char.cc execution test
XPASS: 22_locale/numpunct_members_wchar_t.cc execution test
XPASS: 22_locale/time_get_members_char.cc execution test
XPASS: 22_locale/time_get_members_wchar_t.cc execution test
XPASS: 22_locale/time_put_members_char.cc execution test
XPASS: 22_locale/time_put_members_wchar_t.cc execution test
FAIL: 26_numerics/c99_classification_macros_c.cc (test for excess errors)
WARNING: program timed out.
FAIL: thread/pthread4.cc execution test
=== libstdc++-v3 Summary ===
# of expected passes 416
# of unexpected failures 2
# of unexpected successes 23
# of expected failures 4
=== g++ tests ===
Running target unix
FAIL: g++.dg/warn/Wunused-2.C (test for warnings, line 5)
FAIL: g++.pt/repo3.C (test for excess errors)
=== g++ Summary ===
# of expected passes 7541
# of unexpected failures 2
# of expected failures 92
# of untested testcases 22
# of unsupported tests 8
/splat/too/rth/gcc/build/axp/gcc/testsuite/../g++ version 3.3 20020929 (experimental)
=== g77 tests ===
Running target unix
FAIL: g77.dg/7388.f execution test
=== g77 Summary ===
# of expected passes 1637
# of unexpected failures 1
# of unsupported tests 8
/splat/too/rth/gcc/build/axp/gcc/testsuite/../g77 version 3.3 20020929 (experimental)
=== gcc tests ===
Running target unix
WARNING: program timed out.
FAIL: gcc.c-torture/compile/20001226-1.c, -O3 -fomit-frame-pointer
WARNING: program timed out.
FAIL: gcc.c-torture/compile/20001226-1.c, -O3 -g
WARNING: program timed out.
FAIL: gcc.c-torture/compile/20001226-1.c, -Os
FAIL: gcc.dg/noncompile/incomplete-1.c (test for excess errors)
=== gcc Summary ===
# of expected passes 20857
# of unexpected failures 4
# of expected failures 73
# of unsupported tests 130
/splat/too/rth/gcc/build/axp/gcc/xgcc version 3.3 20020929 (experimental)
=== objc tests ===
Running target unix
=== objc Summary ===
# of expected passes 1153
/splat/too/rth/gcc/build/axp/gcc/xgcc version 3.3 20020929 (experimental)
Compiler version: 3.3 20020929 (experimental)
Platform: alphaev6-unknown-linux-gnu
configure flags: --host=alphaev6-unknown-linux-gnu --prefix=/splat/too/H-alpha-linux-gnu --enable-threads