This is the mail archive of the
gcc-testresults@gcc.gnu.org
mailing list for the GCC project.
Results for 3.3 20020929 (experimental) testsuite on hppa2.0w-hp-hpux11.11
- From: John David Anglin <dave at hiauly3 dot hia dot nrc dot ca>
- To: dave at hiauly3 dot hia dot nrc dot ca, gcc-testresults at gcc dot gnu dot org
- Date: Sun, 29 Sep 2002 23:10:34 -0400 (EDT)
- Subject: Results for 3.3 20020929 (experimental) testsuite on hppa2.0w-hp-hpux11.11
LAST_UPDATED: Sun Sep 29 21:52:44 UTC 2002
Native configuration is hppa2.0w-hp-hpux11.11
=== g++ tests ===
Running target unix
FAIL: g++.dg/abi/vague1.C scan-assembler-not _ZN1AIiE1tE
FAIL: g++.dg/warn/Wunused-2.C (test for warnings, line 5)
FAIL: g++.dg/warn/weak1.C (test for excess errors)
FAIL: g++.ext/attrib5.C (test for excess errors)
XPASS: g++.mike/eh33.C (test for excess errors)
XPASS: g++.mike/eh33.C Execution test
XPASS: g++.mike/eh50.C (test for excess errors)
XPASS: g++.mike/eh50.C Execution test
FAIL: g++.other/comdat3.C (test for excess errors)
FAIL: g++.other/mangle3.C (test for excess errors)
=== g++ Summary ===
# of expected passes 7388
# of unexpected failures 6
# of unexpected successes 4
# of expected failures 101
# of untested testcases 23
# of unsupported tests 8
/xxx/gnu/gcc-3.3/objdir/gcc/testsuite/../g++ version 3.3 20020929 (experimental)
=== g77 tests ===
Running target unix
FAIL: g77.dg/7388.f execution test
FAIL: g77.dg/7388.f execution test
FAIL: g77.dg/7388.f execution test
FAIL: g77.dg/7388.f execution test
FAIL: g77.dg/7388.f execution test
FAIL: g77.dg/7388.f execution test
=== g77 Summary ===
# of expected passes 1632
# of unexpected failures 6
# of unsupported tests 8
/xxx/gnu/gcc-3.3/objdir/gcc/testsuite/../g77 version 3.3 20020929 (experimental)
=== gcc tests ===
Running target unix
FAIL: gcc.dg/asm-names.c (test for excess errors)
FAIL: gcc.dg/inline-1.c scan-assembler-not xyzzy
FAIL: gcc.dg/noncompile/incomplete-1.c (test for excess errors)
=== gcc Summary ===
# of expected passes 20116
# of unexpected failures 3
# of expected failures 62
# of unsupported tests 150
/xxx/gnu/gcc-3.3/objdir/gcc/xgcc version 3.3 20020929 (experimental)
=== objc tests ===
Running target unix
=== objc Summary ===
# of expected passes 1153
/xxx/gnu/gcc-3.3/objdir/gcc/xgcc version 3.3 20020929 (experimental)
=== libstdc++-v3 tests ===
Running target unix
XPASS: 22_locale/collate_members_wchar_t.cc execution test
XPASS: 22_locale/ctype_is_wchar_t.cc execution test
XPASS: 22_locale/money_get_members_wchar_t.cc execution test
XPASS: 22_locale/money_put_members_wchar_t.cc execution test
XPASS: 22_locale/moneypunct_members_wchar_t.cc execution test
XPASS: 22_locale/num_get_members_wchar_t.cc execution test
XPASS: 22_locale/num_put_members_wchar_t.cc execution test
XPASS: 22_locale/numpunct_members_wchar_t.cc execution test
XPASS: 22_locale/time_get_members_wchar_t.cc execution test
XPASS: 22_locale/time_put_members_wchar_t.cc execution test
FAIL: 26_numerics/c99_classification_macros_c.cc (test for excess errors)
=== libstdc++-v3 Summary ===
# of expected passes 405
# of unexpected failures 1
# of unexpected successes 10
# of expected failures 17
# of unsupported tests 6
Compiler version: 3.3 20020929 (experimental)
Platform: hppa2.0w-hp-hpux11.11
configure flags: --host=hppa2.0w-hp-hpux11.11 --with-gnu-as --with-as=/opt/gnu/bin/as --enable-shared --disable-nls --prefix=/opt/gnu