This is the mail archive of the
gcc-testresults@gcc.gnu.org
mailing list for the GCC project.
Results for 3.3 20020927 (experimental) testsuite on i686-pc-linux-gnu
- From: John David Anglin <dave at hiamlx dot hia dot nrc dot ca>
- To: dave at hiamlx dot hia dot nrc dot ca, gcc-testresults at gcc dot gnu dot org
- Date: Fri, 27 Sep 2002 22:58:28 -0400
- Subject: Results for 3.3 20020927 (experimental) testsuite on i686-pc-linux-gnu
LAST_UPDATED: Fri Sep 27 23:03:02 UTC 2002
Native configuration is i686-pc-linux-gnu
=== g++ tests ===
Running target unix
FAIL: g++.dg/warn/Wunused-2.C (test for warnings, line 5)
=== g++ Summary ===
# of expected passes 7572
# of unexpected failures 1
# of expected failures 92
# of untested testcases 9
# of unsupported tests 3
/home/dave/gnu/gcc-3.3/objdir/gcc/testsuite/../g++ version 3.3 20020927 (experimental)
=== g77 tests ===
Running target unix
FAIL: g77.dg/7388.f execution test
FAIL: g77.dg/7388.f execution test
FAIL: g77.dg/7388.f execution test
FAIL: g77.dg/7388.f execution test
FAIL: g77.dg/7388.f execution test
=== g77 Summary ===
# of expected passes 1649
# of unexpected failures 5
/home/dave/gnu/gcc-3.3/objdir/gcc/testsuite/../g77 version 3.3 20020927 (experimental)
=== gcc tests ===
Running target unix
FAIL: gcc.dg/noncompile/incomplete-1.c (test for excess errors)
=== gcc Summary ===
# of expected passes 21033
# of unexpected failures 1
# of expected failures 64
# of unsupported tests 64
/home/dave/gnu/gcc-3.3/objdir/gcc/xgcc version 3.3 20020927 (experimental)
=== objc tests ===
Running target unix
=== objc Summary ===
# of expected passes 1153
/home/dave/gnu/gcc-3.3/objdir/gcc/xgcc version 3.3 20020927 (experimental)
=== libjava tests ===
Running target unix
FAIL: PR1343 compilation from bytecode
FAIL: PR1343 -O compilation from bytecode
FAIL: Array_3 -O execution - source compiled test
=== libjava Summary ===
# of expected passes 2693
# of unexpected failures 3
# of expected failures 14
# of untested testcases 9
=== libstdc++-v3 tests ===
Running target unix
XPASS: 22_locale/ctype_is_wchar_t.cc execution test
XPASS: 22_locale/members.cc execution test
XPASS: 22_locale/money_get_members_wchar_t.cc execution test
XPASS: 22_locale/money_put_members_wchar_t.cc execution test
XPASS: 22_locale/moneypunct_byname.cc execution test
XPASS: 22_locale/moneypunct_members_char.cc execution test
XPASS: 22_locale/moneypunct_members_wchar_t.cc execution test
XPASS: 22_locale/num_get_members_char.cc execution test
XPASS: 22_locale/num_get_members_wchar_t.cc execution test
XPASS: 22_locale/num_put_members_char.cc execution test
XPASS: 22_locale/num_put_members_wchar_t.cc execution test
XPASS: 22_locale/numpunct_byname.cc execution test
XPASS: 22_locale/numpunct_members_char.cc execution test
XPASS: 22_locale/numpunct_members_wchar_t.cc execution test
FAIL: 22_locale/operators.cc execution test
XPASS: 22_locale/time_get_members_wchar_t.cc execution test
XPASS: 22_locale/time_put_members_char.cc execution test
XPASS: 22_locale/time_put_members_wchar_t.cc execution test
FAIL: 26_numerics/c99_classification_macros_c.cc (test for excess errors)
=== libstdc++-v3 Summary ===
# of expected passes 416
# of unexpected failures 2
# of unexpected successes 17
# of expected failures 10
Compiler version: 3.3 20020927 (experimental)
Platform: i686-pc-linux-gnu
configure flags: --host=i686-pc-linux-gnu --with-gnu-as --with-as=/usr/local/bin/as --with-gnu-ld --with-ld=/usr/local/bin/ld --enable-shared --disable-nls --prefix=/usr/local --enable-threads=posix