This is the mail archive of the
gcc-testresults@gcc.gnu.org
mailing list for the GCC project.
Results for 3.3 20020912 (experimental) testsuite on mips-sgi-irix6.5 (RTL check)
- From: "Kaveh R. Ghazi" <ghazi at caip dot rutgers dot edu>
- To: gcc-testresults at gcc dot gnu dot org
- Date: Fri, 13 Sep 2002 15:32:08 -0400 (EDT)
- Subject: Results for 3.3 20020912 (experimental) testsuite on mips-sgi-irix6.5 (RTL check)
LAST_UPDATED:
Native configuration is mips-sgi-irix6.5
=== g++ tests ===
Running target unix/-mabi=64
FAIL: g++.dg/ext/instantiate2.C scan-assembler
FAIL: g++.dg/warn/Wunused-2.C (test for warnings, line 5)
FAIL: g++.oliva/typeof1.C (test for excess errors)
=== g++ Summary for unix/-mabi=64 ===
# of expected passes 7258
# of unexpected failures 3
# of expected failures 98
# of untested testcases 23
# of unsupported tests 6
Running target unix/-mips4
FAIL: g++.dg/ext/instantiate2.C scan-assembler
FAIL: g++.dg/warn/Wunused-2.C (test for warnings, line 5)
FAIL: g++.oliva/typeof1.C (test for excess errors)
=== g++ Summary for unix/-mips4 ===
# of expected passes 7258
# of unexpected failures 3
# of expected failures 98
# of untested testcases 23
# of unsupported tests 6
Running target unix
FAIL: g++.dg/ext/instantiate2.C scan-assembler
FAIL: g++.dg/warn/Wunused-2.C (test for warnings, line 5)
FAIL: g++.oliva/typeof1.C (test for excess errors)
=== g++ Summary for unix ===
# of expected passes 7258
# of unexpected failures 3
# of expected failures 98
# of untested testcases 23
# of unsupported tests 6
=== g++ Summary ===
# of expected passes 21774
# of unexpected failures 9
# of expected failures 294
# of untested testcases 69
# of unsupported tests 18
/caip/u58/ghazi/gcc-testing/build/gcc/testsuite/../g++ version 3.3 20020912 (experimental)
=== g77 tests ===
Running target unix/-mabi=64
FAIL: g77.dg/7388.f execution test
FAIL: g77.f-torture/execute/6367.f execution, -O0
FAIL: g77.f-torture/execute/6367.f execution, -O1
FAIL: g77.f-torture/execute/6367.f execution, -O2
FAIL: g77.f-torture/execute/6367.f execution, -O3 -fomit-frame-pointer
FAIL: g77.f-torture/execute/6367.f execution, -O3 -fomit-frame-pointer -funroll-loops
FAIL: g77.f-torture/execute/6367.f execution, -O3 -fomit-frame-pointer -funroll-all-loops -finline-functions
FAIL: g77.f-torture/execute/6367.f execution, -O3 -g
FAIL: g77.f-torture/execute/6367.f execution, -Os
FAIL: g77.f-torture/execute/970625-2.f execution, -O0
FAIL: g77.f-torture/execute/970625-2.f execution, -O1
FAIL: g77.f-torture/execute/970625-2.f execution, -O2
FAIL: g77.f-torture/execute/970625-2.f execution, -O3 -fomit-frame-pointer
FAIL: g77.f-torture/execute/970625-2.f execution, -O3 -fomit-frame-pointer -funroll-loops
FAIL: g77.f-torture/execute/970625-2.f execution, -O3 -fomit-frame-pointer -funroll-all-loops -finline-functions
FAIL: g77.f-torture/execute/970625-2.f execution, -O3 -g
FAIL: g77.f-torture/execute/970625-2.f execution, -Os
FAIL: g77.f-torture/execute/auto0.f execution, -O0
FAIL: g77.f-torture/execute/auto0.f execution, -O1
FAIL: g77.f-torture/execute/auto0.f execution, -O2
FAIL: g77.f-torture/execute/auto0.f execution, -O3 -fomit-frame-pointer
FAIL: g77.f-torture/execute/auto0.f execution, -O3 -fomit-frame-pointer -funroll-loops
FAIL: g77.f-torture/execute/auto0.f execution, -O3 -fomit-frame-pointer -funroll-all-loops -finline-functions
FAIL: g77.f-torture/execute/auto0.f execution, -O3 -g
FAIL: g77.f-torture/execute/auto0.f execution, -Os
FAIL: g77.f-torture/execute/auto1.f execution, -O0
FAIL: g77.f-torture/execute/auto1.f execution, -O1
FAIL: g77.f-torture/execute/auto1.f execution, -O2
FAIL: g77.f-torture/execute/auto1.f execution, -O3 -fomit-frame-pointer
FAIL: g77.f-torture/execute/auto1.f execution, -O3 -fomit-frame-pointer -funroll-loops
FAIL: g77.f-torture/execute/auto1.f execution, -O3 -fomit-frame-pointer -funroll-all-loops -finline-functions
FAIL: g77.f-torture/execute/auto1.f execution, -O3 -g
FAIL: g77.f-torture/execute/auto1.f execution, -Os
=== g77 Summary for unix/-mabi=64 ===
# of expected passes 1605
# of unexpected failures 33
# of unsupported tests 8
Running target unix/-mips4
FAIL: g77.dg/7388.f execution test
FAIL: g77.dg/7388.f execution test
FAIL: g77.dg/7388.f execution test
FAIL: g77.dg/7388.f execution test
FAIL: g77.dg/7388.f execution test
FAIL: g77.f-torture/execute/intrinsic77.f compilation, -O3 -fomit-frame-pointer
FAIL: g77.f-torture/execute/intrinsic77.f compilation, -O3 -g
=== g77 Summary for unix/-mips4 ===
# of expected passes 1629
# of unexpected failures 7
# of untested testcases 2
# of unsupported tests 8
Running target unix
FAIL: g77.dg/7388.f execution test
FAIL: g77.dg/7388.f execution test
FAIL: g77.dg/7388.f execution test
FAIL: g77.dg/7388.f execution test
FAIL: g77.dg/7388.f execution test
=== g77 Summary for unix ===
# of expected passes 1633
# of unexpected failures 5
# of unsupported tests 8
=== g77 Summary ===
# of expected passes 4867
# of unexpected failures 45
# of untested testcases 2
# of unsupported tests 24
/caip/u58/ghazi/gcc-testing/build/gcc/testsuite/../g77 version 3.3 20020912 (experimental)
=== gcc tests ===
Running target unix/-mabi=64
WARNING: program timed out.
FAIL: gcc.c-torture/compile/20001226-1.c, -O2
WARNING: program timed out.
FAIL: gcc.c-torture/compile/20001226-1.c, -O3 -fomit-frame-pointer
WARNING: program timed out.
FAIL: gcc.c-torture/compile/20001226-1.c, -O3 -g
WARNING: program timed out.
FAIL: gcc.c-torture/compile/20001226-1.c, -Os
FAIL: gcc.c-torture/execute/20001124-1.c compilation, -O3 -fomit-frame-pointer
UNRESOLVED: gcc.c-torture/execute/20001124-1.c execution, -O3 -fomit-frame-pointer
FAIL: gcc.c-torture/execute/20001124-1.c compilation, -O3 -fomit-frame-pointer -funroll-loops
UNRESOLVED: gcc.c-torture/execute/20001124-1.c execution, -O3 -fomit-frame-pointer -funroll-loops
FAIL: gcc.c-torture/execute/20001124-1.c compilation, -O3 -fomit-frame-pointer -funroll-all-loops -finline-functions
UNRESOLVED: gcc.c-torture/execute/20001124-1.c execution, -O3 -fomit-frame-pointer -funroll-all-loops -finline-functions
FAIL: gcc.c-torture/execute/20020412-1.c execution, -O0
FAIL: gcc.c-torture/execute/20020412-1.c execution, -O1
FAIL: gcc.c-torture/execute/20020412-1.c execution, -O2
FAIL: gcc.c-torture/execute/20020412-1.c execution, -O3 -fomit-frame-pointer
FAIL: gcc.c-torture/execute/20020412-1.c execution, -O3 -fomit-frame-pointer -funroll-loops
FAIL: gcc.c-torture/execute/20020412-1.c execution, -O3 -fomit-frame-pointer -funroll-all-loops -finline-functions
FAIL: gcc.c-torture/execute/20020412-1.c execution, -O3 -g
FAIL: gcc.c-torture/execute/20020412-1.c execution, -Os
FAIL: gcc.dg/nest.c (test for excess errors)
WARNING: gcc.dg/nest.c compilation failed to produce executable
FAIL: gcc.dg/unordered-1.c (test for excess errors)
FAIL: gcc.dg/noncompile/incomplete-1.c (test for excess errors)
=== gcc Summary for unix/-mabi=64 ===
# of expected passes 19908
# of unexpected failures 18
# of expected failures 93
# of unresolved testcases 3
# of unsupported tests 141
Running target unix/-mips4
WARNING: program timed out.
FAIL: gcc.c-torture/compile/20001226-1.c, -O2
WARNING: program timed out.
FAIL: gcc.c-torture/compile/20001226-1.c, -O3 -fomit-frame-pointer
WARNING: program timed out.
FAIL: gcc.c-torture/compile/20001226-1.c, -O3 -g
WARNING: program timed out.
FAIL: gcc.c-torture/compile/20001226-1.c, -Os
FAIL: gcc.c-torture/compile/920501-4.c, -O1
FAIL: gcc.c-torture/execute/20001124-1.c compilation, -O3 -fomit-frame-pointer
UNRESOLVED: gcc.c-torture/execute/20001124-1.c execution, -O3 -fomit-frame-pointer
FAIL: gcc.c-torture/execute/20001124-1.c compilation, -O3 -fomit-frame-pointer -funroll-loops
UNRESOLVED: gcc.c-torture/execute/20001124-1.c execution, -O3 -fomit-frame-pointer -funroll-loops
FAIL: gcc.c-torture/execute/20001124-1.c compilation, -O3 -fomit-frame-pointer -funroll-all-loops -finline-functions
UNRESOLVED: gcc.c-torture/execute/20001124-1.c execution, -O3 -fomit-frame-pointer -funroll-all-loops -finline-functions
FAIL: gcc.c-torture/execute/20020412-1.c execution, -O0
FAIL: gcc.c-torture/execute/20020412-1.c execution, -O1
FAIL: gcc.c-torture/execute/20020412-1.c execution, -O2
FAIL: gcc.c-torture/execute/20020412-1.c execution, -O3 -fomit-frame-pointer
FAIL: gcc.c-torture/execute/20020412-1.c execution, -O3 -fomit-frame-pointer -funroll-loops
FAIL: gcc.c-torture/execute/20020412-1.c execution, -O3 -fomit-frame-pointer -funroll-all-loops -finline-functions
FAIL: gcc.c-torture/execute/20020412-1.c execution, -O3 -g
FAIL: gcc.c-torture/execute/20020412-1.c execution, -Os
FAIL: gcc.c-torture/execute/ieee/fp-cmp-5.c compilation, -O1
UNRESOLVED: gcc.c-torture/execute/ieee/fp-cmp-5.c execution, -O1
FAIL: gcc.c-torture/execute/ieee/fp-cmp-5.c compilation, -O2
UNRESOLVED: gcc.c-torture/execute/ieee/fp-cmp-5.c execution, -O2
FAIL: gcc.c-torture/execute/ieee/fp-cmp-5.c compilation, -O3 -fomit-frame-pointer
UNRESOLVED: gcc.c-torture/execute/ieee/fp-cmp-5.c execution, -O3 -fomit-frame-pointer
FAIL: gcc.c-torture/execute/ieee/fp-cmp-5.c compilation, -O3 -fomit-frame-pointer -funroll-loops
UNRESOLVED: gcc.c-torture/execute/ieee/fp-cmp-5.c execution, -O3 -fomit-frame-pointer -funroll-loops
FAIL: gcc.c-torture/execute/ieee/fp-cmp-5.c compilation, -O3 -fomit-frame-pointer -funroll-all-loops -finline-functions
UNRESOLVED: gcc.c-torture/execute/ieee/fp-cmp-5.c execution, -O3 -fomit-frame-pointer -funroll-all-loops -finline-functions
FAIL: gcc.c-torture/execute/ieee/fp-cmp-5.c compilation, -O3 -g
UNRESOLVED: gcc.c-torture/execute/ieee/fp-cmp-5.c execution, -O3 -g
FAIL: gcc.c-torture/execute/ieee/fp-cmp-5.c compilation, -Os
UNRESOLVED: gcc.c-torture/execute/ieee/fp-cmp-5.c execution, -Os
FAIL: gcc.dg/nest.c (test for excess errors)
WARNING: gcc.dg/nest.c compilation failed to produce executable
FAIL: gcc.dg/unordered-1.c (test for excess errors)
FAIL: gcc.dg/noncompile/incomplete-1.c (test for excess errors)
=== gcc Summary for unix/-mips4 ===
# of expected passes 19893
# of unexpected failures 26
# of expected failures 93
# of unresolved testcases 10
# of unsupported tests 141
Running target unix
WARNING: program timed out.
FAIL: gcc.c-torture/compile/20001226-1.c, -O2
WARNING: program timed out.
FAIL: gcc.c-torture/compile/20001226-1.c, -O3 -fomit-frame-pointer
WARNING: program timed out.
FAIL: gcc.c-torture/compile/20001226-1.c, -O3 -g
WARNING: program timed out.
FAIL: gcc.c-torture/compile/20001226-1.c, -Os
FAIL: gcc.c-torture/execute/20001124-1.c compilation, -O3 -fomit-frame-pointer
UNRESOLVED: gcc.c-torture/execute/20001124-1.c execution, -O3 -fomit-frame-pointer
FAIL: gcc.c-torture/execute/20001124-1.c compilation, -O3 -fomit-frame-pointer -funroll-loops
UNRESOLVED: gcc.c-torture/execute/20001124-1.c execution, -O3 -fomit-frame-pointer -funroll-loops
FAIL: gcc.c-torture/execute/20001124-1.c compilation, -O3 -fomit-frame-pointer -funroll-all-loops -finline-functions
UNRESOLVED: gcc.c-torture/execute/20001124-1.c execution, -O3 -fomit-frame-pointer -funroll-all-loops -finline-functions
FAIL: gcc.c-torture/execute/20020412-1.c execution, -O0
FAIL: gcc.c-torture/execute/20020412-1.c execution, -O1
FAIL: gcc.c-torture/execute/20020412-1.c execution, -O2
FAIL: gcc.c-torture/execute/20020412-1.c execution, -O3 -fomit-frame-pointer
FAIL: gcc.c-torture/execute/20020412-1.c execution, -O3 -fomit-frame-pointer -funroll-loops
FAIL: gcc.c-torture/execute/20020412-1.c execution, -O3 -fomit-frame-pointer -funroll-all-loops -finline-functions
FAIL: gcc.c-torture/execute/20020412-1.c execution, -O3 -g
FAIL: gcc.c-torture/execute/20020412-1.c execution, -Os
FAIL: gcc.dg/nest.c (test for excess errors)
WARNING: gcc.dg/nest.c compilation failed to produce executable
FAIL: gcc.dg/unordered-1.c (test for excess errors)
FAIL: gcc.dg/noncompile/incomplete-1.c (test for excess errors)
=== gcc Summary for unix ===
# of expected passes 19908
# of unexpected failures 18
# of expected failures 93
# of unresolved testcases 3
# of unsupported tests 141
=== gcc Summary ===
# of expected passes 59709
# of unexpected failures 62
# of expected failures 279
# of unresolved testcases 16
# of unsupported tests 423
/caip/u58/ghazi/gcc-testing/build/gcc/xgcc version 3.3 20020912 (experimental)
=== objc tests ===
Running target unix/-mabi=64
FAIL: objc.dg/bitfield-2.m execution test
=== objc Summary for unix/-mabi=64 ===
# of expected passes 1078
# of unexpected failures 1
Running target unix/-mips4
FAIL: objc.dg/bitfield-2.m execution test
=== objc Summary for unix/-mips4 ===
# of expected passes 1078
# of unexpected failures 1
Running target unix
FAIL: objc.dg/bitfield-2.m execution test
=== objc Summary for unix ===
# of expected passes 1078
# of unexpected failures 1
=== objc Summary ===
# of expected passes 3234
# of unexpected failures 3
/caip/u58/ghazi/gcc-testing/build/gcc/xgcc version 3.3 20020912 (experimental)
=== libstdc++-v3 tests ===
Running target unix/-mabi=64
XPASS: 22_locale/collate_members_wchar_t.cc execution test
XPASS: 22_locale/ctype_is_wchar_t.cc execution test
XPASS: 22_locale/money_get_members_wchar_t.cc execution test
XPASS: 22_locale/money_put_members_wchar_t.cc execution test
XPASS: 22_locale/moneypunct_members_wchar_t.cc execution test
XPASS: 22_locale/num_get_members_wchar_t.cc execution test
XPASS: 22_locale/num_put_members_wchar_t.cc execution test
XPASS: 22_locale/numpunct_members_wchar_t.cc execution test
XPASS: 22_locale/time_get_members_wchar_t.cc execution test
XPASS: 22_locale/time_put_members_wchar_t.cc execution test
FAIL: 27_io/ostream_inserter_arith.cc execution test
=== libstdc++-v3 Summary for unix/-mabi=64 ===
# of expected passes 405
# of unexpected failures 1
# of unexpected successes 10
# of expected failures 17
# of unsupported tests 6
Running target unix/-mips4
XPASS: 22_locale/collate_members_wchar_t.cc execution test
XPASS: 22_locale/ctype_is_wchar_t.cc execution test
XPASS: 22_locale/money_get_members_wchar_t.cc execution test
XPASS: 22_locale/money_put_members_wchar_t.cc execution test
XPASS: 22_locale/moneypunct_members_wchar_t.cc execution test
XPASS: 22_locale/num_get_members_wchar_t.cc execution test
XPASS: 22_locale/num_put_members_wchar_t.cc execution test
XPASS: 22_locale/numpunct_members_wchar_t.cc execution test
XPASS: 22_locale/time_get_members_wchar_t.cc execution test
XPASS: 22_locale/time_put_members_wchar_t.cc execution test
FAIL: 27_io/ostream_inserter_arith.cc execution test
=== libstdc++-v3 Summary for unix/-mips4 ===
# of expected passes 405
# of unexpected failures 1
# of unexpected successes 10
# of expected failures 17
# of unsupported tests 6
Running target unix
XPASS: 22_locale/collate_members_wchar_t.cc execution test
XPASS: 22_locale/ctype_is_wchar_t.cc execution test
XPASS: 22_locale/money_get_members_wchar_t.cc execution test
XPASS: 22_locale/money_put_members_wchar_t.cc execution test
XPASS: 22_locale/moneypunct_members_wchar_t.cc execution test
XPASS: 22_locale/num_get_members_wchar_t.cc execution test
XPASS: 22_locale/num_put_members_wchar_t.cc execution test
XPASS: 22_locale/numpunct_members_wchar_t.cc execution test
XPASS: 22_locale/time_get_members_wchar_t.cc execution test
XPASS: 22_locale/time_put_members_wchar_t.cc execution test
FAIL: 27_io/ostream_inserter_arith.cc execution test
=== libstdc++-v3 Summary for unix ===
# of expected passes 405
# of unexpected failures 1
# of unexpected successes 10
# of expected failures 17
# of unsupported tests 6
=== libstdc++-v3 Summary ===
# of expected passes 1215
# of unexpected failures 3
# of unexpected successes 30
# of expected failures 51
# of unsupported tests 18
Compiler version: 3.3 20020912 (experimental)
Platform: mips-sgi-irix6.5
configure flags: --host=mips-sgi-irix6.5 --verbose --enable-checking=misc,tree,rtl,rtlflag,gc --enable-languages=c,objc,c++,f77,java