This is the mail archive of the
gcc-testresults@gcc.gnu.org
mailing list for the GCC project.
Results for 3.3 20020906 (experimental) testsuite on ia64-suse-linux-gnu
- From: Andreas Schwab <schwab at suse dot de>
- To: gcc-testresults at gcc dot gnu dot org
- Date: Fri, 6 Sep 2002 19:52:37 +0200
- Subject: Results for 3.3 20020906 (experimental) testsuite on ia64-suse-linux-gnu
LAST_UPDATED: Fri Sep 6 08:01:38 UTC 2002
Native configuration is ia64-suse-linux-gnu
=== g++ tests ===
Running target unix
FAIL: g++.dg/warn/Wunused-2.C (test for warnings, line 5)
FAIL: g++.oliva/typeof1.C (test for excess errors)
FAIL: g++.pt/repo3.C (test for excess errors)
=== g++ Summary ===
# of expected passes 7272
# of unexpected failures 3
# of expected failures 90
# of untested testcases 23
# of unsupported tests 6
/tmp/cvs/gcc-20020906/Build/gcc/testsuite/../g++ version 3.3 20020906 (experimental)
=== g77 tests ===
Running target unix
=== g77 Summary ===
# of expected passes 1626
# of unsupported tests 8
/tmp/cvs/gcc-20020906/Build/gcc/testsuite/../g77 version 3.3 20020906 (experimental)
=== gcc tests ===
Running target unix
XPASS: gcc.c-torture/compile/981223-1.c, -O2
XPASS: gcc.c-torture/compile/981223-1.c, -O3 -fomit-frame-pointer
XPASS: gcc.c-torture/compile/981223-1.c, -O3 -g
XPASS: gcc.c-torture/compile/981223-1.c, -Os
FAIL: _Pragma4.c: #pragma appearing on its own line
FAIL: gcc.dg/noncompile/incomplete-1.c (test for excess errors)
=== gcc Summary ===
# of expected passes 19921
# of unexpected failures 2
# of unexpected successes 4
# of expected failures 79
# of unsupported tests 127
/tmp/cvs/gcc-20020906/Build/gcc/xgcc version 3.3 20020906 (experimental)
=== objc tests ===
Running target unix
=== objc Summary ===
# of expected passes 1067
# of expected failures 6
/tmp/cvs/gcc-20020906/Build/gcc/xgcc version 3.3 20020906 (experimental)
=== libjava tests ===
Running target unix
FAIL: PR1343 compilation from bytecode
FAIL: PR1343 -O compilation from bytecode
FAIL: Array_3 compilation from bytecode
FAIL: Array_3 -O execution - source compiled test
FAIL: Array_3 -O compilation from bytecode
FAIL: TLtest execution - gij test
FAIL: TLtest execution - gij test
FAIL: Thread_Monitor execution - gij test
FAIL: err10 output - gij test
FAIL: err10 output - gij test
=== libjava Summary ===
# of expected passes 2679
# of unexpected failures 10
# of expected failures 14
# of untested testcases 16
=== libstdc++-v3 tests ===
Running target unix
XPASS: 22_locale/collate_byname.cc execution test
XPASS: 22_locale/collate_members_char.cc execution test
XPASS: 22_locale/collate_members_wchar_t.cc execution test
XPASS: 22_locale/ctype_is_char.cc execution test
XPASS: 22_locale/ctype_is_wchar_t.cc execution test
XPASS: 22_locale/members.cc execution test
XPASS: 22_locale/messages_byname.cc execution test
XPASS: 22_locale/messages_members_char.cc execution test
XPASS: 22_locale/money_get_members_char.cc execution test
XPASS: 22_locale/money_get_members_wchar_t.cc execution test
XPASS: 22_locale/money_put_members_char.cc execution test
XPASS: 22_locale/money_put_members_wchar_t.cc execution test
XPASS: 22_locale/moneypunct_byname.cc execution test
XPASS: 22_locale/moneypunct_members_char.cc execution test
XPASS: 22_locale/moneypunct_members_wchar_t.cc execution test
XPASS: 22_locale/num_get_members_char.cc execution test
XPASS: 22_locale/num_get_members_wchar_t.cc execution test
XPASS: 22_locale/num_put_members_char.cc execution test
XPASS: 22_locale/num_put_members_wchar_t.cc execution test
XPASS: 22_locale/numpunct_byname.cc execution test
XPASS: 22_locale/numpunct_members_char.cc execution test
XPASS: 22_locale/numpunct_members_wchar_t.cc execution test
XPASS: 22_locale/time_get_members_char.cc execution test
XPASS: 22_locale/time_get_members_wchar_t.cc execution test
XPASS: 22_locale/time_put_members_char.cc execution test
XPASS: 22_locale/time_put_members_wchar_t.cc execution test
FAIL: 26_numerics/c99_classification_macros_c.cc (test for excess errors)
=== libstdc++-v3 Summary ===
# of expected passes 417
# of unexpected failures 1
# of unexpected successes 26
# of expected failures 1
Compiler version: 3.3 20020906 (experimental)
Platform: ia64-suse-linux-gnu
configure flags: --host=ia64-suse-linux --enable-shared --enable-threads --with-system-zlib