This is the mail archive of the
gcc-testresults@gcc.gnu.org
mailing list for the GCC project.
Results for 3.1.1 testsuite on alphaev68-dec-osf5.1
- From: Richard Jackson <rjackson at portal dot gmu dot edu>
- To: gcc-testresults at gcc dot gnu dot org
- Date: Tue, 13 Aug 2002 15:10:25 -0400 (EDT)
- Subject: Results for 3.1.1 testsuite on alphaev68-dec-osf5.1
- Organization: George Mason University, Fairfax, Virginia, USA
- Reply-to: Richard L Jackson Jr <rjackson at gmu dot edu>
LAST_UPDATED:
Native configuration is alphaev68-dec-osf5.1
=== libjava tests ===
Running target unix
FAIL: cxxtest.c compilation
FAIL: TLtest compilation from bytecode
FAIL: TLtest -O compilation from bytecode
FAIL: Throw_2 execution from source compiled test
FAIL: Throw_2 execution from bytecode->native test
FAIL: Throw_2 -O execution from source compiled test
FAIL: Throw_2 -O execution from bytecode->native test
FAIL: invokethrow execution from source compiled test
FAIL: invokethrow execution from bytecode->native test
FAIL: invokethrow -O execution from source compiled test
FAIL: invokethrow -O execution from bytecode->native test
=== libjava Summary ===
# of expected passes 1974
# of unexpected failures 11
# of expected failures 18
# of untested testcases 102
=== libstdc++-v3 tests ===
Running target unix
XPASS: 22_locale/collate_members_wchar_t.cc execution test
XPASS: 22_locale/ctype_is_wchar_t.cc execution test
XPASS: 22_locale/money_get_members_wchar_t.cc execution test
XPASS: 22_locale/money_put_members_wchar_t.cc execution test
XPASS: 22_locale/moneypunct_members_wchar_t.cc execution test
XPASS: 22_locale/num_get_members_wchar_t.cc execution test
XPASS: 22_locale/num_put_members_wchar_t.cc execution test
XPASS: 22_locale/numpunct_members_wchar_t.cc execution test
XPASS: 22_locale/time_get_members_wchar_t.cc execution test
XPASS: 22_locale/time_put_members_wchar_t.cc execution test
FAIL: 26_numerics/complex_inserters_extractors.cc execution test
FAIL: 27_io/istream_extractor_arith.cc execution test
=== libstdc++-v3 Summary ===
# of expected passes 384
# of unexpected failures 2
# of unexpected successes 10
# of expected failures 16
# of unsupported tests 6
=== g++ tests ===
Running target unix
FAIL: g++.dg/special/conpr-1.C execution test
FAIL: g++.dg/special/conpr-2.C execution test
FAIL: g++.dg/special/conpr-3.C execution test
FAIL: g++.dg/special/conpr-3.C execution test
FAIL: g++.dg/special/initp1.C execution test
=== g++ Summary ===
# of expected passes 7234
# of unexpected failures 5
# of expected failures 90
# of untested testcases 22
# of unsupported tests 4
/usr/local/src/gcc_3.1.1.build/gcc/testsuite/../g++ version 3.1.1
=== g77 tests ===
Running target unix
=== g77 Summary ===
# of expected passes 1452
# of unsupported tests 8
/usr/local/src/gcc_3.1.1.build/gcc/testsuite/../g77 version 3.1.1
=== gcc tests ===
Running target unix
FAIL: gcc.c-torture/compile/20001226-1.c, -O2
FAIL: gcc.c-torture/compile/20001226-1.c, -O3 -fomit-frame-pointer
FAIL: gcc.c-torture/compile/20001226-1.c, -O3 -g
FAIL: gcc.c-torture/compile/20001226-1.c, -Os
FAIL: gcc.c-torture/compile/labels-3.c, -O0
FAIL: gcc.c-torture/compile/labels-3.c, -O1
FAIL: gcc.c-torture/compile/labels-3.c, -O2
FAIL: gcc.c-torture/compile/labels-3.c, -O3 -fomit-frame-pointer
FAIL: gcc.c-torture/compile/labels-3.c, -O3 -g
FAIL: gcc.c-torture/compile/labels-3.c, -Os
FAIL: gcc.dg/cpp/wchar-1.c execution test
XPASS: gcc.dg/c99-intconst-1.c (test for excess errors)
FAIL: gcc.dg/inline-2.c scan-assembler bsr
=== gcc Summary ===
# of expected passes 18390
# of unexpected failures 12
# of unexpected successes 1
# of expected failures 76
# of unsupported tests 115
/usr/local/src/gcc_3.1.1.build/gcc/xgcc version 3.1.1
=== objc tests ===
Running target unix
=== objc Summary ===
# of expected passes 1035
# of expected failures 6
/usr/local/src/gcc_3.1.1.build/gcc/xgcc version 3.1.1
Compiler version: 3.1.1
Platform: alphaev68-dec-osf5.1
configure flags: --host=alphaev68-dec-osf5.1 --prefix=/usr/local/gcc_3.1.1
--
Regards, /~\ The ASCII
Richard Jackson \ / Ribbon Campaign
Computer Systems Engineer, X Against HTML
Information Technology Unit, Technology Systems Division / \ Email!
Enterprise Servers and Operations Department
George Mason University, Fairfax, Virginia