This is the mail archive of the
gcc-testresults@gcc.gnu.org
mailing list for the GCC project.
Results for 1200, based on gcc version 3.3 20020731 (experimental) testsuite on child
- From: Andrew Pinski <pinskia at pinskia dot dyndns dot org>
- To: gcc-testresults at gcc dot gnu dot org
- Date: Fri, 9 Aug 2002 22:33:33 -0400 (EDT)
- Subject: Results for 1200, based on gcc version 3.3 20020731 (experimental) testsuite on child
LAST_UPDATED: Fri Aug 9 22:32:35 UTC 2002
Native configuration is child process exited abnormally
=== dejagnu tests ===
Running target unix
=== dejagnu Summary ===
=== runtest tests ===
Running target unix
ERROR: Can't find runtest
UNRESOLVED: No arguments
ERROR: Can't find runtest
UNRESOLVED: Loading library files
ERROR: Can't find runtest
UNRESOLVED: Loading basic packages
ERROR: Can't find runtest
UNRESOLVED: Bad argument
ERROR: Can't find runtest
UNRESOLVED: Bad tool name
ERROR: Can't find runtest
UNRESOLVED: Display help
ERROR: Can't find runtest
UNRESOLVED: Verbose set correctly
ERROR: Can't find runtest
UNRESOLVED: --version
ERROR: Can't find runtest
UNRESOLVED: --target option
ERROR: Can't find runtest
UNRESOLVED: --host option
ERROR: Can't find runtest
UNRESOLVED: --all option
ERROR: Can't find runtest
UNRESOLVED: --objdir option
ERROR: Can't find runtest
UNRESOLVED: --tool option
ERROR: Can't find runtest
UNRESOLVED: --debug option
ERROR: Can't find runtest
UNRESOLVED: --D0 option
ERROR: Can't find runtest
UNRESOLVED: pass
ERROR: Can't find runtest
UNRESOLVED: fail
ERROR: Can't find runtest
UNRESOLVED: xpass
ERROR: Can't find runtest
UNRESOLVED: xfail
ERROR: Can't find runtest
UNRESOLVED: untested
ERROR: Can't find runtest
UNRESOLVED: unresolved
ERROR: Can't find runtest
UNRESOLVED: unsupported
=== runtest Summary ===
# of unresolved testcases 22
=== expect tests ===
Running target unix
=== expect Summary ===
# of expected passes 19
/Volumes/UFS_Partition/pinskia/src/apple/gcc3/objdir/expect/expect version is 5.26
=== g77 tests ===
Running target unix
FAIL: g77.dg/bprob/bprob-1.f compilation, -O2 -fbranch-probabilities
UNRESOLVED: g77.dg/bprob/bprob-1.f execution, -O2 -fbranch-probabilities
FAIL: g77.dg/bprob/bprob-1.f compilation, -O3 -fbranch-probabilities
UNRESOLVED: g77.dg/bprob/bprob-1.f execution, -O3 -fbranch-probabilities
FAIL: g77.dg/bprob/bprob-1.f compilation, -O3 -g -fbranch-probabilities
UNRESOLVED: g77.dg/bprob/bprob-1.f execution, -O3 -g -fbranch-probabilities
FAIL: g77.dg/bprob/bprob-1.f compilation, -Os -fbranch-probabilities
UNRESOLVED: g77.dg/bprob/bprob-1.f execution, -Os -fbranch-probabilities
FAIL: g77.dg/pr5473.f incorrect type (test for errors, line 14)
FAIL: g77.dg/pr5473.f (test for excess errors)
FAIL: g77.dg/pr5473.f incorrect type (test for errors, line 14)
FAIL: g77.dg/pr5473.f (test for excess errors)
FAIL: g77.dg/pr5473.f incorrect type (test for errors, line 14)
FAIL: g77.dg/pr5473.f (test for excess errors)
FAIL: g77.dg/pr5473.f incorrect type (test for errors, line 14)
FAIL: g77.dg/pr5473.f (test for excess errors)
FAIL: g77.f-torture/compile/19990826-3.f, -O1
FAIL: g77.f-torture/compile/980310-3.f, -O1
FAIL: g77.f-torture/compile/980310-4.f, -O1
FAIL: g77.f-torture/execute/19981119-0.f execution, -O3 -fomit-frame-pointer
FAIL: g77.f-torture/execute/19981119-0.f execution, -O3 -g
FAIL: g77.f-torture/execute/6367.f execution, -O0
FAIL: g77.f-torture/execute/6367.f execution, -O1
FAIL: g77.f-torture/execute/6367.f execution, -O2
FAIL: g77.f-torture/execute/6367.f execution, -O3 -fomit-frame-pointer
FAIL: g77.f-torture/execute/6367.f execution, -O3 -fomit-frame-pointer -funroll-loops
FAIL: g77.f-torture/execute/6367.f execution, -O3 -fomit-frame-pointer -funroll-all-loops -finline-functions
FAIL: g77.f-torture/execute/6367.f execution, -O3 -g
FAIL: g77.f-torture/execute/6367.f execution, -Os
FAIL: g77.f-torture/execute/f90-intrinsic-numeric.f compilation, -O1
FAIL: g77.f-torture/execute/intrinsic77.f compilation, -O1
=== g77 Summary ===
# of expected passes 1593
# of unexpected failures 27
# of unresolved testcases 4
# of untested testcases 2
# of unsupported tests 8
=== gcc tests ===
Running target unix
FAIL: gcc.c-torture/compile/20011029-1.c, -O0
FAIL: gcc.c-torture/compile/20011029-1.c, -O1
FAIL: gcc.c-torture/compile/20011109-1.c, -O1
FAIL: gcc.c-torture/compile/20011130-2.c, -O1
FAIL: gcc.c-torture/compile/20020116-1.c, -O3 -fomit-frame-pointer -funroll-all-loops -finline-functions
FAIL: gcc.c-torture/compile/930111-1.c, -O0
FAIL: gcc.c-torture/compile/930111-1.c, -O1
FAIL: gcc.c-torture/compile/990801-1.c, -O3 -fomit-frame-pointer -funroll-all-loops -finline-functions
FAIL: gcc.c-torture/compile/simd-1.c, -O0
FAIL: gcc.c-torture/compile/simd-1.c, -O1
FAIL: gcc.c-torture/compile/simd-1.c, -O2
FAIL: gcc.c-torture/compile/simd-1.c, -O3 -fomit-frame-pointer
FAIL: gcc.c-torture/compile/simd-1.c, -O3 -g
FAIL: gcc.c-torture/compile/simd-1.c, -Os
FAIL: gcc.c-torture/compile/simd-2.c, -O0
FAIL: gcc.c-torture/compile/simd-2.c, -O1
FAIL: gcc.c-torture/compile/simd-2.c, -O2
FAIL: gcc.c-torture/compile/simd-2.c, -O3 -fomit-frame-pointer
FAIL: gcc.c-torture/compile/simd-2.c, -O3 -g
FAIL: gcc.c-torture/compile/simd-2.c, -Os
FAIL: gcc.c-torture/compile/simd-3.c, -O0
FAIL: gcc.c-torture/compile/simd-3.c, -O1
FAIL: gcc.c-torture/compile/simd-3.c, -O2
FAIL: gcc.c-torture/compile/simd-3.c, -O3 -fomit-frame-pointer
FAIL: gcc.c-torture/compile/simd-3.c, -O3 -g
FAIL: gcc.c-torture/compile/simd-3.c, -Os
FAIL: gcc.c-torture/compile/simd-4.c, -O0
FAIL: gcc.c-torture/compile/simd-4.c, -O1
FAIL: gcc.c-torture/compile/simd-4.c, -O2
FAIL: gcc.c-torture/compile/simd-4.c, -O3 -fomit-frame-pointer
FAIL: gcc.c-torture/compile/simd-4.c, -O3 -g
FAIL: gcc.c-torture/compile/simd-4.c, -Os
FAIL: gcc.c-torture/execute/20000605-1.c compilation, -O1
UNRESOLVED: gcc.c-torture/execute/20000605-1.c execution, -O1
FAIL: gcc.c-torture/execute/20020307-2.c execution, -O0
FAIL: gcc.c-torture/execute/20020307-2.c execution, -O1
FAIL: gcc.c-torture/execute/20020307-2.c execution, -O2
FAIL: gcc.c-torture/execute/20020307-2.c execution, -O3 -fomit-frame-pointer
FAIL: gcc.c-torture/execute/20020307-2.c execution, -O3 -fomit-frame-pointer -funroll-loops
FAIL: gcc.c-torture/execute/20020307-2.c execution, -O3 -fomit-frame-pointer -funroll-all-loops -finline-functions
FAIL: gcc.c-torture/execute/20020307-2.c execution, -O3 -g
FAIL: gcc.c-torture/execute/20020307-2.c execution, -Os
FAIL: gcc.c-torture/execute/20020412-1.c execution, -O0
FAIL: gcc.c-torture/execute/20020412-1.c execution, -O1
FAIL: gcc.c-torture/execute/20020412-1.c execution, -O2
FAIL: gcc.c-torture/execute/20020412-1.c execution, -O3 -fomit-frame-pointer
FAIL: gcc.c-torture/execute/20020412-1.c execution, -O3 -fomit-frame-pointer -funroll-loops
FAIL: gcc.c-torture/execute/20020412-1.c execution, -O3 -fomit-frame-pointer -funroll-all-loops -finline-functions
FAIL: gcc.c-torture/execute/20020412-1.c execution, -O3 -g
FAIL: gcc.c-torture/execute/20020412-1.c execution, -Os
FAIL: gcc.c-torture/execute/920730-1t.c compilation, -O0
UNRESOLVED: gcc.c-torture/execute/920730-1t.c execution, -O0
FAIL: gcc.c-torture/execute/920730-1t.c compilation, -O1
UNRESOLVED: gcc.c-torture/execute/920730-1t.c execution, -O1
FAIL: gcc.c-torture/execute/920730-1t.c compilation, -O2
UNRESOLVED: gcc.c-torture/execute/920730-1t.c execution, -O2
FAIL: gcc.c-torture/execute/920730-1t.c compilation, -O3 -fomit-frame-pointer
UNRESOLVED: gcc.c-torture/execute/920730-1t.c execution, -O3 -fomit-frame-pointer
FAIL: gcc.c-torture/execute/920730-1t.c compilation, -O3 -g
UNRESOLVED: gcc.c-torture/execute/920730-1t.c execution, -O3 -g
FAIL: gcc.c-torture/execute/920730-1t.c compilation, -Os
UNRESOLVED: gcc.c-torture/execute/920730-1t.c execution, -Os
FAIL: gcc.c-torture/execute/921208-2.c compilation, -O1
UNRESOLVED: gcc.c-torture/execute/921208-2.c execution, -O1
FAIL: gcc.c-torture/execute/built-in-setjmp.c compilation, -O0
UNRESOLVED: gcc.c-torture/execute/built-in-setjmp.c execution, -O0
FAIL: gcc.c-torture/execute/built-in-setjmp.c compilation, -O1
UNRESOLVED: gcc.c-torture/execute/built-in-setjmp.c execution, -O1
FAIL: gcc.c-torture/execute/built-in-setjmp.c execution, -O2
FAIL: gcc.c-torture/execute/built-in-setjmp.c execution, -O3 -fomit-frame-pointer
FAIL: gcc.c-torture/execute/built-in-setjmp.c execution, -O3 -fomit-frame-pointer -funroll-loops
FAIL: gcc.c-torture/execute/built-in-setjmp.c execution, -O3 -fomit-frame-pointer -funroll-all-loops -finline-functions
FAIL: gcc.c-torture/execute/built-in-setjmp.c execution, -O3 -g
FAIL: gcc.c-torture/execute/built-in-setjmp.c execution, -Os
FAIL: gcc.c-torture/execute/pure-1.c compilation, -O1
UNRESOLVED: gcc.c-torture/execute/pure-1.c execution, -O1
FAIL: gcc.c-torture/execute/pure-1.c compilation, -O2
UNRESOLVED: gcc.c-torture/execute/pure-1.c execution, -O2
FAIL: gcc.c-torture/execute/pure-1.c compilation, -Os
UNRESOLVED: gcc.c-torture/execute/pure-1.c execution, -Os
FAIL: gcc.c-torture/execute/simd-1.c compilation, -O0
UNRESOLVED: gcc.c-torture/execute/simd-1.c execution, -O0
FAIL: gcc.c-torture/execute/simd-1.c compilation, -O1
UNRESOLVED: gcc.c-torture/execute/simd-1.c execution, -O1
FAIL: gcc.c-torture/execute/simd-1.c compilation, -O2
UNRESOLVED: gcc.c-torture/execute/simd-1.c execution, -O2
FAIL: gcc.c-torture/execute/simd-1.c compilation, -O3 -fomit-frame-pointer
UNRESOLVED: gcc.c-torture/execute/simd-1.c execution, -O3 -fomit-frame-pointer
FAIL: gcc.c-torture/execute/simd-1.c compilation, -O3 -g
UNRESOLVED: gcc.c-torture/execute/simd-1.c execution, -O3 -g
FAIL: gcc.c-torture/execute/simd-1.c compilation, -Os
UNRESOLVED: gcc.c-torture/execute/simd-1.c execution, -Os
FAIL: gcc.c-torture/execute/simd-2.c compilation, -O0
UNRESOLVED: gcc.c-torture/execute/simd-2.c execution, -O0
FAIL: gcc.c-torture/execute/simd-2.c compilation, -O1
UNRESOLVED: gcc.c-torture/execute/simd-2.c execution, -O1
FAIL: gcc.c-torture/execute/simd-2.c compilation, -O2
UNRESOLVED: gcc.c-torture/execute/simd-2.c execution, -O2
FAIL: gcc.c-torture/execute/simd-2.c compilation, -O3 -fomit-frame-pointer
UNRESOLVED: gcc.c-torture/execute/simd-2.c execution, -O3 -fomit-frame-pointer
FAIL: gcc.c-torture/execute/simd-2.c compilation, -O3 -g
UNRESOLVED: gcc.c-torture/execute/simd-2.c execution, -O3 -g
FAIL: gcc.c-torture/execute/simd-2.c compilation, -Os
UNRESOLVED: gcc.c-torture/execute/simd-2.c execution, -Os
FAIL: gcc.c-torture/execute/va-arg-3.c compilation, -O0
UNRESOLVED: gcc.c-torture/execute/va-arg-3.c execution, -O0
FAIL: gcc.c-torture/execute/va-arg-3.c compilation, -O1
UNRESOLVED: gcc.c-torture/execute/va-arg-3.c execution, -O1
FAIL: gcc.c-torture/execute/va-arg-3.c compilation, -O2
UNRESOLVED: gcc.c-torture/execute/va-arg-3.c execution, -O2
FAIL: gcc.c-torture/execute/va-arg-3.c compilation, -O3 -fomit-frame-pointer
UNRESOLVED: gcc.c-torture/execute/va-arg-3.c execution, -O3 -fomit-frame-pointer
FAIL: gcc.c-torture/execute/va-arg-3.c compilation, -O3 -fomit-frame-pointer -funroll-loops
UNRESOLVED: gcc.c-torture/execute/va-arg-3.c execution, -O3 -fomit-frame-pointer -funroll-loops
FAIL: gcc.c-torture/execute/va-arg-3.c compilation, -O3 -fomit-frame-pointer -funroll-all-loops -finline-functions
UNRESOLVED: gcc.c-torture/execute/va-arg-3.c execution, -O3 -fomit-frame-pointer -funroll-all-loops -finline-functions
FAIL: gcc.c-torture/execute/va-arg-3.c compilation, -O3 -g
UNRESOLVED: gcc.c-torture/execute/va-arg-3.c execution, -O3 -g
FAIL: gcc.c-torture/execute/va-arg-3.c compilation, -Os
UNRESOLVED: gcc.c-torture/execute/va-arg-3.c execution, -Os
FAIL: gcc.c-torture/execute/va-arg-5.c compilation, -O1
UNRESOLVED: gcc.c-torture/execute/va-arg-5.c execution, -O1
FAIL: gcc.dg/cpp/19940712-1.c (test for errors, line 4)
FAIL: gcc.dg/cpp/19940712-1.c (test for errors, line 8)
FAIL: gcc.dg/cpp/19940712-1.c (test for errors, line 8)
FAIL: gcc.dg/cpp/19940712-1.c (test for errors, line 9)
FAIL: gcc.dg/cpp/19940712-1.c (test for excess errors)
FAIL: gcc.dg/cpp/19951025-1.c (test for errors, line 4)
FAIL: gcc.dg/cpp/19951025-1.c (test for errors, line 4)
FAIL: gcc.dg/cpp/19951025-1.c (test for excess errors)
FAIL: gcc.dg/cpp/19951227-1.c (test for errors, line 2)
FAIL: gcc.dg/cpp/19951227-1.c (test for excess errors)
FAIL: gcc.dg/cpp/19990413-1.c error on this line (test for errors, line 12)
FAIL: gcc.dg/cpp/19990413-1.c (test for excess errors)
FAIL: gcc.dg/cpp/20000129-1.c trigraph encountered (test for warnings, line 15)
FAIL: gcc.dg/cpp/20000209-1.c case 0 (test for errors, line 10)
FAIL: gcc.dg/cpp/20000209-1.c case 1 (test for errors, line 14)
FAIL: gcc.dg/cpp/20000209-1.c case 2 (test for errors, line 18)
FAIL: gcc.dg/cpp/20000209-1.c case 3 (test for errors, line 22)
FAIL: gcc.dg/cpp/20000209-1.c case 4 (test for errors, line 26)
FAIL: gcc.dg/cpp/20000209-1.c case 5 (test for errors, line 30)
FAIL: gcc.dg/cpp/20000209-1.c case 6 (test for errors, line 34)
FAIL: gcc.dg/cpp/20000209-1.c (test for excess errors)
WARNING: gcc.dg/cpp/20000625-2.c compilation failed to produce executable
FAIL: gcc.dg/cpp/Wsignprom.c (test for warnings, line 25)
FAIL: gcc.dg/cpp/Wsignprom.c (test for excess errors)
FAIL: gcc.dg/cpp/Wtrigraphs.c (test for warnings, line 7)
FAIL: gcc.dg/cpp/Wtrigraphs.c (test for warnings, line 8)
FAIL: gcc.dg/cpp/Wtrigraphs.c (test for warnings, line 9)
FAIL: gcc.dg/cpp/Wunused.c (test for warnings, line 17)
FAIL: gcc.dg/cpp/Wunused.c (test for warnings, line 18)
FAIL: gcc.dg/cpp/Wunused.c (test for warnings, line 19)
FAIL: gcc.dg/cpp/_Pragma1.c (test for errors, line 10)
FAIL: gcc.dg/cpp/_Pragma1.c (test for errors, line 14)
FAIL: gcc.dg/cpp/_Pragma1.c (test for errors, line 18)
FAIL: gcc.dg/cpp/_Pragma1.c (test for errors, line 27)
FAIL: gcc.dg/cpp/_Pragma1.c (test for errors, line 28)
FAIL: gcc.dg/cpp/_Pragma1.c (test for excess errors)
FAIL: gcc.dg/cpp/arith-3.c (test for warnings, line 144)
FAIL: gcc.dg/cpp/arith-3.c (test for errors, line 146)
FAIL: gcc.dg/cpp/arith-3.c (test for errors, line 148)
FAIL: gcc.dg/cpp/arith-3.c (test for errors, line 152)
FAIL: gcc.dg/cpp/arith-3.c (test for warnings, line 157)
FAIL: gcc.dg/cpp/arith-3.c (test for bogus messages, line 170)
FAIL: gcc.dg/cpp/arith-3.c (test for warnings, line 180)
FAIL: gcc.dg/cpp/arith-3.c (test for bogus messages, line 181)
FAIL: gcc.dg/cpp/arith-3.c (test for warnings, line 184)
FAIL: gcc.dg/cpp/arith-3.c (test for bogus messages, line 185)
FAIL: gcc.dg/cpp/arith-3.c (test for bogus messages, line 193)
FAIL: gcc.dg/cpp/arith-3.c (test for bogus messages, line 197)
FAIL: gcc.dg/cpp/arith-3.c (test for warnings, line 204)
FAIL: gcc.dg/cpp/arith-3.c (test for bogus messages, line 205)
FAIL: gcc.dg/cpp/arith-3.c (test for warnings, line 208)
FAIL: gcc.dg/cpp/arith-3.c (test for bogus messages, line 209)
FAIL: gcc.dg/cpp/arith-3.c (test for bogus messages, line 217)
FAIL: gcc.dg/cpp/arith-3.c (test for bogus messages, line 221)
FAIL: gcc.dg/cpp/arith-3.c (test for warnings, line 229)
FAIL: gcc.dg/cpp/arith-3.c (test for bogus messages, line 230)
FAIL: gcc.dg/cpp/arith-3.c (test for warnings, line 233)
FAIL: gcc.dg/cpp/arith-3.c (test for bogus messages, line 234)
FAIL: gcc.dg/cpp/arith-3.c (test for warnings, line 237)
FAIL: gcc.dg/cpp/arith-3.c (test for bogus messages, line 246)
FAIL: gcc.dg/cpp/arith-3.c (test for bogus messages, line 254)
FAIL: gcc.dg/cpp/arith-3.c (test for warnings, line 265)
FAIL: gcc.dg/cpp/arith-3.c (test for bogus messages, line 266)
FAIL: gcc.dg/cpp/arith-3.c (test for bogus messages, line 273)
FAIL: gcc.dg/cpp/arith-3.c (test for bogus messages, line 309)
FAIL: gcc.dg/cpp/arith-3.c (test for warnings, line 325)
FAIL: gcc.dg/cpp/arith-3.c (test for warnings, line 333)
FAIL: gcc.dg/cpp/arith-3.c (test for warnings, line 341)
FAIL: gcc.dg/cpp/arith-3.c (test for warnings, line 345)
FAIL: gcc.dg/cpp/arith-3.c (test for warnings, line 358)
FAIL: gcc.dg/cpp/arith-3.c (test for warnings, line 377)
FAIL: gcc.dg/cpp/arith-3.c (test for excess errors)
FAIL: gcc.dg/cpp/assert2.c assert w/o predicate (test for errors, line 5)
FAIL: gcc.dg/cpp/assert2.c assert punctuation (test for errors, line 6)
FAIL: gcc.dg/cpp/assert2.c assert number (test for errors, line 7)
FAIL: gcc.dg/cpp/assert2.c assert w/o answer (test for errors, line 8)
FAIL: gcc.dg/cpp/assert2.c test w/o predicate (test for errors, line 10)
FAIL: gcc.dg/cpp/assert2.c test punctuation (test for errors, line 13)
FAIL: gcc.dg/cpp/assert2.c test number (test for errors, line 16)
FAIL: gcc.dg/cpp/assert2.c test with malformed answer (test for errors, line 23)
FAIL: gcc.dg/cpp/assert2.c (test for excess errors)
FAIL: gcc.dg/cpp/assert_trad2.c assert w/o predicate (test for errors, line 5)
FAIL: gcc.dg/cpp/assert_trad2.c assert punctuation (test for errors, line 6)
FAIL: gcc.dg/cpp/assert_trad2.c assert number (test for errors, line 7)
FAIL: gcc.dg/cpp/assert_trad2.c assert w/o answer (test for errors, line 8)
FAIL: gcc.dg/cpp/assert_trad2.c test w/o predicate (test for errors, line 10)
FAIL: gcc.dg/cpp/assert_trad2.c test punctuation (test for errors, line 13)
FAIL: gcc.dg/cpp/assert_trad2.c (test for errors, line 13)
FAIL: gcc.dg/cpp/assert_trad2.c test number (test for errors, line 16)
FAIL: gcc.dg/cpp/assert_trad2.c (test for errors, line 16)
FAIL: gcc.dg/cpp/assert_trad2.c bad syntax (test for errors, line 23)
FAIL: gcc.dg/cpp/assert_trad2.c (test for excess errors)
FAIL: gcc.dg/cpp/backslash.c space (test for warnings, line 9)
FAIL: gcc.dg/cpp/backslash.c tab (test for warnings, line 10)
FAIL: gcc.dg/cpp/backslash.c space and tab (test for warnings, line 11)
FAIL: gcc.dg/cpp/backslash2.c (test for warnings, line 8)
FAIL: gcc.dg/cpp/c++98-pedantic.c (test for warnings, line 9)
FAIL: gcc.dg/cpp/c89-pedantic.c (test for warnings, line 9)
FAIL: gcc.dg/cpp/c94-pedantic.c (test for warnings, line 9)
FAIL: gcc.dg/cpp/cmdlne-M.c (test for excess errors)
FAIL: gcc.dg/cpp/cmdlne-dD-M.c (test for excess errors)
FAIL: cmdlne-dD-dM.c: #define line not printed
FAIL: cmdlne-dD-dM.c: non-#define line printed
FAIL: gcc.dg/cpp/cmdlne-dI-M.c (test for excess errors)
FAIL: gcc.dg/cpp/cmdlne-dM-M.c (test for excess errors)
FAIL: cmdlne-dM-dD.c: #define line not printed
FAIL: gcc.dg/cpp/cmdlne-dN-M.c (test for excess errors)
FAIL: gcc.dg/cpp/cxxcom1.c good warning (test for warnings, line 5)
FAIL: gcc.dg/cpp/cxxcom2.c #line extension (test for warnings, line 5)
FAIL: gcc.dg/cpp/defined.c (test for errors, line 9)
FAIL: gcc.dg/cpp/defined.c (test for warnings, line 73)
FAIL: gcc.dg/cpp/defined.c (test for warnings, line 77)
FAIL: gcc.dg/cpp/defined.c (test for warnings, line 82)
FAIL: gcc.dg/cpp/defined.c (test for excess errors)
FAIL: gcc.dg/cpp/defined_trad.c (test for errors, line 20)
FAIL: gcc.dg/cpp/defined_trad.c (test for excess errors)
FAIL: gcc.dg/cpp/digraph2.c (test for errors, line 12)
FAIL: gcc.dg/cpp/digraph2.c (test for excess errors)
FAIL: gcc.dg/cpp/direct2s.c no macro Y (test for errors, line 32)
FAIL: gcc.dg/cpp/direct2s.c (test for excess errors)
FAIL: gcc.dg/cpp/directiv.c (test for errors, line 11)
FAIL: gcc.dg/cpp/directiv.c (test for warnings, line 21)
FAIL: gcc.dg/cpp/directiv.c (test for warnings, line 22)
FAIL: gcc.dg/cpp/directiv.c (test for errors, line 34)
FAIL: gcc.dg/cpp/directiv.c (test for excess errors)
FAIL: gcc.dg/cpp/endif-pedantic2.c tokens after #else (test for errors, line 14)
FAIL: gcc.dg/cpp/endif-pedantic2.c tokens after #endif (test for errors, line 15)
FAIL: gcc.dg/cpp/escape-1.c too long octal (test for warnings, line 37)
FAIL: gcc.dg/cpp/escape-1.c unknown escape seq (test for errors, line 38)
FAIL: gcc.dg/cpp/escape-1.c (test for excess errors)
FAIL: gcc.dg/cpp/escape-2.c non-ISO \\e (test for warnings, line 11)
FAIL: gcc.dg/cpp/escape-2.c non-ISO \\E (test for warnings, line 18)
FAIL: gcc.dg/cpp/escape.c traditional bell (test for warnings, line 11)
FAIL: gcc.dg/cpp/escape.c traditional hex (test for warnings, line 13)
FAIL: gcc.dg/cpp/escape.c u is unknown in C89 (test for warnings, line 16)
FAIL: gcc.dg/cpp/escape.c traditional bell (test for warnings, line 21)
FAIL: gcc.dg/cpp/escape.c traditional hex (test for warnings, line 23)
FAIL: gcc.dg/cpp/escape.c u is unknown in C89 (test for warnings, line 24)
FAIL: gcc.dg/cpp/extratokens.c tokens after #ident (test for errors, line 32)
FAIL: gcc.dg/cpp/gnuc89-pedantic.c (test for warnings, line 9)
FAIL: gcc.dg/cpp/if-4.c += in if (test for errors, line 5)
FAIL: gcc.dg/cpp/if-4.c (test for excess errors)
FAIL: gcc.dg/cpp/if-5.c (test for errors, line 5)
FAIL: gcc.dg/cpp/if-5.c (test for errors, line 8)
FAIL: gcc.dg/cpp/if-5.c (test for excess errors)
FAIL: gcc.dg/cpp/if-cexp.c nested ? : (test for errors, line 6)
FAIL: gcc.dg/cpp/if-cexp.c nested ? : with parens (test for errors, line 10)
FAIL: gcc.dg/cpp/if-cexp.c immediate : (test for errors, line 13)
FAIL: gcc.dg/cpp/if-cexp.c (test for excess errors)
FAIL: gcc.dg/cpp/if-mop.c empty #if (test for errors, line 9)
FAIL: gcc.dg/cpp/if-mop.c no unary operand (test for errors, line 12)
FAIL: gcc.dg/cpp/if-mop.c no right operand (test for errors, line 15)
FAIL: gcc.dg/cpp/if-mop.c no binary operator (test for errors, line 18)
FAIL: gcc.dg/cpp/if-mop.c immediate then open paren (test for errors, line 21)
FAIL: gcc.dg/cpp/if-mop.c close paren then immediate (test for errors, line 24)
FAIL: gcc.dg/cpp/if-mop.c (test for excess errors)
FAIL: gcc.dg/cpp/if-mpar.c missing ')' no. 1 (test for errors, line 8)
FAIL: gcc.dg/cpp/if-mpar.c missing ')' no. 2 (test for errors, line 11)
FAIL: gcc.dg/cpp/if-mpar.c missing '(' no. 1 (test for errors, line 14)
FAIL: gcc.dg/cpp/if-mpar.c missing '(' no. 2 (test for errors, line 17)
FAIL: gcc.dg/cpp/if-mpar.c missing '(' no. 3 (test for errors, line 20)
FAIL: gcc.dg/cpp/if-mpar.c missing ')' no. 3 (test for errors, line 23)
FAIL: gcc.dg/cpp/if-mpar.c (test for excess errors)
FAIL: gcc.dg/cpp/if-oppr.c ? higher precedence than , (test for errors, line 23)
FAIL: gcc.dg/cpp/if-oppr.c (test for excess errors)
FAIL: gcc.dg/cpp/if-paren.c empty paren (test for errors, line 14)
FAIL: gcc.dg/cpp/if-paren.c simple parens no. 1 (test for errors, line 18)
FAIL: gcc.dg/cpp/if-paren.c simple parens no. 2 (test for errors, line 22)
FAIL: gcc.dg/cpp/if-paren.c simple parens no. 3 (test for errors, line 26)
FAIL: gcc.dg/cpp/if-paren.c nested parentheses (test for errors, line 30)
FAIL: gcc.dg/cpp/if-paren.c (test for excess errors)
FAIL: gcc.dg/cpp/include2.c (test for warnings, line 10)
FAIL: gcc.dg/cpp/include2.c (test for errors, line 11)
FAIL: gcc.dg/cpp/include2.c (test for errors, line 10)
FAIL: gcc.dg/cpp/include2.c (test for errors, line 11)
FAIL: gcc.dg/cpp/include2.c (test for warnings, line 11)
FAIL: gcc.dg/cpp/include2.c (test for excess errors)
FAIL: gcc.dg/cpp/line2.c line # too low (test for errors, line 1)
FAIL: gcc.dg/cpp/line2.c line # too high (test for errors, line 2)
FAIL: gcc.dg/cpp/line2.c (test for excess errors)
FAIL: gcc.dg/cpp/mi5.c redundant include check with -C (test for errors, line )
FAIL: gcc.dg/cpp/mi7.c redundant include check (test for errors, line )
FAIL: gcc.dg/cpp/paste1.c ## at objlike start (test for errors, line 7)
FAIL: gcc.dg/cpp/paste1.c ## at objlike end (test for errors, line 8)
FAIL: gcc.dg/cpp/paste1.c ## at funlike start (test for errors, line 9)
FAIL: gcc.dg/cpp/paste1.c ## at funlike end (test for errors, line 10)
FAIL: gcc.dg/cpp/paste1.c (test for excess errors)
FAIL: gcc.dg/cpp/paste11.c (test for warnings, line 12)
FAIL: gcc.dg/cpp/paste11.c (test for warnings, line 13)
FAIL: gcc.dg/cpp/paste11.c (test for warnings, line 14)
FAIL: gcc.dg/cpp/paste11.c (test for warnings, line 15)
FAIL: gcc.dg/cpp/paste11.c (test for excess errors)
FAIL: gcc.dg/cpp/paste12.c (test for errors, line 8)
FAIL: gcc.dg/cpp/paste12.c (test for excess errors)
FAIL: gcc.dg/cpp/paste5.c (test for warnings, line 21)
FAIL: gcc.dg/cpp/paste5.c (test for excess errors)
FAIL: gcc.dg/cpp/poison.c redef of foo6 (test for errors, line 16)
FAIL: gcc.dg/cpp/poison.c #ifdef foo6 (test for errors, line 17)
FAIL: gcc.dg/cpp/poison.c #if defined foo6 (test for errors, line 20)
FAIL: gcc.dg/cpp/poison.c use of foo6 (test for errors, line 23)
FAIL: gcc.dg/cpp/poison.c (test for excess errors)
FAIL: gcc.dg/cpp/pragma-1.c undeclared-variable message (test for errors, line 9)
FAIL: gcc.dg/cpp/pragma-1.c reminder message (test for errors, line 9)
FAIL: gcc.dg/cpp/pragma-1.c (test for excess errors)
FAIL: gcc.dg/cpp/redef2.c redef va (test for warnings, line 15)
FAIL: gcc.dg/cpp/redef2.c prev def va (test for warnings, line 14)
FAIL: gcc.dg/cpp/redef2.c (test for excess errors)
FAIL: gcc.dg/cpp/skipping2.c tokens after #endif (test for warnings, line 13)
FAIL: gcc.dg/cpp/skipping2.c (test for excess errors)
FAIL: gcc.dg/cpp/strify1.c #1 (test for errors, line 9)
FAIL: gcc.dg/cpp/strify1.c #2 (test for errors, line 10)
FAIL: gcc.dg/cpp/strify1.c (test for excess errors)
FAIL: gcc.dg/cpp/sysmac1.c (test for warnings, line 15)
FAIL: gcc.dg/cpp/sysmac1.c (test for warnings, line 17)
FAIL: gcc.dg/cpp/sysmac1.c (test for warnings, line 22)
FAIL: gcc.dg/cpp/sysmac1.c (test for warnings, line 25)
FAIL: gcc.dg/cpp/sysmac2.c (test for excess errors)
FAIL: gcc.dg/cpp/tr-direct.c (test for errors, line 8)
FAIL: gcc.dg/cpp/tr-direct.c (test for excess errors)
FAIL: gcc.dg/cpp/tr-paste.c (test for excess errors)
FAIL: gcc.dg/cpp/tr-str.c execution test
FAIL: gcc.dg/cpp/tr-warn2.c (test for warnings, line 13)
FAIL: gcc.dg/cpp/tr-warn3.c ^#ext (test for warnings, line 51)
FAIL: gcc.dg/cpp/tr-warn3.c ^# ext (test for warnings, line 52)
FAIL: gcc.dg/cpp/tr-warn3.c (test for excess errors)
FAIL: gcc.dg/cpp/tr-warn4.c numeric constant suffix (test for warnings, line 7)
FAIL: gcc.dg/cpp/tr-warn4.c numeric constant suffix (test for warnings, line 9)
FAIL: gcc.dg/cpp/tr-warn5.c unary plus operator (test for warnings, line 7)
FAIL: gcc.dg/cpp/unc1.c unterminated #if (test for errors, line 4)
FAIL: gcc.dg/cpp/unc1.c (test for excess errors)
FAIL: gcc.dg/cpp/unc2.c unterminated if-elif-elif... (test for errors, line 4)
FAIL: gcc.dg/cpp/unc2.c (test for excess errors)
FAIL: gcc.dg/cpp/unc3.c unterminated #else (test for errors, line 4)
FAIL: gcc.dg/cpp/unc3.c (test for excess errors)
FAIL: gcc.dg/cpp/unc4.c #endif without #if (test for errors, line 8)
FAIL: gcc.dg/cpp/unc4.c #else without #if (test for errors, line 10)
FAIL: gcc.dg/cpp/unc4.c #endif after #else without #if (test for errors, line 11)
FAIL: gcc.dg/cpp/unc4.c #elif without #if (test for errors, line 13)
FAIL: gcc.dg/cpp/unc4.c #endif after #else without #if (test for errors, line 14)
FAIL: gcc.dg/cpp/unc4.c (test for errors, line 35)
FAIL: gcc.dg/cpp/unc4.c unc1.c: unterminated #if (test for errors, line 4)
FAIL: gcc.dg/cpp/unc4.c (test for excess errors)
FAIL: gcc.dg/cpp/undef1.c (test for errors, line 12)
FAIL: gcc.dg/cpp/undef1.c foo(#undef foo) (test for errors, line 13)
FAIL: gcc.dg/cpp/undef1.c (test for excess errors)
FAIL: gcc.dg/cpp/widestr1.c wide string in #line (test for errors, line 7)
FAIL: gcc.dg/cpp/widestr1.c wide string in #include (test for errors, line 8)
FAIL: gcc.dg/cpp/widestr1.c (test for excess errors)
FAIL: gcc.dg/cpp/trad/__STDC__.c (test for excess errors)
FAIL: gcc.dg/cpp/trad/argcount.c 2 args to 1 param macro (test for errors, line 12)
FAIL: gcc.dg/cpp/trad/argcount.c 2 args to 1 param macro (test for errors, line 13)
FAIL: gcc.dg/cpp/trad/argcount.c 1 arg to 0 param macro (test for errors, line 15)
FAIL: gcc.dg/cpp/trad/argcount.c 2 args to 0 param macro (test for errors, line 16)
FAIL: gcc.dg/cpp/trad/argcount.c 0 args to 2 param macro (test for errors, line 17)
FAIL: gcc.dg/cpp/trad/argcount.c 1 args to 2 param macro (test for errors, line 18)
FAIL: gcc.dg/cpp/trad/argcount.c 3 args to 2 param macro (test for errors, line 21)
FAIL: gcc.dg/cpp/trad/argcount.c (test for excess errors)
FAIL: gcc.dg/cpp/trad/assembler.S (test for errors, line 14)
FAIL: gcc.dg/cpp/trad/assembler.S (test for excess errors)
FAIL: gcc.dg/cpp/trad/assert2.c assert w/o predicate (test for errors, line 4)
FAIL: gcc.dg/cpp/trad/assert2.c assert punctuation (test for errors, line 5)
FAIL: gcc.dg/cpp/trad/assert2.c assert number (test for errors, line 6)
FAIL: gcc.dg/cpp/trad/assert2.c assert w/o answer (test for errors, line 7)
FAIL: gcc.dg/cpp/trad/assert2.c test w/o predicate (test for errors, line 9)
FAIL: gcc.dg/cpp/trad/assert2.c test punctuation (test for errors, line 12)
FAIL: gcc.dg/cpp/trad/assert2.c test number (test for errors, line 15)
FAIL: gcc.dg/cpp/trad/assert2.c bad syntax (test for errors, line 22)
FAIL: gcc.dg/cpp/trad/assert2.c (test for excess errors)
FAIL: gcc.dg/cpp/trad/comment-2.c (test for warnings, line 7)
FAIL: gcc.dg/cpp/trad/comment-2.c (test for warnings, line 11)
FAIL: gcc.dg/cpp/trad/comment.c (test for warnings, line 5)
FAIL: gcc.dg/cpp/trad/comment.c (test for excess errors)
FAIL: gcc.dg/cpp/trad/defined.c (test for errors, line 19)
FAIL: gcc.dg/cpp/trad/defined.c (test for excess errors)
FAIL: gcc.dg/cpp/trad/directive.c (test for errors, line 7)
FAIL: gcc.dg/cpp/trad/directive.c (test for errors, line 12)
FAIL: gcc.dg/cpp/trad/directive.c (test for excess errors)
FAIL: gcc.dg/cpp/trad/escaped-eof.c escaped EOF warning (test for warnings, line 7)
FAIL: gcc.dg/cpp/trad/funlike-3.c unterminated macro (test for errors, line 12)
FAIL: gcc.dg/cpp/trad/funlike-3.c (test for excess errors)
FAIL: gcc.dg/cpp/trad/funlike.c macro-expanded parenthesis (test for errors, line 24)
FAIL: gcc.dg/cpp/trad/funlike.c (test for excess errors)
FAIL: gcc.dg/cpp/trad/macroargs.c (test for excess errors)
WARNING: gcc.dg/cpp/trad/macroargs.c compilation failed to produce executable
FAIL: gcc.dg/cpp/trad/mi1.c redundant include check (test for errors, line )
FAIL: gcc.dg/cpp/trad/mi1.c (test for excess errors)
FAIL: gcc.dg/cpp/trad/mi5.c redundant include check with -C (test for errors, line )
FAIL: gcc.dg/cpp/trad/null-drctv.c (test for errors, line 6)
FAIL: gcc.dg/cpp/trad/null-drctv.c (test for excess errors)
FAIL: gcc.dg/cpp/trad/paste.c (test for excess errors)
FAIL: gcc.dg/cpp/trad/quote.c (test for excess errors)
FAIL: gcc.dg/cpp/trad/recurse-1.c (test for errors, line 7)
FAIL: gcc.dg/cpp/trad/recurse-1.c (test for errors, line 10)
FAIL: gcc.dg/cpp/trad/recurse-2.c (test for errors, line 7)
FAIL: gcc.dg/cpp/trad/recurse-2.c (test for errors, line 13)
FAIL: gcc.dg/cpp/trad/recurse-2.c (test for errors, line 16)
FAIL: gcc.dg/cpp/trad/recurse-3.c (test for excess errors)
FAIL: gcc.dg/cpp/trad/redef2.c f prev def (test for warnings, line 28)
FAIL: gcc.dg/cpp/trad/redef2.c g prev def (test for warnings, line 31)
FAIL: gcc.dg/cpp/trad/redef2.c g redefined (test for warnings, line 32)
FAIL: gcc.dg/cpp/trad/redef2.c (test for excess errors)
FAIL: gcc.dg/cpp/trad/strify.c execution test
FAIL: gcc.dg/debug/20000503-1.c (test for excess errors)
FAIL: gcc.dg/debug/20000503-1.c (test for excess errors)
FAIL: gcc.dg/debug/20000503-1.c (test for excess errors)
FAIL: gcc.dg/debug/20000503-1.c (test for excess errors)
FAIL: gcc.dg/debug/20000503-1.c (test for excess errors)
FAIL: gcc.dg/debug/20000503-1.c (test for excess errors)
FAIL: gcc.dg/debug/20000503-1.c (test for excess errors)
FAIL: gcc.dg/debug/20010207-1.c (test for excess errors)
FAIL: gcc.dg/debug/20010207-1.c (test for excess errors)
FAIL: gcc.dg/debug/20010207-1.c (test for excess errors)
FAIL: gcc.dg/debug/20010207-1.c (test for excess errors)
FAIL: gcc.dg/debug/20010207-1.c (test for excess errors)
FAIL: gcc.dg/debug/20010207-1.c (test for excess errors)
FAIL: gcc.dg/debug/20010207-1.c (test for excess errors)
FAIL: gcc.dg/debug/20010207-1.c (test for excess errors)
FAIL: gcc.dg/debug/20010207-1.c (test for excess errors)
FAIL: gcc.dg/debug/20011223-1.c (test for excess errors)
FAIL: gcc.dg/debug/20011223-1.c (test for excess errors)
FAIL: gcc.dg/debug/20011223-1.c (test for excess errors)
FAIL: gcc.dg/debug/20011223-1.c (test for excess errors)
FAIL: gcc.dg/debug/20011223-1.c (test for excess errors)
FAIL: gcc.dg/debug/20011223-1.c (test for excess errors)
FAIL: gcc.dg/debug/20011223-1.c (test for excess errors)
FAIL: gcc.dg/debug/20020104-2.c (test for excess errors)
FAIL: gcc.dg/debug/20020104-2.c (test for excess errors)
FAIL: gcc.dg/debug/20020104-2.c (test for excess errors)
FAIL: gcc.dg/debug/20020104-2.c (test for excess errors)
FAIL: gcc.dg/debug/20020104-2.c (test for excess errors)
FAIL: gcc.dg/debug/20020104-2.c (test for excess errors)
FAIL: gcc.dg/debug/20020104-2.c (test for excess errors)
FAIL: gcc.dg/debug/20020104-2.c (test for excess errors)
FAIL: gcc.dg/debug/20020104-2.c (test for excess errors)
FAIL: gcc.dg/debug/20020220-1.c (test for excess errors)
WARNING: gcc.dg/debug/20020220-1.c compilation failed to produce executable
FAIL: gcc.dg/debug/20020220-1.c (test for excess errors)
WARNING: gcc.dg/debug/20020220-1.c compilation failed to produce executable
FAIL: gcc.dg/debug/20020220-1.c (test for excess errors)
WARNING: gcc.dg/debug/20020220-1.c compilation failed to produce executable
FAIL: gcc.dg/debug/20020220-1.c (test for excess errors)
WARNING: gcc.dg/debug/20020220-1.c compilation failed to produce executable
FAIL: gcc.dg/debug/20020220-1.c (test for excess errors)
WARNING: gcc.dg/debug/20020220-1.c compilation failed to produce executable
FAIL: gcc.dg/debug/20020220-1.c (test for excess errors)
WARNING: gcc.dg/debug/20020220-1.c compilation failed to produce executable
FAIL: gcc.dg/debug/20020220-1.c (test for excess errors)
WARNING: gcc.dg/debug/20020220-1.c compilation failed to produce executable
FAIL: gcc.dg/debug/20020220-1.c (test for excess errors)
WARNING: gcc.dg/debug/20020220-1.c compilation failed to produce executable
FAIL: gcc.dg/debug/20020220-1.c (test for excess errors)
WARNING: gcc.dg/debug/20020220-1.c compilation failed to produce executable
FAIL: gcc.dg/debug/20020220-1.c (test for excess errors)
FAIL: gcc.dg/debug/20020220-1.c (test for excess errors)
FAIL: gcc.dg/debug/20020220-1.c (test for excess errors)
FAIL: gcc.dg/debug/20020220-1.c (test for excess errors)
FAIL: gcc.dg/debug/20020220-1.c (test for excess errors)
FAIL: gcc.dg/debug/20020220-1.c (test for excess errors)
FAIL: gcc.dg/debug/20020220-1.c (test for excess errors)
FAIL: gcc.dg/debug/20020220-1.c (test for excess errors)
FAIL: gcc.dg/debug/20020220-1.c (test for excess errors)
FAIL: gcc.dg/debug/20020220-1.c (test for excess errors)
FAIL: gcc.dg/debug/20020220-1.c (test for excess errors)
FAIL: gcc.dg/debug/20020220-1.c (test for excess errors)
FAIL: gcc.dg/debug/20020220-1.c (test for excess errors)
FAIL: gcc.dg/debug/20020220-1.c (test for excess errors)
FAIL: gcc.dg/debug/20020220-1.c (test for excess errors)
FAIL: gcc.dg/debug/20020220-1.c (test for excess errors)
FAIL: gcc.dg/debug/20020220-1.c (test for excess errors)
FAIL: gcc.dg/debug/20020220-1.c (test for excess errors)
FAIL: gcc.dg/debug/20020220-1.c (test for excess errors)
FAIL: gcc.dg/debug/20020220-1.c (test for excess errors)
FAIL: gcc.dg/debug/20020220-1.c (test for excess errors)
FAIL: gcc.dg/debug/20020220-1.c (test for excess errors)
FAIL: gcc.dg/debug/20020220-1.c (test for excess errors)
FAIL: gcc.dg/debug/20020220-1.c (test for excess errors)
FAIL: gcc.dg/debug/20020220-1.c (test for excess errors)
FAIL: gcc.dg/debug/20020220-1.c (test for excess errors)
FAIL: gcc.dg/debug/20020224-1.c (test for excess errors)
FAIL: gcc.dg/debug/20020224-1.c (test for excess errors)
FAIL: gcc.dg/debug/20020224-1.c (test for excess errors)
FAIL: gcc.dg/debug/20020224-1.c (test for excess errors)
FAIL: gcc.dg/debug/20020224-1.c (test for excess errors)
FAIL: gcc.dg/debug/20020224-1.c (test for excess errors)
FAIL: gcc.dg/debug/20020224-1.c (test for excess errors)
FAIL: gcc.dg/debug/20020224-1.c (test for excess errors)
FAIL: gcc.dg/debug/20020327-1.c (test for excess errors)
FAIL: gcc.dg/debug/20020327-1.c (test for excess errors)
FAIL: gcc.dg/debug/20020327-1.c (test for excess errors)
FAIL: gcc.dg/debug/20020327-1.c (test for excess errors)
FAIL: gcc.dg/debug/20020327-1.c (test for excess errors)
FAIL: gcc.dg/debug/20020327-1.c (test for excess errors)
FAIL: gcc.dg/debug/20020327-1.c (test for excess errors)
FAIL: gcc.dg/debug/20020327-1.c (test for excess errors)
FAIL: gcc.dg/debug/20020327-1.c (test for excess errors)
FAIL: gcc.dg/debug/20020327-1.c (test for excess errors)
FAIL: gcc.dg/debug/20020327-1.c (test for excess errors)
FAIL: gcc.dg/debug/20020327-1.c (test for excess errors)
FAIL: gcc.dg/debug/20020327-1.c (test for excess errors)
FAIL: gcc.dg/debug/20020327-1.c (test for excess errors)
FAIL: gcc.dg/debug/20020327-1.c (test for excess errors)
FAIL: gcc.dg/debug/20020327-1.c (test for excess errors)
FAIL: gcc.dg/debug/20020327-1.c (test for excess errors)
FAIL: gcc.dg/debug/20020327-1.c (test for excess errors)
FAIL: gcc.dg/debug/debug-1.c scan-assembler xyzzy
FAIL: gcc.dg/debug/debug-1.c scan-assembler xyzzy
FAIL: gcc.dg/debug/debug-1.c scan-assembler xyzzy
FAIL: gcc.dg/debug/debug-1.c scan-assembler xyzzy
FAIL: gcc.dg/debug/debug-1.c (test for excess errors)
FAIL: gcc.dg/debug/debug-1.c scan-assembler xyzzy
FAIL: gcc.dg/debug/debug-1.c (test for excess errors)
FAIL: gcc.dg/debug/debug-1.c scan-assembler xyzzy
FAIL: gcc.dg/debug/debug-1.c (test for excess errors)
FAIL: gcc.dg/debug/debug-1.c scan-assembler xyzzy
FAIL: gcc.dg/debug/debug-1.c (test for excess errors)
FAIL: gcc.dg/debug/debug-1.c scan-assembler xyzzy
FAIL: gcc.dg/debug/debug-1.c scan-assembler xyzzy
FAIL: gcc.dg/debug/debug-1.c (test for excess errors)
FAIL: gcc.dg/debug/debug-1.c scan-assembler xyzzy
FAIL: gcc.dg/debug/debug-2.c scan-assembler xyzzy
FAIL: gcc.dg/debug/debug-2.c scan-assembler xyzzy
FAIL: gcc.dg/debug/debug-2.c scan-assembler xyzzy
FAIL: gcc.dg/debug/debug-2.c scan-assembler xyzzy
FAIL: gcc.dg/debug/debug-2.c (test for excess errors)
FAIL: gcc.dg/debug/debug-2.c scan-assembler xyzzy
FAIL: gcc.dg/debug/debug-2.c (test for excess errors)
FAIL: gcc.dg/debug/debug-2.c scan-assembler xyzzy
FAIL: gcc.dg/debug/debug-2.c (test for excess errors)
FAIL: gcc.dg/debug/debug-2.c scan-assembler xyzzy
FAIL: gcc.dg/debug/debug-2.c (test for excess errors)
FAIL: gcc.dg/debug/debug-2.c scan-assembler xyzzy
FAIL: gcc.dg/debug/debug-2.c (test for excess errors)
FAIL: gcc.dg/debug/debug-2.c scan-assembler xyzzy
FAIL: gcc.dg/debug/debug-2.c (test for excess errors)
FAIL: gcc.dg/debug/debug-2.c scan-assembler xyzzy
FAIL: gcc.dg/debug/debug-3.c (test for excess errors)
FAIL: gcc.dg/debug/debug-3.c (test for excess errors)
FAIL: gcc.dg/debug/debug-3.c (test for excess errors)
FAIL: gcc.dg/debug/debug-3.c (test for excess errors)
FAIL: gcc.dg/debug/debug-3.c (test for excess errors)
FAIL: gcc.dg/debug/debug-3.c (test for excess errors)
FAIL: gcc.dg/debug/debug-3.c (test for excess errors)
FAIL: gcc.dg/debug/debug-3.c (test for excess errors)
FAIL: gcc.dg/debug/debug-3.c (test for excess errors)
FAIL: gcc.dg/debug/debug-4.c (test for excess errors)
FAIL: gcc.dg/debug/debug-4.c (test for excess errors)
FAIL: gcc.dg/debug/debug-4.c (test for excess errors)
FAIL: gcc.dg/debug/debug-4.c (test for excess errors)
FAIL: gcc.dg/debug/debug-4.c (test for excess errors)
FAIL: gcc.dg/debug/debug-4.c (test for excess errors)
FAIL: gcc.dg/debug/debug-4.c (test for excess errors)
FAIL: gcc.dg/debug/debug-4.c (test for excess errors)
FAIL: gcc.dg/debug/debug-5.c (test for excess errors)
FAIL: gcc.dg/debug/debug-5.c (test for excess errors)
FAIL: gcc.dg/debug/debug-5.c (test for excess errors)
FAIL: gcc.dg/debug/debug-5.c (test for excess errors)
FAIL: gcc.dg/debug/debug-5.c (test for excess errors)
FAIL: gcc.dg/debug/debug-5.c (test for excess errors)
FAIL: gcc.dg/debug/debug-5.c (test for excess errors)
FAIL: gcc.dg/debug/debug-5.c (test for excess errors)
FAIL: gcc.dg/debug/debug-6.c (test for excess errors)
FAIL: gcc.dg/debug/debug-6.c scan-assembler xyzzy
FAIL: gcc.dg/debug/debug-6.c scan-assembler xyzzy
FAIL: gcc.dg/debug/debug-6.c (test for excess errors)
FAIL: gcc.dg/debug/debug-6.c scan-assembler xyzzy
FAIL: gcc.dg/debug/debug-6.c (test for excess errors)
FAIL: gcc.dg/debug/debug-6.c scan-assembler xyzzy
FAIL: gcc.dg/debug/debug-6.c (test for excess errors)
FAIL: gcc.dg/debug/debug-6.c scan-assembler xyzzy
FAIL: gcc.dg/debug/debug-6.c (test for excess errors)
FAIL: gcc.dg/debug/debug-6.c scan-assembler xyzzy
FAIL: gcc.dg/debug/dwarf2-1.c (test for excess errors)
FAIL: gcc.dg/debug/dwarf2-1.c (test for excess errors)
FAIL: gcc.dg/debug/dwarf2-1.c (test for excess errors)
FAIL: gcc.dg/debug/dwarf2-1.c (test for excess errors)
FAIL: gcc.dg/debug/dwarf2-1.c (test for excess errors)
FAIL: gcc.dg/debug/dwarf2-1.c (test for excess errors)
FAIL: gcc.dg/debug/dwarf2-1.c (test for excess errors)
FAIL: gcc.dg/debug/dwarf2-1.c (test for excess errors)
FAIL: gcc.dg/debug/dwarf2-1.c (test for excess errors)
FAIL: gcc.dg/debug/dwarf2-2.c (test for excess errors)
FAIL: gcc.dg/debug/dwarf2-2.c (test for excess errors)
FAIL: gcc.dg/debug/dwarf2-2.c (test for excess errors)
FAIL: gcc.dg/debug/dwarf2-2.c (test for excess errors)
FAIL: gcc.dg/debug/dwarf2-2.c (test for excess errors)
FAIL: gcc.dg/debug/dwarf2-2.c (test for excess errors)
FAIL: gcc.dg/debug/dwarf2-2.c (test for excess errors)
FAIL: gcc.dg/debug/dwarf2-2.c (test for excess errors)
FAIL: gcc.dg/debug/trivial.c (test for excess errors)
WARNING: gcc.dg/debug/trivial.c compilation failed to produce executable
FAIL: gcc.dg/debug/trivial.c (test for excess errors)
WARNING: gcc.dg/debug/trivial.c compilation failed to produce executable
FAIL: gcc.dg/debug/trivial.c (test for excess errors)
WARNING: gcc.dg/debug/trivial.c compilation failed to produce executable
FAIL: gcc.dg/debug/trivial.c (test for excess errors)
WARNING: gcc.dg/debug/trivial.c compilation failed to produce executable
FAIL: gcc.dg/debug/trivial.c (test for excess errors)
WARNING: gcc.dg/debug/trivial.c compilation failed to produce executable
FAIL: gcc.dg/debug/trivial.c (test for excess errors)
WARNING: gcc.dg/debug/trivial.c compilation failed to produce executable
FAIL: gcc.dg/debug/trivial.c (test for excess errors)
WARNING: gcc.dg/debug/trivial.c compilation failed to produce executable
FAIL: gcc.dg/debug/trivial.c (test for excess errors)
WARNING: gcc.dg/debug/trivial.c compilation failed to produce executable
FAIL: gcc.dg/debug/trivial.c (test for excess errors)
WARNING: gcc.dg/debug/trivial.c compilation failed to produce executable
FAIL: gcc.dg/debug/trivial.c (test for excess errors)
FAIL: gcc.dg/debug/trivial.c (test for excess errors)
FAIL: gcc.dg/debug/trivial.c (test for excess errors)
FAIL: gcc.dg/debug/trivial.c (test for excess errors)
FAIL: gcc.dg/debug/trivial.c (test for excess errors)
FAIL: gcc.dg/debug/trivial.c (test for excess errors)
FAIL: gcc.dg/debug/trivial.c (test for excess errors)
FAIL: gcc.dg/debug/trivial.c (test for excess errors)
FAIL: gcc.dg/20000926-1.c (test for warnings, line 25)
FAIL: gcc.dg/20001009-1.c (test for excess errors)
FAIL: gcc.dg/20010912-1.c (test for excess errors)
FAIL: gcc.dg/20020103-1.c (test for excess errors)
FAIL: gcc.dg/20020104-1.c statement with no effect warning (test for warnings, line 15)
FAIL: gcc.dg/20020104-1.c statement with no effect warning (test for warnings, line 19)
FAIL: gcc.dg/20020312-2.c (test for excess errors)
WARNING: gcc.dg/20020312-2.c compilation failed to produce executable
FAIL: gcc.dg/20020415-1.c (test for excess errors)
FAIL: gcc.dg/20020416-1.c (test for excess errors)
FAIL: gcc.dg/990506-0.c undeclared-variable message (test for errors, line 6)
FAIL: gcc.dg/990506-0.c reminder message (test for errors, line 6)
FAIL: gcc.dg/990506-0.c (test for excess errors)
FAIL: gcc.dg/Wreturn-type.c missing return (test for warnings, line 5)
FAIL: gcc.dg/Wswitch.c enum e1 (test for warnings, line 23)
FAIL: gcc.dg/Wswitch.c enum e2 (test for warnings, line 23)
FAIL: gcc.dg/Wswitch.c enum e2 (test for warnings, line 32)
FAIL: gcc.dg/Wswitch.c excess 3 (test for warnings, line 54)
FAIL: gcc.dg/altivec-2.c (test for errors, line 13)
FAIL: gcc.dg/altivec-2.c (test for excess errors)
FAIL: gcc.dg/altivec-4.c (test for excess errors)
FAIL: gcc.dg/altivec-7.c (test for excess errors)
FAIL: gcc.dg/altivec-8.c (test for excess errors)
FAIL: gcc.dg/array-3.c iso (test for errors, line 11)
FAIL: gcc.dg/array-3.c (test for excess errors)
FAIL: gcc.dg/array-5.c (test for errors, line 16)
FAIL: gcc.dg/array-5.c (test for errors, line 17)
FAIL: gcc.dg/array-5.c (test for errors, line 27)
XPASS: gcc.dg/array-5.c bad vla handling (test for bogus messages, line 40)
FAIL: gcc.dg/array-5.c (test for excess errors)
FAIL: gcc.dg/asm-fs-1.c scan-assembler-not \\*_bar
FAIL: gcc.dg/asm-fs-1.c scan-assembler-not \\*_baz
FAIL: gcc.dg/attr-nest.c (test for warnings, line 16)
FAIL: gcc.dg/attr-nest.c (test for warnings, line 17)
FAIL: gcc.dg/bitfld-1.c (test for errors, line 29)
FAIL: gcc.dg/bitfld-1.c (test for excess errors)
FAIL: gcc.dg/c90-array-lval-1.c array not decaying to lvalue (test for errors, line 14)
FAIL: gcc.dg/c90-array-lval-1.c array not decaying to lvalue (test for errors, line 15)
FAIL: gcc.dg/c90-array-lval-1.c array not decaying to lvalue (test for errors, line 16)
FAIL: gcc.dg/c90-array-lval-1.c (test for excess errors)
FAIL: gcc.dg/c90-array-lval-3.c array not decaying to lvalue (test for errors, line 21)
FAIL: gcc.dg/c90-array-lval-3.c array not decaying to lvalue (test for errors, line 22)
FAIL: gcc.dg/c90-array-lval-3.c array not decaying to lvalue (test for errors, line 23)
FAIL: gcc.dg/c90-array-lval-3.c (test for excess errors)
FAIL: gcc.dg/c90-array-lval-5.c bad address-of (test for errors, line 17)
FAIL: gcc.dg/c90-array-lval-5.c bad address-of (test for errors, line 18)
FAIL: gcc.dg/c90-array-lval-5.c bad address-of (test for errors, line 19)
FAIL: gcc.dg/c90-array-lval-5.c bad address-of (test for errors, line 20)
FAIL: gcc.dg/c90-array-lval-5.c (test for excess errors)
FAIL: gcc.dg/c90-enum-comma-1.c enum comma error (test for errors, line 6)
FAIL: gcc.dg/c90-enum-comma-1.c (test for excess errors)
FAIL: gcc.dg/c90-fordecl-1.c declaration in for loop (test for errors, line 10)
FAIL: gcc.dg/c90-fordecl-1.c (test for excess errors)
FAIL: gcc.dg/c90-hexfloat-1.c hex float error (test for errors, line 6)
FAIL: gcc.dg/c90-hexfloat-1.c hex float error (test for errors, line 8)
FAIL: gcc.dg/c90-hexfloat-1.c bad hex float (test for errors, line 10)
FAIL: gcc.dg/c90-hexfloat-1.c (test for excess errors)
FAIL: gcc.dg/c90-idem-qual-1.c duplicate type qualifier error (test for errors, line 7)
FAIL: gcc.dg/c90-idem-qual-1.c (test for excess errors)
FAIL: gcc.dg/c90-init-1.c (test for errors, line 15)
FAIL: gcc.dg/c90-init-1.c (test for errors, line 22)
FAIL: gcc.dg/c90-init-1.c (test for excess errors)
FAIL: gcc.dg/c99-array-lval-5.c bad address-of (test for errors, line 17)
FAIL: gcc.dg/c99-array-lval-5.c bad address-of (test for errors, line 18)
FAIL: gcc.dg/c99-array-lval-5.c bad address-of (test for errors, line 19)
FAIL: gcc.dg/c99-array-lval-5.c bad address-of (test for errors, line 20)
FAIL: gcc.dg/c99-array-lval-5.c (test for excess errors)
FAIL: gcc.dg/c99-array-nonobj-1.c [][] var (test for errors, line 11)
FAIL: gcc.dg/c99-array-nonobj-1.c [][] arg (test for errors, line 14)
FAIL: gcc.dg/c99-array-nonobj-1.c struct [] var (test for errors, line 17)
FAIL: gcc.dg/c99-array-nonobj-1.c struct [] arg (test for errors, line 20)
FAIL: gcc.dg/c99-array-nonobj-1.c func [] var (test for errors, line 23)
FAIL: gcc.dg/c99-array-nonobj-1.c func [] arg (test for errors, line 26)
FAIL: gcc.dg/c99-array-nonobj-1.c (test for excess errors)
FAIL: gcc.dg/c99-arraydecl-1.c discards quals (test for errors, line 99)
FAIL: gcc.dg/c99-arraydecl-1.c quals in non-parm array (test for errors, line 105)
FAIL: gcc.dg/c99-arraydecl-1.c static in non-parm array (test for errors, line 107)
FAIL: gcc.dg/c99-arraydecl-1.c static in non-final parm array (test for errors, line 110)
FAIL: gcc.dg/c99-arraydecl-1.c (test for excess errors)
FAIL: gcc.dg/c99-complex-1.c (test for excess errors)
FAIL: gcc.dg/c99-complex-2.c postinc (test for errors, line 13)
FAIL: gcc.dg/c99-complex-2.c preinc (test for errors, line 15)
FAIL: gcc.dg/c99-complex-2.c postdec (test for errors, line 17)
FAIL: gcc.dg/c99-complex-2.c predec (test for errors, line 19)
FAIL: gcc.dg/c99-complex-2.c (test for excess errors)
FAIL: gcc.dg/c99-flex-array-1.c empty (test for errors, line 5)
FAIL: gcc.dg/c99-flex-array-1.c empty (test for errors, line 6)
FAIL: gcc.dg/c99-flex-array-1.c not at end (test for errors, line 7)
FAIL: gcc.dg/c99-flex-array-1.c (test for excess errors)
FAIL: gcc.dg/c99-flex-array-2.c (test for errors, line 13)
FAIL: gcc.dg/c99-flex-array-2.c (test for excess errors)
FAIL: gcc.dg/c99-impl-int-1.c C99 implicit int error (test for errors, line 6)
FAIL: gcc.dg/c99-impl-int-1.c C99 implicit int error (test for errors, line 8)
FAIL: gcc.dg/c99-impl-int-1.c (test for excess errors)
FAIL: gcc.dg/c99-impl-int-2.c C99 implicit int parameter error (test for errors, line 8)
FAIL: gcc.dg/c99-impl-int-2.c (test for excess errors)
FAIL: gcc.dg/c99-intconst-1.c (test for excess errors)
FAIL: gcc.dg/c99-restrict-1.c restrict constraint violation (test for errors, line 10)
FAIL: gcc.dg/c99-restrict-1.c restrict constraint violation (test for errors, line 15)
FAIL: gcc.dg/c99-restrict-1.c restrict constraint violation (test for errors, line 18)
FAIL: gcc.dg/c99-restrict-1.c (test for excess errors)
FAIL: gcc.dg/c99-return-1.c return constraint violation (test for errors, line 9)
FAIL: gcc.dg/c99-return-1.c return constraint violation (test for errors, line 16)
FAIL: gcc.dg/c99-return-1.c (test for excess errors)
FAIL: gcc.dg/compare2.c case 24 (test for warnings, line 57)
FAIL: gcc.dg/compare6.c signed (test for warnings, line 11)
FAIL: gcc.dg/compare6.c unsigned (test for warnings, line 12)
FAIL: gcc.dg/const-cfstring-1.c (test for excess errors)
FAIL: gcc.dg/divbyzero.c (test for warnings, line 12)
FAIL: gcc.dg/divbyzero.c (test for warnings, line 13)
FAIL: gcc.dg/divbyzero.c (test for warnings, line 14)
FAIL: gcc.dg/ext-glob.c deprecation warning (test for warnings, line )
FAIL: gcc.dg/ext-glob.c good warn (test for warnings, line 15)
FAIL: gcc.dg/ext-glob.c (test for excess errors)
FAIL: gcc.dg/inline-2.c (test for excess errors)
FAIL: gcc.dg/lvalue1.c (test for errors, line 7)
FAIL: gcc.dg/lvalue1.c (test for excess errors)
FAIL: gcc.dg/nonnull-2.c (test for errors, line 5)
FAIL: gcc.dg/nonnull-2.c (test for errors, line 7)
FAIL: gcc.dg/nonnull-2.c (test for errors, line 9)
FAIL: gcc.dg/nonnull-2.c (test for errors, line 11)
FAIL: gcc.dg/nonnull-2.c (test for excess errors)
FAIL: gcc.dg/pascal-strings-2.c (test for errors, line 25)
FAIL: gcc.dg/pascal-strings-2.c (test for errors, line 26)
FAIL: gcc.dg/pascal-strings-2.c (test for warnings, line 29)
FAIL: gcc.dg/pascal-strings-2.c (test for warnings, line 30)
FAIL: gcc.dg/pascal-strings-2.c (test for warnings, line 31)
FAIL: gcc.dg/pascal-strings-2.c (test for errors, line 44)
FAIL: gcc.dg/pascal-strings-2.c (test for excess errors)
FAIL: gcc.dg/qual-return-1.c restrict ptr (test for warnings, line 23)
FAIL: gcc.dg/qual-return-1.c restrict defn (test for warnings, line 24)
FAIL: gcc.dg/qual-return-1.c (test for excess errors)
FAIL: gcc.dg/qual-return-2.c volatile decl (test for warnings, line 12)
FAIL: gcc.dg/qual-return-2.c volatile ptr (test for warnings, line 13)
FAIL: gcc.dg/qual-return-2.c volatile defn (test for warnings, line 14)
FAIL: gcc.dg/simd-1.c (test for errors, line 57)
FAIL: gcc.dg/simd-1.c (test for errors, line 58)
FAIL: gcc.dg/simd-1.c (test for errors, line 59)
FAIL: gcc.dg/simd-1.c (test for errors, line 60)
FAIL: gcc.dg/simd-1.c (test for excess errors)
FAIL: gcc.dg/struct-by-value-1.c (test for excess errors)
WARNING: gcc.dg/struct-by-value-1.c compilation failed to produce executable
XPASS: gcc.dg/uninit-3.c uninitialized variable warning (test for bogus messages, line 11)
XPASS: gcc.dg/uninit-9.c uninitialized variable warning (test for bogus messages, line 26)
FAIL: gcc.dg/unused-3.c unused variable warning (test for warnings, line 8)
FAIL: gcc.dg/va-arg-2.c In file included from (test for errors, line 6)
FAIL: gcc.dg/va-arg-2.c #error 1 (test for errors, line 4)
FAIL: gcc.dg/va-arg-2.c #error 2 (test for errors, line 5)
FAIL: gcc.dg/va-arg-2.c (test for excess errors)
FAIL: gcc.dg/wchar_t-1.c (test for excess errors)
FAIL: gcc.dg/weak-1.c scan-assembler weak[^ ]*[ ]_?a
FAIL: gcc.dg/weak-1.c scan-assembler weak[^ ]*[ ]_?b
FAIL: gcc.dg/weak-1.c scan-assembler weak[^ ]*[ ]_?c
FAIL: gcc.dg/weak-1.c scan-assembler weak[^ ]*[ ]_?d
FAIL: gcc.dg/weak-1.c scan-assembler weak[^ ]*[ ]_?e
FAIL: gcc.dg/weak-1.c scan-assembler weak[^ ]*[ ]_?g
FAIL: gcc.dg/weak-1.c scan-assembler weak[^ ]*[ ]_?j
FAIL: gcc.dg/weak-2.c applying #pragma weak (test for warnings, line 33)
FAIL: gcc.dg/weak-2.c scan-assembler weak[^ ]*[ ]_?ffoo1a
FAIL: gcc.dg/weak-2.c scan-assembler weak[^ ]*[ ]_?ffoo1b
FAIL: gcc.dg/weak-2.c scan-assembler weak[^ ]*[ ]_?ffoo1c
FAIL: gcc.dg/weak-2.c scan-assembler weak[^ ]*[ ]_?ffoo1e
FAIL: gcc.dg/weak-3.c (test for excess errors)
FAIL: gcc.dg/weak-3.c scan-assembler weak[^ ]*[ ]_?ffoo1a
FAIL: gcc.dg/weak-3.c scan-assembler weak[^ ]*[ ]_?ffoo1b
FAIL: gcc.dg/weak-3.c scan-assembler weak[^ ]*[ ]_?ffoo1c
FAIL: gcc.dg/weak-3.c scan-assembler weak[^ ]*[ ]_?ffoo1e
FAIL: gcc.dg/weak-3.c scan-assembler weak[^ ]*[ ]_?ffoo1f
FAIL: gcc.dg/weak-3.c scan-assembler weak[^ ]*[ ]_?ffoo1g
FAIL: gcc.dg/weak-4.c applying #pragma weak (test for warnings, line 41)
FAIL: gcc.dg/weak-4.c applying #pragma weak (test for warnings, line 73)
FAIL: gcc.dg/weak-4.c scan-assembler weak[^ ]*[ ]_?vfoo1a
FAIL: gcc.dg/weak-4.c scan-assembler weak[^ ]*[ ]_?vfoo1b
FAIL: gcc.dg/weak-4.c scan-assembler weak[^ ]*[ ]_?vfoo1c
FAIL: gcc.dg/weak-4.c scan-assembler weak[^ ]*[ ]_?vfoo1d
FAIL: gcc.dg/weak-4.c scan-assembler weak[^ ]*[ ]_?vfoo1e
FAIL: gcc.dg/weak-4.c scan-assembler weak[^ ]*[ ]_?vfoo1f
FAIL: gcc.dg/weak-4.c scan-assembler weak[^ ]*[ ]_?vfoo1g
FAIL: gcc.dg/weak-4.c scan-assembler weak[^ ]*[ ]_?vfoo1h
FAIL: gcc.dg/weak-4.c scan-assembler weak[^ ]*[ ]_?vfoo1i
FAIL: gcc.dg/weak-4.c scan-assembler weak[^ ]*[ ]_?vfoo1j
FAIL: gcc.dg/weak-4.c scan-assembler weak[^ ]*[ ]_?vfoo1k
FAIL: gcc.dg/weak-5.c (test for excess errors)
FAIL: gcc.dg/weak-5.c scan-assembler weak[^ ]*[ ]_?vfoo1a
FAIL: gcc.dg/weak-5.c scan-assembler weak[^ ]*[ ]_?vfoo1b
FAIL: gcc.dg/weak-5.c scan-assembler weak[^ ]*[ ]_?vfoo1c
FAIL: gcc.dg/weak-5.c scan-assembler weak[^ ]*[ ]_?vfoo1d
FAIL: gcc.dg/weak-5.c scan-assembler weak[^ ]*[ ]_?vfoo1e
FAIL: gcc.dg/weak-5.c scan-assembler weak[^ ]*[ ]_?vfoo1f
FAIL: gcc.dg/weak-5.c scan-assembler weak[^ ]*[ ]_?vfoo1g
FAIL: gcc.dg/weak-5.c scan-assembler weak[^ ]*[ ]_?vfoo1h
FAIL: gcc.dg/weak-5.c scan-assembler weak[^ ]*[ ]_?vfoo1i
FAIL: gcc.dg/weak-5.c scan-assembler weak[^ ]*[ ]_?vfoo1j
FAIL: gcc.dg/weak-5.c scan-assembler weak[^ ]*[ ]_?vfoo1k
FAIL: gcc.dg/weak-5.c scan-assembler weak[^ ]*[ ]_?vfoo1l
FAIL: gcc.dg/weak-6.c (test for errors, line 4)
FAIL: gcc.dg/weak-7.c (test for errors, line 5)
FAIL: gcc.dg/weak-7.c (test for excess errors)
FAIL: gcc.dg/weak-8.c (test for excess errors)
FAIL: gcc.dg/weak-9.c scan-assembler weak[^ ]*[ ]_?f1
FAIL: gcc.dg/weak-9.c scan-assembler weak[^ ]*[ ]_?f2
FAIL: gcc.dg/weak-9.c scan-assembler weak[^ ]*[ ]_?f3
FAIL: gcc.dg/weak-9.c scan-assembler weak[^ ]*[ ]_?f4
FAIL: gcc.dg/weak-9.c scan-assembler notf1
FAIL: gcc.dg/weak-9.c scan-assembler notf2
FAIL: gcc.dg/weak-9.c scan-assembler notf3
FAIL: gcc.dg/weak-9.c scan-assembler notf4
FAIL: gcc.dg/wint_t-1.c (test for excess errors)
FAIL: gcc.dg/wtr-conversion-1.c (test for excess errors)
FAIL: gcc.dg/wtr-suffix-1.c numeric constant suffix (test for warnings, line 15)
FAIL: gcc.dg/wtr-suffix-1.c numeric constant suffix (test for warnings, line 16)
FAIL: gcc.dg/wtr-suffix-1.c numeric constant suffix (test for warnings, line 18)
FAIL: gcc.dg/wtr-suffix-1.c numeric constant suffix (test for warnings, line 19)
FAIL: gcc.dg/wtr-suffix-1.c numeric constant suffix (test for warnings, line 20)
FAIL: gcc.dg/wtr-suffix-1.c numeric constant suffix (test for warnings, line 21)
FAIL: gcc.dg/wtr-switch-1.c switch expression (test for warnings, line 11)
FAIL: gcc.dg/wtr-unary-plus-1.c unary plus operator (test for warnings, line 12)
FAIL: gcc.dg/wtr-unary-plus-1.c unary plus operator (test for warnings, line 13)
FAIL: gcc.dg/wtr-union-init-1.c initialization of unions (test for warnings, line 18)
FAIL: gcc.dg/format/attr-1.c strftime first_arg_num != 0 (test for errors, line 9)
FAIL: gcc.dg/format/attr-1.c (test for excess errors)
FAIL: gcc.dg/format/attr-1.c strftime first_arg_num != 0 (test for errors, line 9)
FAIL: gcc.dg/format/attr-1.c (test for excess errors)
FAIL: gcc.dg/format/attr-3.c format_arg unsigned char string (test for errors, line 67)
FAIL: gcc.dg/format/attr-3.c format_arg ret int string (test for errors, line 68)
FAIL: gcc.dg/format/attr-3.c format_arg ret signed char string (test for errors, line 69)
FAIL: gcc.dg/format/attr-3.c format_arg ret unsigned char string (test for errors, line 70)
FAIL: gcc.dg/format/attr-3.c (test for excess errors)
FAIL: gcc.dg/format/attr-4.c attribute format printf case 0 (test for warnings, line 18)
FAIL: gcc.dg/format/attr-4.c attribute format printf case 1 (test for warnings, line 20)
FAIL: gcc.dg/format/attr-4.c attribute format printf case 2 (test for warnings, line 22)
FAIL: gcc.dg/format/attr-4.c attribute format printf case 3 (test for warnings, line 24)
FAIL: gcc.dg/format/c90-printf-1.c (test for excess errors)
FAIL: gcc.dg/format/c90-printf-1.c (test for excess errors)
FAIL: gcc.dg/format/c90-scanf-1.c (test for excess errors)
FAIL: gcc.dg/format/c90-scanf-1.c (test for excess errors)
FAIL: gcc.dg/format/c90-scanf-3.c %as (test for warnings, line 16)
FAIL: gcc.dg/format/c90-scanf-3.c %aS (test for warnings, line 17)
FAIL: gcc.dg/format/c90-scanf-3.c %a (test for warnings, line 18)
FAIL: gcc.dg/format/c90-strftime-1.c 2-digit year (test for warnings, line 15)
FAIL: gcc.dg/format/c90-strftime-1.c 2-digit year (test for warnings, line 17)
FAIL: gcc.dg/format/c90-strftime-1.c 2-digit year (test for warnings, line 18)
FAIL: gcc.dg/format/c90-strftime-2.c %t not in C90 (test for warnings, line 24)
FAIL: gcc.dg/format/c90-strftime-2.c %T not in C90 (test for warnings, line 25)
FAIL: gcc.dg/format/c90-strftime-2.c %u not in C90 (test for warnings, line 26)
FAIL: gcc.dg/format/c90-strftime-2.c %V not in C90 (test for warnings, line 27)
FAIL: gcc.dg/format/c90-strftime-2.c %z not in C90 (test for warnings, line 28)
FAIL: gcc.dg/format/c90-strftime-2.c %E not in C90 (test for warnings, line 29)
FAIL: gcc.dg/format/c90-strftime-2.c %O not in C90 (test for warnings, line 30)
FAIL: gcc.dg/format/c90-strftime-2.c (test for excess errors)
FAIL: gcc.dg/format/c99-printf-1.c (test for excess errors)
FAIL: gcc.dg/format/c99-printf-1.c (test for excess errors)
FAIL: gcc.dg/format/c99-printf-2.c printf ' flag (test for warnings, line 28)
FAIL: gcc.dg/format/c99-printf-2.c printf \$ format (test for warnings, line 29)
FAIL: gcc.dg/format/c99-printf-2.c printf I flag (test for warnings, line 31)
FAIL: gcc.dg/format/c99-printf-2.c (test for excess errors)
FAIL: gcc.dg/format/c99-printf-3.c vsprintf (test for warnings, line 30)
FAIL: gcc.dg/format/c99-printf-3.c vsnprintf (test for warnings, line 32)
FAIL: gcc.dg/format/c99-printf-3.c (test for excess errors)
FAIL: gcc.dg/format/c99-scanf-1.c (test for excess errors)
FAIL: gcc.dg/format/c99-scanf-1.c (test for excess errors)
FAIL: gcc.dg/format/c99-scanf-3.c vfscanf (test for warnings, line 21)
FAIL: gcc.dg/format/c99-scanf-3.c vfscanf (test for warnings, line 21)
FAIL: gcc.dg/format/ext-6.c vfscanf (test for warnings, line 42)
FAIL: gcc.dg/format/ext-6.c vfscanf (test for warnings, line 42)
FAIL: gcc.dg/format/miss-1.c printf attribute warning (test for warnings, line 13)
FAIL: gcc.dg/format/miss-1.c scanf attribute warning (test for warnings, line 22)
FAIL: gcc.dg/format/miss-1.c printf attribute warning 2 (test for warnings, line 38)
FAIL: gcc.dg/format/nonlit-1.c non-literal (test for warnings, line 11)
FAIL: gcc.dg/format/nonlit-1.c non-literal (test for warnings, line 12)
FAIL: gcc.dg/format/plus-1.c wrong number of args (test for warnings, line 14)
FAIL: gcc.dg/format/plus-1.c zero-length string (test for warnings, line 15)
FAIL: gcc.dg/format/plus-1.c non-constant addend (test for warnings, line 16)
FAIL: gcc.dg/format/plus-1.c too large addend (test for warnings, line 17)
FAIL: gcc.dg/format/plus-1.c minus constant (test for warnings, line 18)
FAIL: gcc.dg/format/plus-1.c negative addend (test for warnings, line 19)
FAIL: gcc.dg/format/sec-1.c security warning (test for warnings, line 11)
FAIL: gcc.dg/format/strfmon-1.c (test for excess errors)
FAIL: gcc.dg/format/strfmon-1.c empty (test for warnings, line 58)
FAIL: gcc.dg/format/strfmon-1.c null format string (test for warnings, line 59)
FAIL: gcc.dg/format/strfmon-1.c tailing % (test for warnings, line 60)
FAIL: gcc.dg/format/strfmon-1.c embedded NUL (test for warnings, line 61)
FAIL: gcc.dg/format/strfmon-1.c repeated flag (test for warnings, line 62)
FAIL: gcc.dg/format/strfmon-1.c (test for excess errors)
FAIL: gcc.dg/format/warnll-1.c scanf %Ld (test for warnings, line 39)
FAIL: gcc.dg/format/warnll-1.c scanf %Li (test for warnings, line 40)
FAIL: gcc.dg/format/warnll-1.c scanf %oL (test for warnings, line 41)
FAIL: gcc.dg/format/warnll-1.c scanf %Lu (test for warnings, line 42)
FAIL: gcc.dg/format/warnll-1.c scanf %Lx (test for warnings, line 43)
FAIL: gcc.dg/format/warnll-1.c scanf %LX (test for warnings, line 44)
FAIL: gcc.dg/noncompile/20000901-1.c (test for errors, line 1)
FAIL: gcc.dg/noncompile/20000901-1.c (test for excess errors)
FAIL: gcc.dg/noncompile/20000901-1.c (test for errors, line 1)
FAIL: gcc.dg/noncompile/20000901-1.c (test for excess errors)
FAIL: gcc.dg/noncompile/20000901-1.c (test for errors, line 1)
FAIL: gcc.dg/noncompile/20000901-1.c (test for excess errors)
FAIL: gcc.dg/noncompile/20001228-1.c (test for errors, line 4)
FAIL: gcc.dg/noncompile/20001228-1.c (test for excess errors)
FAIL: gcc.dg/noncompile/20001228-1.c (test for errors, line 4)
FAIL: gcc.dg/noncompile/20001228-1.c (test for excess errors)
FAIL: gcc.dg/noncompile/20010425-1.c (test for errors, line 8)
FAIL: gcc.dg/noncompile/20010425-1.c (test for excess errors)
FAIL: gcc.dg/noncompile/20010425-1.c (test for errors, line 8)
FAIL: gcc.dg/noncompile/20010425-1.c (test for excess errors)
FAIL: gcc.dg/noncompile/20010425-1.c (test for errors, line 8)
FAIL: gcc.dg/noncompile/20010425-1.c (test for excess errors)
FAIL: gcc.dg/noncompile/20010524-1.c (test for errors, line 1)
FAIL: gcc.dg/noncompile/20010524-1.c div by zero (test for warnings, line 1)
FAIL: gcc.dg/noncompile/20010524-1.c (test for excess errors)
FAIL: gcc.dg/noncompile/20011025-1.c (test for excess errors)
FAIL: gcc.dg/noncompile/20011025-1.c (test for excess errors)
FAIL: gcc.dg/noncompile/20011025-1.c (test for excess errors)
FAIL: gcc.dg/noncompile/20011025-1.c (test for excess errors)
FAIL: gcc.dg/noncompile/20020130-1.c x undeclared (test for errors, line 7)
FAIL: gcc.dg/noncompile/20020130-1.c (test for excess errors)
FAIL: gcc.dg/noncompile/20020130-1.c x undeclared (test for errors, line 7)
FAIL: gcc.dg/noncompile/20020130-1.c (test for excess errors)
FAIL: gcc.dg/noncompile/20020130-1.c x undeclared (test for errors, line 7)
FAIL: gcc.dg/noncompile/20020130-1.c (test for excess errors)
FAIL: gcc.dg/noncompile/20020130-1.c x undeclared (test for errors, line 7)
FAIL: gcc.dg/noncompile/20020130-1.c (test for excess errors)
FAIL: gcc.dg/noncompile/20020207-1.c (test for errors, line 26)
FAIL: gcc.dg/noncompile/20020207-1.c (test for errors, line 27)
FAIL: gcc.dg/noncompile/20020207-1.c (test for errors, line 28)
FAIL: gcc.dg/noncompile/20020207-1.c (test for errors, line 29)
FAIL: gcc.dg/noncompile/20020207-1.c (test for excess errors)
FAIL: gcc.dg/noncompile/20020213-1.c (test for errors, line 18)
FAIL: gcc.dg/noncompile/20020213-1.c (test for errors, line 19)
FAIL: gcc.dg/noncompile/20020213-1.c (test for errors, line 20)
FAIL: gcc.dg/noncompile/20020213-1.c 1st incompatible (test for warnings, line 18)
FAIL: gcc.dg/noncompile/20020213-1.c 1st incompatible (test for warnings, line 20)
FAIL: gcc.dg/noncompile/20020213-1.c (test for errors, line 18)
FAIL: gcc.dg/noncompile/20020213-1.c (test for errors, line 19)
FAIL: gcc.dg/noncompile/20020213-1.c (test for errors, line 20)
FAIL: gcc.dg/noncompile/20020213-1.c 1st incompatible (test for warnings, line 18)
FAIL: gcc.dg/noncompile/20020213-1.c 1st incompatible (test for warnings, line 20)
FAIL: gcc.dg/noncompile/20020213-1.c (test for errors, line 18)
FAIL: gcc.dg/noncompile/20020213-1.c (test for errors, line 19)
FAIL: gcc.dg/noncompile/20020213-1.c (test for errors, line 20)
FAIL: gcc.dg/noncompile/20020213-1.c 1st incompatible (test for warnings, line 18)
FAIL: gcc.dg/noncompile/20020213-1.c 1st incompatible (test for warnings, line 20)
FAIL: gcc.dg/noncompile/20020213-1.c (test for errors, line 18)
FAIL: gcc.dg/noncompile/20020213-1.c (test for errors, line 19)
FAIL: gcc.dg/noncompile/20020213-1.c (test for errors, line 20)
FAIL: gcc.dg/noncompile/20020213-1.c 1st incompatible (test for warnings, line 18)
FAIL: gcc.dg/noncompile/20020213-1.c 1st incompatible (test for warnings, line 20)
FAIL: gcc.dg/noncompile/20020213-1.c (test for errors, line 18)
FAIL: gcc.dg/noncompile/20020213-1.c (test for errors, line 19)
FAIL: gcc.dg/noncompile/20020213-1.c (test for errors, line 20)
FAIL: gcc.dg/noncompile/20020213-1.c 1st incompatible (test for warnings, line 18)
FAIL: gcc.dg/noncompile/20020213-1.c 1st incompatible (test for warnings, line 20)
FAIL: gcc.dg/noncompile/20020220-1.c (test for errors, line 9)
FAIL: gcc.dg/noncompile/20020220-1.c (test for errors, line 11)
FAIL: gcc.dg/noncompile/20020220-1.c (test for excess errors)
FAIL: gcc.dg/noncompile/920507-1.c (test for errors, line 4)
FAIL: gcc.dg/noncompile/920507-1.c (test for excess errors)
FAIL: gcc.dg/noncompile/920507-1.c (test for errors, line 4)
FAIL: gcc.dg/noncompile/920507-1.c (test for excess errors)
FAIL: gcc.dg/noncompile/920507-1.c (test for errors, line 4)
FAIL: gcc.dg/noncompile/920507-1.c (test for excess errors)
FAIL: gcc.dg/noncompile/920616-2.c (test for errors, line 1)
FAIL: gcc.dg/noncompile/920616-2.c (test for excess errors)
FAIL: gcc.dg/noncompile/920616-2.c (test for errors, line 1)
FAIL: gcc.dg/noncompile/920616-2.c (test for excess errors)
FAIL: gcc.dg/noncompile/920616-2.c (test for errors, line 1)
FAIL: gcc.dg/noncompile/920616-2.c (test for excess errors)
FAIL: gcc.dg/noncompile/920721-2.c (test for errors, line 5)
FAIL: gcc.dg/noncompile/920721-2.c (test for excess errors)
FAIL: gcc.dg/noncompile/920721-2.c (test for errors, line 5)
FAIL: gcc.dg/noncompile/920721-2.c (test for excess errors)
FAIL: gcc.dg/noncompile/920721-2.c (test for errors, line 5)
FAIL: gcc.dg/noncompile/920721-2.c (test for excess errors)
FAIL: gcc.dg/noncompile/920721-2.c (test for errors, line 5)
FAIL: gcc.dg/noncompile/920721-2.c (test for excess errors)
FAIL: gcc.dg/noncompile/920824-1.c (test for errors, line 1)
FAIL: gcc.dg/noncompile/920824-1.c (test for excess errors)
FAIL: gcc.dg/noncompile/920824-1.c (test for errors, line 1)
FAIL: gcc.dg/noncompile/920824-1.c (test for excess errors)
FAIL: gcc.dg/noncompile/920824-1.c (test for errors, line 1)
FAIL: gcc.dg/noncompile/920824-1.c (test for excess errors)
FAIL: gcc.dg/noncompile/920824-1.c (test for errors, line 1)
FAIL: gcc.dg/noncompile/920824-1.c (test for excess errors)
FAIL: gcc.dg/noncompile/920923-1.c (test for errors, line 105)
FAIL: gcc.dg/noncompile/920923-1.c (test for errors, line 110)
FAIL: gcc.dg/noncompile/920923-1.c (test for errors, line 111)
FAIL: gcc.dg/noncompile/920923-1.c (test for errors, line 105)
FAIL: gcc.dg/noncompile/920923-1.c (test for errors, line 110)
FAIL: gcc.dg/noncompile/920923-1.c (test for errors, line 111)
FAIL: gcc.dg/noncompile/920923-1.c (test for errors, line 105)
FAIL: gcc.dg/noncompile/920923-1.c (test for errors, line 110)
FAIL: gcc.dg/noncompile/920923-1.c (test for errors, line 111)
FAIL: gcc.dg/noncompile/920923-1.c (test for errors, line 105)
FAIL: gcc.dg/noncompile/920923-1.c (test for errors, line 110)
FAIL: gcc.dg/noncompile/920923-1.c (test for errors, line 111)
FAIL: gcc.dg/noncompile/921102-1.c (test for errors, line 1)
FAIL: gcc.dg/noncompile/921102-1.c (test for excess errors)
FAIL: gcc.dg/noncompile/921102-1.c (test for errors, line 1)
FAIL: gcc.dg/noncompile/921102-1.c (test for excess errors)
FAIL: gcc.dg/noncompile/921116-1.c (test for errors, line 1)
FAIL: gcc.dg/noncompile/921116-1.c (test for excess errors)
FAIL: gcc.dg/noncompile/921116-1.c (test for errors, line 1)
FAIL: gcc.dg/noncompile/921116-1.c (test for excess errors)
FAIL: gcc.dg/noncompile/921116-1.c (test for errors, line 1)
FAIL: gcc.dg/noncompile/921116-1.c (test for excess errors)
FAIL: gcc.dg/noncompile/921116-1.c (test for errors, line 1)
FAIL: gcc.dg/noncompile/921116-1.c (test for excess errors)
FAIL: gcc.dg/noncompile/930301-1.c (test for errors, line 4)
FAIL: gcc.dg/noncompile/930301-1.c (test for excess errors)
FAIL: gcc.dg/noncompile/930301-1.c (test for errors, line 4)
FAIL: gcc.dg/noncompile/930301-1.c (test for excess errors)
FAIL: gcc.dg/noncompile/930301-1.c (test for errors, line 4)
FAIL: gcc.dg/noncompile/930301-1.c (test for excess errors)
FAIL: gcc.dg/noncompile/930622-1.c (test for errors, line 5)
FAIL: gcc.dg/noncompile/930622-1.c (test for excess errors)
FAIL: gcc.dg/noncompile/930622-1.c (test for errors, line 5)
FAIL: gcc.dg/noncompile/930622-1.c (test for excess errors)
FAIL: gcc.dg/noncompile/930622-1.c (test for errors, line 5)
FAIL: gcc.dg/noncompile/930622-1.c (test for excess errors)
FAIL: gcc.dg/noncompile/930622-1.c (test for errors, line 5)
FAIL: gcc.dg/noncompile/930622-1.c (test for excess errors)
FAIL: gcc.dg/noncompile/930622-2.c (test for errors, line 4)
FAIL: gcc.dg/noncompile/930622-2.c (test for excess errors)
FAIL: gcc.dg/noncompile/930622-2.c (test for errors, line 4)
FAIL: gcc.dg/noncompile/930622-2.c (test for excess errors)
FAIL: gcc.dg/noncompile/930622-2.c (test for errors, line 4)
FAIL: gcc.dg/noncompile/930622-2.c (test for excess errors)
FAIL: gcc.dg/noncompile/930622-2.c (test for errors, line 4)
FAIL: gcc.dg/noncompile/930622-2.c (test for excess errors)
FAIL: gcc.dg/noncompile/930622-2.c (test for errors, line 4)
FAIL: gcc.dg/noncompile/930622-2.c (test for excess errors)
FAIL: gcc.dg/noncompile/930714-1.c (test for errors, line 18)
FAIL: gcc.dg/noncompile/930714-1.c (test for errors, line 23)
FAIL: gcc.dg/noncompile/930714-1.c (test for excess errors)
FAIL: gcc.dg/noncompile/930714-1.c (test for errors, line 18)
FAIL: gcc.dg/noncompile/930714-1.c (test for errors, line 23)
FAIL: gcc.dg/noncompile/930714-1.c (test for excess errors)
FAIL: gcc.dg/noncompile/931203-1.c (test for errors, line 10)
FAIL: gcc.dg/noncompile/931203-1.c (test for excess errors)
FAIL: gcc.dg/noncompile/931203-1.c (test for errors, line 10)
FAIL: gcc.dg/noncompile/931203-1.c (test for excess errors)
FAIL: gcc.dg/noncompile/931203-1.c (test for errors, line 10)
FAIL: gcc.dg/noncompile/931203-1.c (test for excess errors)
FAIL: gcc.dg/noncompile/931203-1.c (test for errors, line 10)
FAIL: gcc.dg/noncompile/931203-1.c (test for excess errors)
FAIL: gcc.dg/noncompile/940112-1.c (test for errors, line 7)
FAIL: gcc.dg/noncompile/940112-1.c (test for excess errors)
FAIL: gcc.dg/noncompile/940112-1.c (test for errors, line 7)
FAIL: gcc.dg/noncompile/940112-1.c (test for excess errors)
FAIL: gcc.dg/noncompile/940112-1.c (test for errors, line 7)
FAIL: gcc.dg/noncompile/940112-1.c (test for excess errors)
FAIL: gcc.dg/noncompile/940227-1.c (test for errors, line 5)
FAIL: gcc.dg/noncompile/940227-1.c (test for excess errors)
FAIL: gcc.dg/noncompile/940227-1.c (test for errors, line 5)
FAIL: gcc.dg/noncompile/940227-1.c (test for excess errors)
FAIL: gcc.dg/noncompile/940227-1.c (test for errors, line 5)
FAIL: gcc.dg/noncompile/940227-1.c (test for excess errors)
FAIL: gcc.dg/noncompile/950825-1.c (test for errors, line 3)
FAIL: gcc.dg/noncompile/950825-1.c (test for excess errors)
FAIL: gcc.dg/noncompile/950825-1.c (test for errors, line 3)
FAIL: gcc.dg/noncompile/950825-1.c (test for excess errors)
FAIL: gcc.dg/noncompile/950825-1.c (test for errors, line 3)
FAIL: gcc.dg/noncompile/950825-1.c (test for excess errors)
FAIL: gcc.dg/noncompile/950825-1.c (test for errors, line 3)
FAIL: gcc.dg/noncompile/950825-1.c (test for excess errors)
FAIL: gcc.dg/noncompile/950921-1.c (test for errors, line 3)
FAIL: gcc.dg/noncompile/950921-1.c (test for errors, line 9)
FAIL: gcc.dg/noncompile/950921-1.c (test for excess errors)
FAIL: gcc.dg/noncompile/950921-1.c (test for errors, line 3)
FAIL: gcc.dg/noncompile/950921-1.c (test for errors, line 9)
FAIL: gcc.dg/noncompile/950921-1.c (test for excess errors)
FAIL: gcc.dg/noncompile/950921-1.c (test for errors, line 3)
FAIL: gcc.dg/noncompile/950921-1.c (test for errors, line 9)
FAIL: gcc.dg/noncompile/950921-1.c (test for excess errors)
FAIL: gcc.dg/noncompile/950921-1.c (test for errors, line 3)
FAIL: gcc.dg/noncompile/950921-1.c (test for errors, line 9)
FAIL: gcc.dg/noncompile/950921-1.c (test for excess errors)
FAIL: gcc.dg/noncompile/951123-1.c (test for errors, line 2)
FAIL: gcc.dg/noncompile/951123-1.c (test for excess errors)
FAIL: gcc.dg/noncompile/971104-1.c (test for errors, line 26)
FAIL: gcc.dg/noncompile/971104-1.c (test for excess errors)
FAIL: gcc.dg/noncompile/971104-1.c (test for errors, line 26)
FAIL: gcc.dg/noncompile/971104-1.c (test for excess errors)
FAIL: gcc.dg/noncompile/971104-1.c (test for errors, line 26)
FAIL: gcc.dg/noncompile/971104-1.c (test for excess errors)
FAIL: gcc.dg/noncompile/990416-1.c (test for errors, line 8)
FAIL: gcc.dg/noncompile/990416-1.c (test for excess errors)
FAIL: gcc.dg/noncompile/990416-1.c (test for errors, line 8)
FAIL: gcc.dg/noncompile/990416-1.c (test for excess errors)
FAIL: gcc.dg/noncompile/990416-1.c (test for errors, line 8)
FAIL: gcc.dg/noncompile/990416-1.c (test for excess errors)
FAIL: gcc.dg/noncompile/990416-1.c (test for errors, line 8)
FAIL: gcc.dg/noncompile/990416-1.c (test for excess errors)
FAIL: gcc.dg/noncompile/990416-1.c (test for errors, line 8)
FAIL: gcc.dg/noncompile/990416-1.c (test for excess errors)
FAIL: gcc.dg/noncompile/const-ll-1.c error for LUL suffix (test for errors, line 23)
FAIL: gcc.dg/noncompile/const-ll-1.c error for Ll suffix (test for errors, line 24)
FAIL: gcc.dg/noncompile/const-ll-1.c (test for excess errors)
FAIL: gcc.dg/noncompile/const-ll-1.c error for LUL suffix (test for errors, line 23)
FAIL: gcc.dg/noncompile/const-ll-1.c error for Ll suffix (test for errors, line 24)
FAIL: gcc.dg/noncompile/const-ll-1.c (test for excess errors)
FAIL: gcc.dg/noncompile/init-1.c (test for errors, line 16)
FAIL: gcc.dg/noncompile/init-1.c (test for excess errors)
FAIL: gcc.dg/noncompile/init-1.c (test for errors, line 16)
FAIL: gcc.dg/noncompile/init-1.c (test for excess errors)
FAIL: gcc.dg/noncompile/init-1.c (test for errors, line 16)
FAIL: gcc.dg/noncompile/init-1.c (test for excess errors)
FAIL: gcc.dg/noncompile/init-1.c (test for errors, line 16)
FAIL: gcc.dg/noncompile/init-1.c (test for excess errors)
FAIL: gcc.dg/noncompile/init-1.c (test for errors, line 16)
FAIL: gcc.dg/noncompile/init-1.c (test for excess errors)
FAIL: gcc.dg/noncompile/init-2.c (test for errors, line 1)
FAIL: gcc.dg/noncompile/init-2.c (test for excess errors)
FAIL: gcc.dg/noncompile/init-2.c (test for errors, line 1)
FAIL: gcc.dg/noncompile/init-2.c (test for excess errors)
FAIL: gcc.dg/noncompile/init-2.c (test for errors, line 1)
FAIL: gcc.dg/noncompile/init-2.c (test for excess errors)
FAIL: gcc.dg/noncompile/init-3.c (test for errors, line 3)
FAIL: gcc.dg/noncompile/init-3.c (test for excess errors)
FAIL: gcc.dg/noncompile/init-3.c (test for errors, line 3)
FAIL: gcc.dg/noncompile/init-3.c (test for excess errors)
FAIL: gcc.dg/noncompile/init-3.c (test for errors, line 3)
FAIL: gcc.dg/noncompile/init-3.c (test for excess errors)
FAIL: gcc.dg/noncompile/init-3.c (test for errors, line 3)
FAIL: gcc.dg/noncompile/init-3.c (test for excess errors)
FAIL: gcc.dg/noncompile/init-3.c (test for errors, line 3)
FAIL: gcc.dg/noncompile/init-3.c (test for excess errors)
FAIL: gcc.dg/noncompile/invalid_asm.c (test for errors, line 3)
FAIL: gcc.dg/noncompile/invalid_asm.c (test for excess errors)
FAIL: gcc.dg/noncompile/invalid_asm.c (test for errors, line 3)
FAIL: gcc.dg/noncompile/invalid_asm.c (test for excess errors)
FAIL: gcc.dg/noncompile/label-lineno-1.c label lineno (test for errors, line 11)
FAIL: gcc.dg/noncompile/label-lineno-1.c (test for excess errors)
FAIL: gcc.dg/noncompile/label-lineno-1.c label lineno (test for errors, line 11)
FAIL: gcc.dg/noncompile/label-lineno-1.c (test for excess errors)
FAIL: gcc.dg/noncompile/label-lineno-1.c label lineno (test for errors, line 11)
FAIL: gcc.dg/noncompile/label-lineno-1.c (test for excess errors)
FAIL: gcc.dg/noncompile/label-lineno-1.c label lineno (test for errors, line 11)
FAIL: gcc.dg/noncompile/label-lineno-1.c (test for excess errors)
FAIL: gcc.dg/noncompile/redecl-1.c previous.*decl (test for errors, line 7)
FAIL: gcc.dg/noncompile/redecl-1.c conflicting types (test for errors, line 8)
FAIL: gcc.dg/noncompile/redecl-1.c (test for excess errors)
FAIL: gcc.dg/noncompile/redecl-1.c previous.*decl (test for errors, line 7)
FAIL: gcc.dg/noncompile/redecl-1.c conflicting types (test for errors, line 8)
FAIL: gcc.dg/noncompile/redecl-1.c (test for excess errors)
FAIL: gcc.dg/noncompile/redecl-1.c previous.*decl (test for errors, line 7)
FAIL: gcc.dg/noncompile/redecl-1.c conflicting types (test for errors, line 8)
FAIL: gcc.dg/noncompile/redecl-1.c (test for excess errors)
FAIL: gcc.dg/noncompile/redecl-1.c previous.*decl (test for errors, line 7)
FAIL: gcc.dg/noncompile/redecl-1.c conflicting types (test for errors, line 8)
FAIL: gcc.dg/noncompile/redecl-1.c (test for excess errors)
FAIL: gcc.dg/noncompile/va-arg-1.c (test for errors, line 6)
FAIL: gcc.dg/noncompile/va-arg-1.c (test for excess errors)
FAIL: gcc.dg/noncompile/va-arg-1.c (test for errors, line 6)
FAIL: gcc.dg/noncompile/va-arg-1.c (test for excess errors)
FAIL: gcc.dg/noncompile/va-arg-1.c (test for errors, line 6)
FAIL: gcc.dg/noncompile/va-arg-1.c (test for excess errors)
FAIL: gcc.dg/noncompile/va-arg-1.c (test for errors, line 6)
FAIL: gcc.dg/noncompile/va-arg-1.c (test for excess errors)
FAIL: gcc.dg/noncompile/voidparam-1.c register void defn (test for errors, line 17)
FAIL: gcc.dg/noncompile/voidparam-1.c (test for excess errors)
FAIL: gcc.dg/noncompile/voidparam-1.c register void defn (test for errors, line 17)
FAIL: gcc.dg/noncompile/voidparam-1.c (test for excess errors)
FAIL: gcc.dg/noncompile/voidparam-1.c register void defn (test for errors, line 17)
FAIL: gcc.dg/noncompile/voidparam-1.c (test for excess errors)
FAIL: gcc.dg/noncompile/voidparam-1.c register void defn (test for errors, line 17)
FAIL: gcc.dg/noncompile/voidparam-1.c (test for excess errors)
UNRESOLVED: weak-1.c
UNRESOLVED: weak-2.c
UNRESOLVED: wkali-1.c
UNRESOLVED: wkali-2.c
FAIL: gcc.dg/tls/diag-1.c (test for excess errors)
FAIL: gcc.dg/tls/diag-2.c (test for errors, line 16)
FAIL: gcc.dg/tls/diag-2.c (test for errors, line 17)
FAIL: gcc.dg/tls/diag-2.c (test for errors, line 18)
FAIL: gcc.dg/tls/diag-2.c (test for errors, line 19)
FAIL: gcc.dg/tls/diag-2.c (test for errors, line 21)
FAIL: gcc.dg/tls/diag-2.c (test for excess errors)
FAIL: gcc.dg/tls/init-1.c (test for errors, line 4)
FAIL: gcc.dg/tls/init-1.c (test for excess errors)
FAIL: gcc.dg/tls/section-1.c conflict with user-defined section (test for errors, line 11)
FAIL: gcc.dg/tls/section-1.c (test for excess errors)
FAIL: gcc.dg/tls/trivial.c (test for excess errors)
FAIL: gcc.misc-tests/bprob-1.c compilation, -O2 -DPERFTIME -fbranch-probabilities
UNRESOLVED: gcc.misc-tests/bprob-1.c execution, -O2 -DPERFTIME -fbranch-probabilities
FAIL: gcc.misc-tests/bprob-1.c compilation, -O3 -DPERFTIME -fbranch-probabilities
UNRESOLVED: gcc.misc-tests/bprob-1.c execution, -O3 -DPERFTIME -fbranch-probabilities
FAIL: gcc.misc-tests/bprob-1.c compilation, -O3 -g -DPERFTIME -fbranch-probabilities
UNRESOLVED: gcc.misc-tests/bprob-1.c execution, -O3 -g -DPERFTIME -fbranch-probabilities
FAIL: gcc.misc-tests/bprob-1.c compilation, -Os -fbranch-probabilities
UNRESOLVED: gcc.misc-tests/bprob-1.c execution, -Os -fbranch-probabilities
FAIL: gcc.misc-tests/bprob-2.c compilation, -O2 -DPERFTIME -fbranch-probabilities
UNRESOLVED: gcc.misc-tests/bprob-2.c execution, -O2 -DPERFTIME -fbranch-probabilities
FAIL: gcc.misc-tests/bprob-2.c compilation, -O3 -DPERFTIME -fbranch-probabilities
UNRESOLVED: gcc.misc-tests/bprob-2.c execution, -O3 -DPERFTIME -fbranch-probabilities
FAIL: gcc.misc-tests/bprob-2.c compilation, -O3 -g -DPERFTIME -fbranch-probabilities
UNRESOLVED: gcc.misc-tests/bprob-2.c execution, -O3 -g -DPERFTIME -fbranch-probabilities
FAIL: gcc.misc-tests/bprob-2.c compilation, -Os -fbranch-probabilities
UNRESOLVED: gcc.misc-tests/bprob-2.c execution, -Os -fbranch-probabilities
FAIL: gcc.misc-tests/gcov-7.c (test for excess errors)
WARNING: gcc.misc-tests/gcov-7.c compilation failed to produce executable
FAIL: gcc.misc-tests/gcov-7.c gcov failed: Could not open data file gcov-7.da.
FAIL: gcc.misc-tests/mg.c
=== gcc Summary ===
# of expected passes 18370
# of unexpected failures 1166
# of unexpected successes 3
# of expected failures 57
# of unresolved testcases 46
# of unsupported tests 132
=== objc tests ===
Running target unix
FAIL: objc/compile/20011211-1.m, -O0
FAIL: objc/compile/20011211-1.m, -O1
FAIL: objc/compile/20011211-1.m, -O2
FAIL: objc/compile/20011211-1.m, -O3 -fomit-frame-pointer
FAIL: objc/compile/20011211-1.m, -O3 -g
FAIL: objc/compile/20011211-1.m, -Os
FAIL: objc/execute/IMP.m compilation, -O0
UNRESOLVED: objc/execute/IMP.m execution, -O0
FAIL: objc/execute/IMP.m compilation, -O1
UNRESOLVED: objc/execute/IMP.m execution, -O1
FAIL: objc/execute/IMP.m compilation, -O2
UNRESOLVED: objc/execute/IMP.m execution, -O2
FAIL: objc/execute/IMP.m compilation, -O3 -fomit-frame-pointer
UNRESOLVED: objc/execute/IMP.m execution, -O3 -fomit-frame-pointer
FAIL: objc/execute/IMP.m compilation, -O3 -g
UNRESOLVED: objc/execute/IMP.m execution, -O3 -g
FAIL: objc/execute/IMP.m compilation, -Os
UNRESOLVED: objc/execute/IMP.m execution, -Os
FAIL: objc/execute/_cmd.m compilation, -O0
UNRESOLVED: objc/execute/_cmd.m execution, -O0
FAIL: objc/execute/_cmd.m compilation, -O1
UNRESOLVED: objc/execute/_cmd.m execution, -O1
FAIL: objc/execute/_cmd.m compilation, -O2
UNRESOLVED: objc/execute/_cmd.m execution, -O2
FAIL: objc/execute/_cmd.m compilation, -O3 -fomit-frame-pointer
UNRESOLVED: objc/execute/_cmd.m execution, -O3 -fomit-frame-pointer
FAIL: objc/execute/_cmd.m compilation, -O3 -g
UNRESOLVED: objc/execute/_cmd.m execution, -O3 -g
FAIL: objc/execute/_cmd.m compilation, -Os
UNRESOLVED: objc/execute/_cmd.m execution, -Os
FAIL: objc/execute/accessing_ivars.m compilation, -O0
UNRESOLVED: objc/execute/accessing_ivars.m execution, -O0
FAIL: objc/execute/accessing_ivars.m compilation, -O1
UNRESOLVED: objc/execute/accessing_ivars.m execution, -O1
FAIL: objc/execute/accessing_ivars.m compilation, -O2
UNRESOLVED: objc/execute/accessing_ivars.m execution, -O2
FAIL: objc/execute/accessing_ivars.m compilation, -O3 -fomit-frame-pointer
UNRESOLVED: objc/execute/accessing_ivars.m execution, -O3 -fomit-frame-pointer
FAIL: objc/execute/accessing_ivars.m compilation, -O3 -g
UNRESOLVED: objc/execute/accessing_ivars.m execution, -O3 -g
FAIL: objc/execute/accessing_ivars.m compilation, -Os
UNRESOLVED: objc/execute/accessing_ivars.m execution, -Os
FAIL: objc/execute/bf-1.m compilation, -O0
UNRESOLVED: objc/execute/bf-1.m execution, -O0
FAIL: objc/execute/bf-1.m compilation, -O1
UNRESOLVED: objc/execute/bf-1.m execution, -O1
FAIL: objc/execute/bf-1.m compilation, -O2
UNRESOLVED: objc/execute/bf-1.m execution, -O2
FAIL: objc/execute/bf-1.m compilation, -O3 -fomit-frame-pointer
UNRESOLVED: objc/execute/bf-1.m execution, -O3 -fomit-frame-pointer
FAIL: objc/execute/bf-1.m compilation, -O3 -g
UNRESOLVED: objc/execute/bf-1.m execution, -O3 -g
FAIL: objc/execute/bf-1.m compilation, -Os
UNRESOLVED: objc/execute/bf-1.m execution, -Os
FAIL: objc/execute/bf-10.m compilation, -O0
UNRESOLVED: objc/execute/bf-10.m execution, -O0
FAIL: objc/execute/bf-10.m compilation, -O1
UNRESOLVED: objc/execute/bf-10.m execution, -O1
FAIL: objc/execute/bf-10.m compilation, -O2
UNRESOLVED: objc/execute/bf-10.m execution, -O2
FAIL: objc/execute/bf-10.m compilation, -O3 -fomit-frame-pointer
UNRESOLVED: objc/execute/bf-10.m execution, -O3 -fomit-frame-pointer
FAIL: objc/execute/bf-10.m compilation, -O3 -g
UNRESOLVED: objc/execute/bf-10.m execution, -O3 -g
FAIL: objc/execute/bf-10.m compilation, -Os
UNRESOLVED: objc/execute/bf-10.m execution, -Os
FAIL: objc/execute/bf-11.m compilation, -O0
UNRESOLVED: objc/execute/bf-11.m execution, -O0
FAIL: objc/execute/bf-11.m compilation, -O1
UNRESOLVED: objc/execute/bf-11.m execution, -O1
FAIL: objc/execute/bf-11.m compilation, -O2
UNRESOLVED: objc/execute/bf-11.m execution, -O2
FAIL: objc/execute/bf-11.m compilation, -O3 -fomit-frame-pointer
UNRESOLVED: objc/execute/bf-11.m execution, -O3 -fomit-frame-pointer
FAIL: objc/execute/bf-11.m compilation, -O3 -g
UNRESOLVED: objc/execute/bf-11.m execution, -O3 -g
FAIL: objc/execute/bf-11.m compilation, -Os
UNRESOLVED: objc/execute/bf-11.m execution, -Os
FAIL: objc/execute/bf-12.m compilation, -O0
UNRESOLVED: objc/execute/bf-12.m execution, -O0
FAIL: objc/execute/bf-12.m compilation, -O1
UNRESOLVED: objc/execute/bf-12.m execution, -O1
FAIL: objc/execute/bf-12.m compilation, -O2
UNRESOLVED: objc/execute/bf-12.m execution, -O2
FAIL: objc/execute/bf-12.m compilation, -O3 -fomit-frame-pointer
UNRESOLVED: objc/execute/bf-12.m execution, -O3 -fomit-frame-pointer
FAIL: objc/execute/bf-12.m compilation, -O3 -g
UNRESOLVED: objc/execute/bf-12.m execution, -O3 -g
FAIL: objc/execute/bf-12.m compilation, -Os
UNRESOLVED: objc/execute/bf-12.m execution, -Os
FAIL: objc/execute/bf-13.m compilation, -O0
UNRESOLVED: objc/execute/bf-13.m execution, -O0
FAIL: objc/execute/bf-13.m compilation, -O1
UNRESOLVED: objc/execute/bf-13.m execution, -O1
FAIL: objc/execute/bf-13.m compilation, -O2
UNRESOLVED: objc/execute/bf-13.m execution, -O2
FAIL: objc/execute/bf-13.m compilation, -O3 -fomit-frame-pointer
UNRESOLVED: objc/execute/bf-13.m execution, -O3 -fomit-frame-pointer
FAIL: objc/execute/bf-13.m compilation, -O3 -g
UNRESOLVED: objc/execute/bf-13.m execution, -O3 -g
FAIL: objc/execute/bf-13.m compilation, -Os
UNRESOLVED: objc/execute/bf-13.m execution, -Os
FAIL: objc/execute/bf-14.m compilation, -O0
UNRESOLVED: objc/execute/bf-14.m execution, -O0
FAIL: objc/execute/bf-14.m compilation, -O1
UNRESOLVED: objc/execute/bf-14.m execution, -O1
FAIL: objc/execute/bf-14.m compilation, -O2
UNRESOLVED: objc/execute/bf-14.m execution, -O2
FAIL: objc/execute/bf-14.m compilation, -O3 -fomit-frame-pointer
UNRESOLVED: objc/execute/bf-14.m execution, -O3 -fomit-frame-pointer
FAIL: objc/execute/bf-14.m compilation, -O3 -g
UNRESOLVED: objc/execute/bf-14.m execution, -O3 -g
FAIL: objc/execute/bf-14.m compilation, -Os
UNRESOLVED: objc/execute/bf-14.m execution, -Os
FAIL: objc/execute/bf-15.m compilation, -O0
UNRESOLVED: objc/execute/bf-15.m execution, -O0
FAIL: objc/execute/bf-15.m compilation, -O1
UNRESOLVED: objc/execute/bf-15.m execution, -O1
FAIL: objc/execute/bf-15.m compilation, -O2
UNRESOLVED: objc/execute/bf-15.m execution, -O2
FAIL: objc/execute/bf-15.m compilation, -O3 -fomit-frame-pointer
UNRESOLVED: objc/execute/bf-15.m execution, -O3 -fomit-frame-pointer
FAIL: objc/execute/bf-15.m compilation, -O3 -g
UNRESOLVED: objc/execute/bf-15.m execution, -O3 -g
FAIL: objc/execute/bf-15.m compilation, -Os
UNRESOLVED: objc/execute/bf-15.m execution, -Os
FAIL: objc/execute/bf-16.m compilation, -O0
UNRESOLVED: objc/execute/bf-16.m execution, -O0
FAIL: objc/execute/bf-16.m compilation, -O1
UNRESOLVED: objc/execute/bf-16.m execution, -O1
FAIL: objc/execute/bf-16.m compilation, -O2
UNRESOLVED: objc/execute/bf-16.m execution, -O2
FAIL: objc/execute/bf-16.m compilation, -O3 -fomit-frame-pointer
UNRESOLVED: objc/execute/bf-16.m execution, -O3 -fomit-frame-pointer
FAIL: objc/execute/bf-16.m compilation, -O3 -g
UNRESOLVED: objc/execute/bf-16.m execution, -O3 -g
FAIL: objc/execute/bf-16.m compilation, -Os
UNRESOLVED: objc/execute/bf-16.m execution, -Os
FAIL: objc/execute/bf-17.m compilation, -O0
UNRESOLVED: objc/execute/bf-17.m execution, -O0
FAIL: objc/execute/bf-17.m compilation, -O1
UNRESOLVED: objc/execute/bf-17.m execution, -O1
FAIL: objc/execute/bf-17.m compilation, -O2
UNRESOLVED: objc/execute/bf-17.m execution, -O2
FAIL: objc/execute/bf-17.m compilation, -O3 -fomit-frame-pointer
UNRESOLVED: objc/execute/bf-17.m execution, -O3 -fomit-frame-pointer
FAIL: objc/execute/bf-17.m compilation, -O3 -g
UNRESOLVED: objc/execute/bf-17.m execution, -O3 -g
FAIL: objc/execute/bf-17.m compilation, -Os
UNRESOLVED: objc/execute/bf-17.m execution, -Os
FAIL: objc/execute/bf-18.m compilation, -O0
UNRESOLVED: objc/execute/bf-18.m execution, -O0
FAIL: objc/execute/bf-18.m compilation, -O1
UNRESOLVED: objc/execute/bf-18.m execution, -O1
FAIL: objc/execute/bf-18.m compilation, -O2
UNRESOLVED: objc/execute/bf-18.m execution, -O2
FAIL: objc/execute/bf-18.m compilation, -O3 -fomit-frame-pointer
UNRESOLVED: objc/execute/bf-18.m execution, -O3 -fomit-frame-pointer
FAIL: objc/execute/bf-18.m compilation, -O3 -g
UNRESOLVED: objc/execute/bf-18.m execution, -O3 -g
FAIL: objc/execute/bf-18.m compilation, -Os
UNRESOLVED: objc/execute/bf-18.m execution, -Os
FAIL: objc/execute/bf-19.m compilation, -O0
UNRESOLVED: objc/execute/bf-19.m execution, -O0
FAIL: objc/execute/bf-19.m compilation, -O1
UNRESOLVED: objc/execute/bf-19.m execution, -O1
FAIL: objc/execute/bf-19.m compilation, -O2
UNRESOLVED: objc/execute/bf-19.m execution, -O2
FAIL: objc/execute/bf-19.m compilation, -O3 -fomit-frame-pointer
UNRESOLVED: objc/execute/bf-19.m execution, -O3 -fomit-frame-pointer
FAIL: objc/execute/bf-19.m compilation, -O3 -g
UNRESOLVED: objc/execute/bf-19.m execution, -O3 -g
FAIL: objc/execute/bf-19.m compilation, -Os
UNRESOLVED: objc/execute/bf-19.m execution, -Os
FAIL: objc/execute/bf-2.m compilation, -O0
UNRESOLVED: objc/execute/bf-2.m execution, -O0
FAIL: objc/execute/bf-2.m compilation, -O1
UNRESOLVED: objc/execute/bf-2.m execution, -O1
FAIL: objc/execute/bf-2.m compilation, -O2
UNRESOLVED: objc/execute/bf-2.m execution, -O2
FAIL: objc/execute/bf-2.m compilation, -O3 -fomit-frame-pointer
UNRESOLVED: objc/execute/bf-2.m execution, -O3 -fomit-frame-pointer
FAIL: objc/execute/bf-2.m compilation, -O3 -g
UNRESOLVED: objc/execute/bf-2.m execution, -O3 -g
FAIL: objc/execute/bf-2.m compilation, -Os
UNRESOLVED: objc/execute/bf-2.m execution, -Os
FAIL: objc/execute/bf-20.m compilation, -O0
UNRESOLVED: objc/execute/bf-20.m execution, -O0
FAIL: objc/execute/bf-20.m compilation, -O1
UNRESOLVED: objc/execute/bf-20.m execution, -O1
FAIL: objc/execute/bf-20.m compilation, -O2
UNRESOLVED: objc/execute/bf-20.m execution, -O2
FAIL: objc/execute/bf-20.m compilation, -O3 -fomit-frame-pointer
UNRESOLVED: objc/execute/bf-20.m execution, -O3 -fomit-frame-pointer
FAIL: objc/execute/bf-20.m compilation, -O3 -g
UNRESOLVED: objc/execute/bf-20.m execution, -O3 -g
FAIL: objc/execute/bf-20.m compilation, -Os
UNRESOLVED: objc/execute/bf-20.m execution, -Os
FAIL: objc/execute/bf-21.m compilation, -O0
UNRESOLVED: objc/execute/bf-21.m execution, -O0
FAIL: objc/execute/bf-21.m compilation, -O1
UNRESOLVED: objc/execute/bf-21.m execution, -O1
FAIL: objc/execute/bf-21.m compilation, -O2
UNRESOLVED: objc/execute/bf-21.m execution, -O2
FAIL: objc/execute/bf-21.m compilation, -O3 -fomit-frame-pointer
UNRESOLVED: objc/execute/bf-21.m execution, -O3 -fomit-frame-pointer
FAIL: objc/execute/bf-21.m compilation, -O3 -g
UNRESOLVED: objc/execute/bf-21.m execution, -O3 -g
FAIL: objc/execute/bf-21.m compilation, -Os
UNRESOLVED: objc/execute/bf-21.m execution, -Os
FAIL: objc/execute/bf-3.m compilation, -O0
UNRESOLVED: objc/execute/bf-3.m execution, -O0
FAIL: objc/execute/bf-3.m compilation, -O1
UNRESOLVED: objc/execute/bf-3.m execution, -O1
FAIL: objc/execute/bf-3.m compilation, -O2
UNRESOLVED: objc/execute/bf-3.m execution, -O2
FAIL: objc/execute/bf-3.m compilation, -O3 -fomit-frame-pointer
UNRESOLVED: objc/execute/bf-3.m execution, -O3 -fomit-frame-pointer
FAIL: objc/execute/bf-3.m compilation, -O3 -g
UNRESOLVED: objc/execute/bf-3.m execution, -O3 -g
FAIL: objc/execute/bf-3.m compilation, -Os
UNRESOLVED: objc/execute/bf-3.m execution, -Os
FAIL: objc/execute/bf-4.m compilation, -O0
UNRESOLVED: objc/execute/bf-4.m execution, -O0
FAIL: objc/execute/bf-4.m compilation, -O1
UNRESOLVED: objc/execute/bf-4.m execution, -O1
FAIL: objc/execute/bf-4.m compilation, -O2
UNRESOLVED: objc/execute/bf-4.m execution, -O2
FAIL: objc/execute/bf-4.m compilation, -O3 -fomit-frame-pointer
UNRESOLVED: objc/execute/bf-4.m execution, -O3 -fomit-frame-pointer
FAIL: objc/execute/bf-4.m compilation, -O3 -g
UNRESOLVED: objc/execute/bf-4.m execution, -O3 -g
FAIL: objc/execute/bf-4.m compilation, -Os
UNRESOLVED: objc/execute/bf-4.m execution, -Os
FAIL: objc/execute/bf-5.m compilation, -O0
UNRESOLVED: objc/execute/bf-5.m execution, -O0
FAIL: objc/execute/bf-5.m compilation, -O1
UNRESOLVED: objc/execute/bf-5.m execution, -O1
FAIL: objc/execute/bf-5.m compilation, -O2
UNRESOLVED: objc/execute/bf-5.m execution, -O2
FAIL: objc/execute/bf-5.m compilation, -O3 -fomit-frame-pointer
UNRESOLVED: objc/execute/bf-5.m execution, -O3 -fomit-frame-pointer
FAIL: objc/execute/bf-5.m compilation, -O3 -g
UNRESOLVED: objc/execute/bf-5.m execution, -O3 -g
FAIL: objc/execute/bf-5.m compilation, -Os
UNRESOLVED: objc/execute/bf-5.m execution, -Os
FAIL: objc/execute/bf-6.m compilation, -O0
UNRESOLVED: objc/execute/bf-6.m execution, -O0
FAIL: objc/execute/bf-6.m compilation, -O1
UNRESOLVED: objc/execute/bf-6.m execution, -O1
FAIL: objc/execute/bf-6.m compilation, -O2
UNRESOLVED: objc/execute/bf-6.m execution, -O2
FAIL: objc/execute/bf-6.m compilation, -O3 -fomit-frame-pointer
UNRESOLVED: objc/execute/bf-6.m execution, -O3 -fomit-frame-pointer
FAIL: objc/execute/bf-6.m compilation, -O3 -g
UNRESOLVED: objc/execute/bf-6.m execution, -O3 -g
FAIL: objc/execute/bf-6.m compilation, -Os
UNRESOLVED: objc/execute/bf-6.m execution, -Os
FAIL: objc/execute/bf-7.m compilation, -O0
UNRESOLVED: objc/execute/bf-7.m execution, -O0
FAIL: objc/execute/bf-7.m compilation, -O1
UNRESOLVED: objc/execute/bf-7.m execution, -O1
FAIL: objc/execute/bf-7.m compilation, -O2
UNRESOLVED: objc/execute/bf-7.m execution, -O2
FAIL: objc/execute/bf-7.m compilation, -O3 -fomit-frame-pointer
UNRESOLVED: objc/execute/bf-7.m execution, -O3 -fomit-frame-pointer
FAIL: objc/execute/bf-7.m compilation, -O3 -g
UNRESOLVED: objc/execute/bf-7.m execution, -O3 -g
FAIL: objc/execute/bf-7.m compilation, -Os
UNRESOLVED: objc/execute/bf-7.m execution, -Os
FAIL: objc/execute/bf-8.m compilation, -O0
UNRESOLVED: objc/execute/bf-8.m execution, -O0
FAIL: objc/execute/bf-8.m compilation, -O1
UNRESOLVED: objc/execute/bf-8.m execution, -O1
FAIL: objc/execute/bf-8.m compilation, -O2
UNRESOLVED: objc/execute/bf-8.m execution, -O2
FAIL: objc/execute/bf-8.m compilation, -O3 -fomit-frame-pointer
UNRESOLVED: objc/execute/bf-8.m execution, -O3 -fomit-frame-pointer
FAIL: objc/execute/bf-8.m compilation, -O3 -g
UNRESOLVED: objc/execute/bf-8.m execution, -O3 -g
FAIL: objc/execute/bf-8.m compilation, -Os
UNRESOLVED: objc/execute/bf-8.m execution, -Os
FAIL: objc/execute/bf-9.m compilation, -O0
UNRESOLVED: objc/execute/bf-9.m execution, -O0
FAIL: objc/execute/bf-9.m compilation, -O1
UNRESOLVED: objc/execute/bf-9.m execution, -O1
FAIL: objc/execute/bf-9.m compilation, -O2
UNRESOLVED: objc/execute/bf-9.m execution, -O2
FAIL: objc/execute/bf-9.m compilation, -O3 -fomit-frame-pointer
UNRESOLVED: objc/execute/bf-9.m execution, -O3 -fomit-frame-pointer
FAIL: objc/execute/bf-9.m compilation, -O3 -g
UNRESOLVED: objc/execute/bf-9.m execution, -O3 -g
FAIL: objc/execute/bf-9.m compilation, -Os
UNRESOLVED: objc/execute/bf-9.m execution, -Os
FAIL: objc/execute/bycopy-1.m compilation, -O0
UNRESOLVED: objc/execute/bycopy-1.m execution, -O0
FAIL: objc/execute/bycopy-1.m compilation, -O1
UNRESOLVED: objc/execute/bycopy-1.m execution, -O1
FAIL: objc/execute/bycopy-1.m compilation, -O2
UNRESOLVED: objc/execute/bycopy-1.m execution, -O2
FAIL: objc/execute/bycopy-1.m compilation, -O3 -fomit-frame-pointer
UNRESOLVED: objc/execute/bycopy-1.m execution, -O3 -fomit-frame-pointer
FAIL: objc/execute/bycopy-1.m compilation, -O3 -g
UNRESOLVED: objc/execute/bycopy-1.m execution, -O3 -g
FAIL: objc/execute/bycopy-1.m compilation, -Os
UNRESOLVED: objc/execute/bycopy-1.m execution, -Os
FAIL: objc/execute/bycopy-2.m compilation, -O0
UNRESOLVED: objc/execute/bycopy-2.m execution, -O0
FAIL: objc/execute/bycopy-2.m compilation, -O1
UNRESOLVED: objc/execute/bycopy-2.m execution, -O1
FAIL: objc/execute/bycopy-2.m compilation, -O2
UNRESOLVED: objc/execute/bycopy-2.m execution, -O2
FAIL: objc/execute/bycopy-2.m compilation, -O3 -fomit-frame-pointer
UNRESOLVED: objc/execute/bycopy-2.m execution, -O3 -fomit-frame-pointer
FAIL: objc/execute/bycopy-2.m compilation, -O3 -g
UNRESOLVED: objc/execute/bycopy-2.m execution, -O3 -g
FAIL: objc/execute/bycopy-2.m compilation, -Os
UNRESOLVED: objc/execute/bycopy-2.m execution, -Os
FAIL: objc/execute/bycopy-3.m compilation, -O0
UNRESOLVED: objc/execute/bycopy-3.m execution, -O0
FAIL: objc/execute/bycopy-3.m compilation, -O1
UNRESOLVED: objc/execute/bycopy-3.m execution, -O1
FAIL: objc/execute/bycopy-3.m compilation, -O2
UNRESOLVED: objc/execute/bycopy-3.m execution, -O2
FAIL: objc/execute/bycopy-3.m compilation, -O3 -fomit-frame-pointer
UNRESOLVED: objc/execute/bycopy-3.m execution, -O3 -fomit-frame-pointer
FAIL: objc/execute/bycopy-3.m compilation, -O3 -g
UNRESOLVED: objc/execute/bycopy-3.m execution, -O3 -g
FAIL: objc/execute/bycopy-3.m compilation, -Os
UNRESOLVED: objc/execute/bycopy-3.m execution, -Os
FAIL: objc/execute/class-1.m compilation, -O0
UNRESOLVED: objc/execute/class-1.m execution, -O0
FAIL: objc/execute/class-1.m compilation, -O1
UNRESOLVED: objc/execute/class-1.m execution, -O1
FAIL: objc/execute/class-1.m compilation, -O2
UNRESOLVED: objc/execute/class-1.m execution, -O2
FAIL: objc/execute/class-1.m compilation, -O3 -fomit-frame-pointer
UNRESOLVED: objc/execute/class-1.m execution, -O3 -fomit-frame-pointer
FAIL: objc/execute/class-1.m compilation, -O3 -g
UNRESOLVED: objc/execute/class-1.m execution, -O3 -g
FAIL: objc/execute/class-1.m compilation, -Os
UNRESOLVED: objc/execute/class-1.m execution, -Os
FAIL: objc/execute/class-10.m compilation, -O0
UNRESOLVED: objc/execute/class-10.m execution, -O0
FAIL: objc/execute/class-10.m compilation, -O1
UNRESOLVED: objc/execute/class-10.m execution, -O1
FAIL: objc/execute/class-10.m compilation, -O2
UNRESOLVED: objc/execute/class-10.m execution, -O2
FAIL: objc/execute/class-10.m compilation, -O3 -fomit-frame-pointer
UNRESOLVED: objc/execute/class-10.m execution, -O3 -fomit-frame-pointer
FAIL: objc/execute/class-10.m compilation, -O3 -g
UNRESOLVED: objc/execute/class-10.m execution, -O3 -g
FAIL: objc/execute/class-10.m compilation, -Os
UNRESOLVED: objc/execute/class-10.m execution, -Os
FAIL: objc/execute/class-11.m compilation, -O0
UNRESOLVED: objc/execute/class-11.m execution, -O0
FAIL: objc/execute/class-11.m compilation, -O1
UNRESOLVED: objc/execute/class-11.m execution, -O1
FAIL: objc/execute/class-11.m compilation, -O2
UNRESOLVED: objc/execute/class-11.m execution, -O2
FAIL: objc/execute/class-11.m compilation, -O3 -fomit-frame-pointer
UNRESOLVED: objc/execute/class-11.m execution, -O3 -fomit-frame-pointer
FAIL: objc/execute/class-11.m compilation, -O3 -g
UNRESOLVED: objc/execute/class-11.m execution, -O3 -g
FAIL: objc/execute/class-11.m compilation, -Os
UNRESOLVED: objc/execute/class-11.m execution, -Os
FAIL: objc/execute/class-12.m compilation, -O0
UNRESOLVED: objc/execute/class-12.m execution, -O0
FAIL: objc/execute/class-12.m compilation, -O1
UNRESOLVED: objc/execute/class-12.m execution, -O1
FAIL: objc/execute/class-12.m compilation, -O2
UNRESOLVED: objc/execute/class-12.m execution, -O2
FAIL: objc/execute/class-12.m compilation, -O3 -fomit-frame-pointer
UNRESOLVED: objc/execute/class-12.m execution, -O3 -fomit-frame-pointer
FAIL: objc/execute/class-12.m compilation, -O3 -g
UNRESOLVED: objc/execute/class-12.m execution, -O3 -g
FAIL: objc/execute/class-12.m compilation, -Os
UNRESOLVED: objc/execute/class-12.m execution, -Os
FAIL: objc/execute/class-13.m compilation, -O0
UNRESOLVED: objc/execute/class-13.m execution, -O0
FAIL: objc/execute/class-13.m compilation, -O1
UNRESOLVED: objc/execute/class-13.m execution, -O1
FAIL: objc/execute/class-13.m compilation, -O2
UNRESOLVED: objc/execute/class-13.m execution, -O2
FAIL: objc/execute/class-13.m compilation, -O3 -fomit-frame-pointer
UNRESOLVED: objc/execute/class-13.m execution, -O3 -fomit-frame-pointer
FAIL: objc/execute/class-13.m compilation, -O3 -g
UNRESOLVED: objc/execute/class-13.m execution, -O3 -g
FAIL: objc/execute/class-13.m compilation, -Os
UNRESOLVED: objc/execute/class-13.m execution, -Os
FAIL: objc/execute/class-14.m compilation, -O0
UNRESOLVED: objc/execute/class-14.m execution, -O0
FAIL: objc/execute/class-14.m compilation, -O1
UNRESOLVED: objc/execute/class-14.m execution, -O1
FAIL: objc/execute/class-14.m compilation, -O2
UNRESOLVED: objc/execute/class-14.m execution, -O2
FAIL: objc/execute/class-14.m compilation, -O3 -fomit-frame-pointer
UNRESOLVED: objc/execute/class-14.m execution, -O3 -fomit-frame-pointer
FAIL: objc/execute/class-14.m compilation, -O3 -g
UNRESOLVED: objc/execute/class-14.m execution, -O3 -g
FAIL: objc/execute/class-14.m compilation, -Os
UNRESOLVED: objc/execute/class-14.m execution, -Os
FAIL: objc/execute/class-2.m compilation, -O0
UNRESOLVED: objc/execute/class-2.m execution, -O0
FAIL: objc/execute/class-2.m compilation, -O1
UNRESOLVED: objc/execute/class-2.m execution, -O1
FAIL: objc/execute/class-2.m compilation, -O2
UNRESOLVED: objc/execute/class-2.m execution, -O2
FAIL: objc/execute/class-2.m compilation, -O3 -fomit-frame-pointer
UNRESOLVED: objc/execute/class-2.m execution, -O3 -fomit-frame-pointer
FAIL: objc/execute/class-2.m compilation, -O3 -g
UNRESOLVED: objc/execute/class-2.m execution, -O3 -g
FAIL: objc/execute/class-2.m compilation, -Os
UNRESOLVED: objc/execute/class-2.m execution, -Os
FAIL: objc/execute/class-3.m compilation, -O0
UNRESOLVED: objc/execute/class-3.m execution, -O0
FAIL: objc/execute/class-3.m compilation, -O1
UNRESOLVED: objc/execute/class-3.m execution, -O1
FAIL: objc/execute/class-3.m compilation, -O2
UNRESOLVED: objc/execute/class-3.m execution, -O2
FAIL: objc/execute/class-3.m compilation, -O3 -fomit-frame-pointer
UNRESOLVED: objc/execute/class-3.m execution, -O3 -fomit-frame-pointer
FAIL: objc/execute/class-3.m compilation, -O3 -g
UNRESOLVED: objc/execute/class-3.m execution, -O3 -g
FAIL: objc/execute/class-3.m compilation, -Os
UNRESOLVED: objc/execute/class-3.m execution, -Os
FAIL: objc/execute/class-4.m compilation, -O0
UNRESOLVED: objc/execute/class-4.m execution, -O0
FAIL: objc/execute/class-4.m compilation, -O1
UNRESOLVED: objc/execute/class-4.m execution, -O1
FAIL: objc/execute/class-4.m compilation, -O2
UNRESOLVED: objc/execute/class-4.m execution, -O2
FAIL: objc/execute/class-4.m compilation, -O3 -fomit-frame-pointer
UNRESOLVED: objc/execute/class-4.m execution, -O3 -fomit-frame-pointer
FAIL: objc/execute/class-4.m compilation, -O3 -g
UNRESOLVED: objc/execute/class-4.m execution, -O3 -g
FAIL: objc/execute/class-4.m compilation, -Os
UNRESOLVED: objc/execute/class-4.m execution, -Os
FAIL: objc/execute/class-5.m compilation, -O0
UNRESOLVED: objc/execute/class-5.m execution, -O0
FAIL: objc/execute/class-5.m compilation, -O1
UNRESOLVED: objc/execute/class-5.m execution, -O1
FAIL: objc/execute/class-5.m compilation, -O2
UNRESOLVED: objc/execute/class-5.m execution, -O2
FAIL: objc/execute/class-5.m compilation, -O3 -fomit-frame-pointer
UNRESOLVED: objc/execute/class-5.m execution, -O3 -fomit-frame-pointer
FAIL: objc/execute/class-5.m compilation, -O3 -g
UNRESOLVED: objc/execute/class-5.m execution, -O3 -g
FAIL: objc/execute/class-5.m compilation, -Os
UNRESOLVED: objc/execute/class-5.m execution, -Os
FAIL: objc/execute/class-6.m compilation, -O0
UNRESOLVED: objc/execute/class-6.m execution, -O0
FAIL: objc/execute/class-6.m compilation, -O1
UNRESOLVED: objc/execute/class-6.m execution, -O1
FAIL: objc/execute/class-6.m compilation, -O2
UNRESOLVED: objc/execute/class-6.m execution, -O2
FAIL: objc/execute/class-6.m compilation, -O3 -fomit-frame-pointer
UNRESOLVED: objc/execute/class-6.m execution, -O3 -fomit-frame-pointer
FAIL: objc/execute/class-6.m compilation, -O3 -g
UNRESOLVED: objc/execute/class-6.m execution, -O3 -g
FAIL: objc/execute/class-6.m compilation, -Os
UNRESOLVED: objc/execute/class-6.m execution, -Os
FAIL: objc/execute/class-7.m compilation, -O0
UNRESOLVED: objc/execute/class-7.m execution, -O0
FAIL: objc/execute/class-7.m compilation, -O1
UNRESOLVED: objc/execute/class-7.m execution, -O1
FAIL: objc/execute/class-7.m compilation, -O2
UNRESOLVED: objc/execute/class-7.m execution, -O2
FAIL: objc/execute/class-7.m compilation, -O3 -fomit-frame-pointer
UNRESOLVED: objc/execute/class-7.m execution, -O3 -fomit-frame-pointer
FAIL: objc/execute/class-7.m compilation, -O3 -g
UNRESOLVED: objc/execute/class-7.m execution, -O3 -g
FAIL: objc/execute/class-7.m compilation, -Os
UNRESOLVED: objc/execute/class-7.m execution, -Os
FAIL: objc/execute/class-8.m compilation, -O0
UNRESOLVED: objc/execute/class-8.m execution, -O0
FAIL: objc/execute/class-8.m compilation, -O1
UNRESOLVED: objc/execute/class-8.m execution, -O1
FAIL: objc/execute/class-8.m compilation, -O2
UNRESOLVED: objc/execute/class-8.m execution, -O2
FAIL: objc/execute/class-8.m compilation, -O3 -fomit-frame-pointer
UNRESOLVED: objc/execute/class-8.m execution, -O3 -fomit-frame-pointer
FAIL: objc/execute/class-8.m compilation, -O3 -g
UNRESOLVED: objc/execute/class-8.m execution, -O3 -g
FAIL: objc/execute/class-8.m compilation, -Os
UNRESOLVED: objc/execute/class-8.m execution, -Os
FAIL: objc/execute/class-9.m compilation, -O0
UNRESOLVED: objc/execute/class-9.m execution, -O0
FAIL: objc/execute/class-9.m compilation, -O1
UNRESOLVED: objc/execute/class-9.m execution, -O1
FAIL: objc/execute/class-9.m compilation, -O2
UNRESOLVED: objc/execute/class-9.m execution, -O2
FAIL: objc/execute/class-9.m compilation, -O3 -fomit-frame-pointer
UNRESOLVED: objc/execute/class-9.m execution, -O3 -fomit-frame-pointer
FAIL: objc/execute/class-9.m compilation, -O3 -g
UNRESOLVED: objc/execute/class-9.m execution, -O3 -g
FAIL: objc/execute/class-9.m compilation, -Os
UNRESOLVED: objc/execute/class-9.m execution, -Os
FAIL: objc/execute/class_self-1.m compilation, -O0
UNRESOLVED: objc/execute/class_self-1.m execution, -O0
FAIL: objc/execute/class_self-1.m compilation, -O1
UNRESOLVED: objc/execute/class_self-1.m execution, -O1
FAIL: objc/execute/class_self-1.m compilation, -O2
UNRESOLVED: objc/execute/class_self-1.m execution, -O2
FAIL: objc/execute/class_self-1.m compilation, -O3 -fomit-frame-pointer
UNRESOLVED: objc/execute/class_self-1.m execution, -O3 -fomit-frame-pointer
FAIL: objc/execute/class_self-1.m compilation, -O3 -g
UNRESOLVED: objc/execute/class_self-1.m execution, -O3 -g
FAIL: objc/execute/class_self-1.m compilation, -Os
UNRESOLVED: objc/execute/class_self-1.m execution, -Os
FAIL: objc/execute/class_self-2.m compilation, -O0
UNRESOLVED: objc/execute/class_self-2.m execution, -O0
FAIL: objc/execute/class_self-2.m compilation, -O1
UNRESOLVED: objc/execute/class_self-2.m execution, -O1
FAIL: objc/execute/class_self-2.m compilation, -O2
UNRESOLVED: objc/execute/class_self-2.m execution, -O2
FAIL: objc/execute/class_self-2.m compilation, -O3 -fomit-frame-pointer
UNRESOLVED: objc/execute/class_self-2.m execution, -O3 -fomit-frame-pointer
FAIL: objc/execute/class_self-2.m compilation, -O3 -g
UNRESOLVED: objc/execute/class_self-2.m execution, -O3 -g
FAIL: objc/execute/class_self-2.m compilation, -Os
UNRESOLVED: objc/execute/class_self-2.m execution, -Os
FAIL: objc/execute/compatibility_alias.m compilation, -O0
UNRESOLVED: objc/execute/compatibility_alias.m execution, -O0
FAIL: objc/execute/compatibility_alias.m compilation, -O1
UNRESOLVED: objc/execute/compatibility_alias.m execution, -O1
FAIL: objc/execute/compatibility_alias.m compilation, -O2
UNRESOLVED: objc/execute/compatibility_alias.m execution, -O2
FAIL: objc/execute/compatibility_alias.m compilation, -O3 -fomit-frame-pointer
UNRESOLVED: objc/execute/compatibility_alias.m execution, -O3 -fomit-frame-pointer
FAIL: objc/execute/compatibility_alias.m compilation, -O3 -g
UNRESOLVED: objc/execute/compatibility_alias.m execution, -O3 -g
FAIL: objc/execute/compatibility_alias.m compilation, -Os
UNRESOLVED: objc/execute/compatibility_alias.m execution, -Os
FAIL: objc/execute/encode-1.m compilation, -O0
UNRESOLVED: objc/execute/encode-1.m execution, -O0
FAIL: objc/execute/encode-1.m compilation, -O1
UNRESOLVED: objc/execute/encode-1.m execution, -O1
FAIL: objc/execute/encode-1.m compilation, -O2
UNRESOLVED: objc/execute/encode-1.m execution, -O2
FAIL: objc/execute/encode-1.m compilation, -O3 -fomit-frame-pointer
UNRESOLVED: objc/execute/encode-1.m execution, -O3 -fomit-frame-pointer
FAIL: objc/execute/encode-1.m compilation, -O3 -g
UNRESOLVED: objc/execute/encode-1.m execution, -O3 -g
FAIL: objc/execute/encode-1.m compilation, -Os
UNRESOLVED: objc/execute/encode-1.m execution, -Os
FAIL: objc/execute/enumeration-1.m compilation, -O0
UNRESOLVED: objc/execute/enumeration-1.m execution, -O0
FAIL: objc/execute/enumeration-1.m compilation, -O1
UNRESOLVED: objc/execute/enumeration-1.m execution, -O1
FAIL: objc/execute/enumeration-1.m compilation, -O2
UNRESOLVED: objc/execute/enumeration-1.m execution, -O2
FAIL: objc/execute/enumeration-1.m compilation, -O3 -fomit-frame-pointer
UNRESOLVED: objc/execute/enumeration-1.m execution, -O3 -fomit-frame-pointer
FAIL: objc/execute/enumeration-1.m compilation, -O3 -g
UNRESOLVED: objc/execute/enumeration-1.m execution, -O3 -g
FAIL: objc/execute/enumeration-1.m compilation, -Os
UNRESOLVED: objc/execute/enumeration-1.m execution, -Os
FAIL: objc/execute/enumeration-2.m compilation, -O0
UNRESOLVED: objc/execute/enumeration-2.m execution, -O0
FAIL: objc/execute/enumeration-2.m compilation, -O1
UNRESOLVED: objc/execute/enumeration-2.m execution, -O1
FAIL: objc/execute/enumeration-2.m compilation, -O2
UNRESOLVED: objc/execute/enumeration-2.m execution, -O2
FAIL: objc/execute/enumeration-2.m compilation, -O3 -fomit-frame-pointer
UNRESOLVED: objc/execute/enumeration-2.m execution, -O3 -fomit-frame-pointer
FAIL: objc/execute/enumeration-2.m compilation, -O3 -g
UNRESOLVED: objc/execute/enumeration-2.m execution, -O3 -g
FAIL: objc/execute/enumeration-2.m compilation, -Os
UNRESOLVED: objc/execute/enumeration-2.m execution, -Os
FAIL: objc/execute/fdecl.m compilation, -O0
UNRESOLVED: objc/execute/fdecl.m execution, -O0
FAIL: objc/execute/fdecl.m compilation, -O1
UNRESOLVED: objc/execute/fdecl.m execution, -O1
FAIL: objc/execute/fdecl.m compilation, -O2
UNRESOLVED: objc/execute/fdecl.m execution, -O2
FAIL: objc/execute/fdecl.m compilation, -O3 -fomit-frame-pointer
UNRESOLVED: objc/execute/fdecl.m execution, -O3 -fomit-frame-pointer
FAIL: objc/execute/fdecl.m compilation, -O3 -g
UNRESOLVED: objc/execute/fdecl.m execution, -O3 -g
FAIL: objc/execute/fdecl.m compilation, -Os
UNRESOLVED: objc/execute/fdecl.m execution, -Os
FAIL: objc/execute/formal_protocol-1.m compilation, -O0
UNRESOLVED: objc/execute/formal_protocol-1.m execution, -O0
FAIL: objc/execute/formal_protocol-1.m compilation, -O1
UNRESOLVED: objc/execute/formal_protocol-1.m execution, -O1
FAIL: objc/execute/formal_protocol-1.m compilation, -O2
UNRESOLVED: objc/execute/formal_protocol-1.m execution, -O2
FAIL: objc/execute/formal_protocol-1.m compilation, -O3 -fomit-frame-pointer
UNRESOLVED: objc/execute/formal_protocol-1.m execution, -O3 -fomit-frame-pointer
FAIL: objc/execute/formal_protocol-1.m compilation, -O3 -g
UNRESOLVED: objc/execute/formal_protocol-1.m execution, -O3 -g
FAIL: objc/execute/formal_protocol-1.m compilation, -Os
UNRESOLVED: objc/execute/formal_protocol-1.m execution, -Os
FAIL: objc/execute/formal_protocol-2.m compilation, -O0
UNRESOLVED: objc/execute/formal_protocol-2.m execution, -O0
FAIL: objc/execute/formal_protocol-2.m compilation, -O1
UNRESOLVED: objc/execute/formal_protocol-2.m execution, -O1
FAIL: objc/execute/formal_protocol-2.m compilation, -O2
UNRESOLVED: objc/execute/formal_protocol-2.m execution, -O2
FAIL: objc/execute/formal_protocol-2.m compilation, -O3 -fomit-frame-pointer
UNRESOLVED: objc/execute/formal_protocol-2.m execution, -O3 -fomit-frame-pointer
FAIL: objc/execute/formal_protocol-2.m compilation, -O3 -g
UNRESOLVED: objc/execute/formal_protocol-2.m execution, -O3 -g
FAIL: objc/execute/formal_protocol-2.m compilation, -Os
UNRESOLVED: objc/execute/formal_protocol-2.m execution, -Os
FAIL: objc/execute/formal_protocol-3.m compilation, -O0
UNRESOLVED: objc/execute/formal_protocol-3.m execution, -O0
FAIL: objc/execute/formal_protocol-3.m compilation, -O1
UNRESOLVED: objc/execute/formal_protocol-3.m execution, -O1
FAIL: objc/execute/formal_protocol-3.m compilation, -O2
UNRESOLVED: objc/execute/formal_protocol-3.m execution, -O2
FAIL: objc/execute/formal_protocol-3.m compilation, -O3 -fomit-frame-pointer
UNRESOLVED: objc/execute/formal_protocol-3.m execution, -O3 -fomit-frame-pointer
FAIL: objc/execute/formal_protocol-3.m compilation, -O3 -g
UNRESOLVED: objc/execute/formal_protocol-3.m execution, -O3 -g
FAIL: objc/execute/formal_protocol-3.m compilation, -Os
UNRESOLVED: objc/execute/formal_protocol-3.m execution, -Os
FAIL: objc/execute/formal_protocol-4.m compilation, -O0
UNRESOLVED: objc/execute/formal_protocol-4.m execution, -O0
FAIL: objc/execute/formal_protocol-4.m compilation, -O1
UNRESOLVED: objc/execute/formal_protocol-4.m execution, -O1
FAIL: objc/execute/formal_protocol-4.m compilation, -O2
UNRESOLVED: objc/execute/formal_protocol-4.m execution, -O2
FAIL: objc/execute/formal_protocol-4.m compilation, -O3 -fomit-frame-pointer
UNRESOLVED: objc/execute/formal_protocol-4.m execution, -O3 -fomit-frame-pointer
FAIL: objc/execute/formal_protocol-4.m compilation, -O3 -g
UNRESOLVED: objc/execute/formal_protocol-4.m execution, -O3 -g
FAIL: objc/execute/formal_protocol-4.m compilation, -Os
UNRESOLVED: objc/execute/formal_protocol-4.m execution, -Os
FAIL: objc/execute/formal_protocol-5.m compilation, -O0
UNRESOLVED: objc/execute/formal_protocol-5.m execution, -O0
FAIL: objc/execute/formal_protocol-5.m compilation, -O1
UNRESOLVED: objc/execute/formal_protocol-5.m execution, -O1
FAIL: objc/execute/formal_protocol-5.m compilation, -O2
UNRESOLVED: objc/execute/formal_protocol-5.m execution, -O2
FAIL: objc/execute/formal_protocol-5.m compilation, -O3 -fomit-frame-pointer
UNRESOLVED: objc/execute/formal_protocol-5.m execution, -O3 -fomit-frame-pointer
FAIL: objc/execute/formal_protocol-5.m compilation, -O3 -g
UNRESOLVED: objc/execute/formal_protocol-5.m execution, -O3 -g
FAIL: objc/execute/formal_protocol-5.m compilation, -Os
UNRESOLVED: objc/execute/formal_protocol-5.m execution, -Os
FAIL: objc/execute/formal_protocol-6.m compilation, -O0
UNRESOLVED: objc/execute/formal_protocol-6.m execution, -O0
FAIL: objc/execute/formal_protocol-6.m compilation, -O1
UNRESOLVED: objc/execute/formal_protocol-6.m execution, -O1
FAIL: objc/execute/formal_protocol-6.m compilation, -O2
UNRESOLVED: objc/execute/formal_protocol-6.m execution, -O2
FAIL: objc/execute/formal_protocol-6.m compilation, -O3 -fomit-frame-pointer
UNRESOLVED: objc/execute/formal_protocol-6.m execution, -O3 -fomit-frame-pointer
FAIL: objc/execute/formal_protocol-6.m compilation, -O3 -g
UNRESOLVED: objc/execute/formal_protocol-6.m execution, -O3 -g
FAIL: objc/execute/formal_protocol-6.m compilation, -Os
UNRESOLVED: objc/execute/formal_protocol-6.m execution, -Os
FAIL: objc/execute/formal_protocol-7.m compilation, -O0
UNRESOLVED: objc/execute/formal_protocol-7.m execution, -O0
FAIL: objc/execute/formal_protocol-7.m compilation, -O1
UNRESOLVED: objc/execute/formal_protocol-7.m execution, -O1
FAIL: objc/execute/formal_protocol-7.m compilation, -O2
UNRESOLVED: objc/execute/formal_protocol-7.m execution, -O2
FAIL: objc/execute/formal_protocol-7.m compilation, -O3 -fomit-frame-pointer
UNRESOLVED: objc/execute/formal_protocol-7.m execution, -O3 -fomit-frame-pointer
FAIL: objc/execute/formal_protocol-7.m compilation, -O3 -g
UNRESOLVED: objc/execute/formal_protocol-7.m execution, -O3 -g
FAIL: objc/execute/formal_protocol-7.m compilation, -Os
UNRESOLVED: objc/execute/formal_protocol-7.m execution, -Os
FAIL: objc/execute/informal_protocol.m compilation, -O0
UNRESOLVED: objc/execute/informal_protocol.m execution, -O0
FAIL: objc/execute/informal_protocol.m compilation, -O1
UNRESOLVED: objc/execute/informal_protocol.m execution, -O1
FAIL: objc/execute/informal_protocol.m compilation, -O2
UNRESOLVED: objc/execute/informal_protocol.m execution, -O2
FAIL: objc/execute/informal_protocol.m compilation, -O3 -fomit-frame-pointer
UNRESOLVED: objc/execute/informal_protocol.m execution, -O3 -fomit-frame-pointer
FAIL: objc/execute/informal_protocol.m compilation, -O3 -g
UNRESOLVED: objc/execute/informal_protocol.m execution, -O3 -g
FAIL: objc/execute/informal_protocol.m compilation, -Os
UNRESOLVED: objc/execute/informal_protocol.m execution, -Os
FAIL: objc/execute/initialize.m compilation, -O0
UNRESOLVED: objc/execute/initialize.m execution, -O0
FAIL: objc/execute/initialize.m compilation, -O1
UNRESOLVED: objc/execute/initialize.m execution, -O1
FAIL: objc/execute/initialize.m compilation, -O2
UNRESOLVED: objc/execute/initialize.m execution, -O2
FAIL: objc/execute/initialize.m compilation, -O3 -fomit-frame-pointer
UNRESOLVED: objc/execute/initialize.m execution, -O3 -fomit-frame-pointer
FAIL: objc/execute/initialize.m compilation, -O3 -g
UNRESOLVED: objc/execute/initialize.m execution, -O3 -g
FAIL: objc/execute/initialize.m compilation, -Os
UNRESOLVED: objc/execute/initialize.m execution, -Os
FAIL: objc/execute/load-2.m compilation, -O0
UNRESOLVED: objc/execute/load-2.m execution, -O0
FAIL: objc/execute/load-2.m compilation, -O1
UNRESOLVED: objc/execute/load-2.m execution, -O1
FAIL: objc/execute/load-2.m compilation, -O2
UNRESOLVED: objc/execute/load-2.m execution, -O2
FAIL: objc/execute/load-2.m compilation, -O3 -fomit-frame-pointer
UNRESOLVED: objc/execute/load-2.m execution, -O3 -fomit-frame-pointer
FAIL: objc/execute/load-2.m compilation, -O3 -g
UNRESOLVED: objc/execute/load-2.m execution, -O3 -g
FAIL: objc/execute/load-2.m compilation, -Os
UNRESOLVED: objc/execute/load-2.m execution, -Os
FAIL: objc/execute/load-3.m compilation, -O0
UNRESOLVED: objc/execute/load-3.m execution, -O0
FAIL: objc/execute/load-3.m compilation, -O1
UNRESOLVED: objc/execute/load-3.m execution, -O1
FAIL: objc/execute/load-3.m compilation, -O2
UNRESOLVED: objc/execute/load-3.m execution, -O2
FAIL: objc/execute/load-3.m compilation, -O3 -fomit-frame-pointer
UNRESOLVED: objc/execute/load-3.m execution, -O3 -fomit-frame-pointer
FAIL: objc/execute/load-3.m compilation, -O3 -fomit-frame-pointer -funroll-loops
UNRESOLVED: objc/execute/load-3.m execution, -O3 -fomit-frame-pointer -funroll-loops
FAIL: objc/execute/load-3.m compilation, -O3 -fomit-frame-pointer -funroll-all-loops -finline-functions
UNRESOLVED: objc/execute/load-3.m execution, -O3 -fomit-frame-pointer -funroll-all-loops -finline-functions
FAIL: objc/execute/load-3.m compilation, -O3 -g
UNRESOLVED: objc/execute/load-3.m execution, -O3 -g
FAIL: objc/execute/load-3.m compilation, -Os
UNRESOLVED: objc/execute/load-3.m execution, -Os
FAIL: objc/execute/load.m compilation, -O0
UNRESOLVED: objc/execute/load.m execution, -O0
FAIL: objc/execute/load.m compilation, -O1
UNRESOLVED: objc/execute/load.m execution, -O1
FAIL: objc/execute/load.m compilation, -O2
UNRESOLVED: objc/execute/load.m execution, -O2
FAIL: objc/execute/load.m compilation, -O3 -fomit-frame-pointer
UNRESOLVED: objc/execute/load.m execution, -O3 -fomit-frame-pointer
FAIL: objc/execute/load.m compilation, -O3 -g
UNRESOLVED: objc/execute/load.m execution, -O3 -g
FAIL: objc/execute/load.m compilation, -Os
UNRESOLVED: objc/execute/load.m execution, -Os
FAIL: objc/execute/many_args_method.m compilation, -O0
UNRESOLVED: objc/execute/many_args_method.m execution, -O0
FAIL: objc/execute/many_args_method.m compilation, -O1
UNRESOLVED: objc/execute/many_args_method.m execution, -O1
FAIL: objc/execute/many_args_method.m compilation, -O2
UNRESOLVED: objc/execute/many_args_method.m execution, -O2
FAIL: objc/execute/many_args_method.m compilation, -O3 -fomit-frame-pointer
UNRESOLVED: objc/execute/many_args_method.m execution, -O3 -fomit-frame-pointer
FAIL: objc/execute/many_args_method.m compilation, -O3 -g
UNRESOLVED: objc/execute/many_args_method.m execution, -O3 -g
FAIL: objc/execute/many_args_method.m compilation, -Os
UNRESOLVED: objc/execute/many_args_method.m execution, -Os
FAIL: objc/execute/nested-1.m compilation, -O0
UNRESOLVED: objc/execute/nested-1.m execution, -O0
FAIL: objc/execute/nested-1.m compilation, -O1
UNRESOLVED: objc/execute/nested-1.m execution, -O1
FAIL: objc/execute/nested-1.m compilation, -O2
UNRESOLVED: objc/execute/nested-1.m execution, -O2
FAIL: objc/execute/nested-1.m compilation, -O3 -fomit-frame-pointer
UNRESOLVED: objc/execute/nested-1.m execution, -O3 -fomit-frame-pointer
FAIL: objc/execute/nested-1.m compilation, -O3 -g
UNRESOLVED: objc/execute/nested-1.m execution, -O3 -g
FAIL: objc/execute/nested-1.m compilation, -Os
UNRESOLVED: objc/execute/nested-1.m execution, -Os
FAIL: objc/execute/nested-2.m compilation, -O0
UNRESOLVED: objc/execute/nested-2.m execution, -O0
FAIL: objc/execute/nested-2.m compilation, -O1
UNRESOLVED: objc/execute/nested-2.m execution, -O1
FAIL: objc/execute/nested-2.m compilation, -O2
UNRESOLVED: objc/execute/nested-2.m execution, -O2
FAIL: objc/execute/nested-2.m compilation, -O3 -fomit-frame-pointer
UNRESOLVED: objc/execute/nested-2.m execution, -O3 -fomit-frame-pointer
FAIL: objc/execute/nested-2.m compilation, -O3 -g
UNRESOLVED: objc/execute/nested-2.m execution, -O3 -g
FAIL: objc/execute/nested-2.m compilation, -Os
UNRESOLVED: objc/execute/nested-2.m execution, -Os
FAIL: objc/execute/nested-3.m compilation, -O0
UNRESOLVED: objc/execute/nested-3.m execution, -O0
FAIL: objc/execute/nested-3.m compilation, -O1
UNRESOLVED: objc/execute/nested-3.m execution, -O1
FAIL: objc/execute/nested-3.m compilation, -O2
UNRESOLVED: objc/execute/nested-3.m execution, -O2
FAIL: objc/execute/nested-3.m compilation, -O3 -fomit-frame-pointer
UNRESOLVED: objc/execute/nested-3.m execution, -O3 -fomit-frame-pointer
FAIL: objc/execute/nested-3.m compilation, -O3 -g
UNRESOLVED: objc/execute/nested-3.m execution, -O3 -g
FAIL: objc/execute/nested-3.m compilation, -Os
UNRESOLVED: objc/execute/nested-3.m execution, -Os
FAIL: objc/execute/no_clash.m compilation, -O0
UNRESOLVED: objc/execute/no_clash.m execution, -O0
FAIL: objc/execute/no_clash.m compilation, -O1
UNRESOLVED: objc/execute/no_clash.m execution, -O1
FAIL: objc/execute/no_clash.m compilation, -O2
UNRESOLVED: objc/execute/no_clash.m execution, -O2
FAIL: objc/execute/no_clash.m compilation, -O3 -fomit-frame-pointer
UNRESOLVED: objc/execute/no_clash.m execution, -O3 -fomit-frame-pointer
FAIL: objc/execute/no_clash.m compilation, -O3 -g
UNRESOLVED: objc/execute/no_clash.m execution, -O3 -g
FAIL: objc/execute/no_clash.m compilation, -Os
UNRESOLVED: objc/execute/no_clash.m execution, -Os
FAIL: objc/execute/np-1.m compilation, -O0
UNRESOLVED: objc/execute/np-1.m execution, -O0
FAIL: objc/execute/np-1.m compilation, -O1
UNRESOLVED: objc/execute/np-1.m execution, -O1
FAIL: objc/execute/np-1.m compilation, -O2
UNRESOLVED: objc/execute/np-1.m execution, -O2
FAIL: objc/execute/np-1.m compilation, -O3 -fomit-frame-pointer
UNRESOLVED: objc/execute/np-1.m execution, -O3 -fomit-frame-pointer
FAIL: objc/execute/np-1.m compilation, -O3 -g
UNRESOLVED: objc/execute/np-1.m execution, -O3 -g
FAIL: objc/execute/np-1.m compilation, -Os
UNRESOLVED: objc/execute/np-1.m execution, -Os
FAIL: objc/execute/np-2.m compilation, -O0
UNRESOLVED: objc/execute/np-2.m execution, -O0
FAIL: objc/execute/np-2.m compilation, -O1
UNRESOLVED: objc/execute/np-2.m execution, -O1
FAIL: objc/execute/np-2.m compilation, -O2
UNRESOLVED: objc/execute/np-2.m execution, -O2
FAIL: objc/execute/np-2.m compilation, -O3 -fomit-frame-pointer
UNRESOLVED: objc/execute/np-2.m execution, -O3 -fomit-frame-pointer
FAIL: objc/execute/np-2.m compilation, -O3 -g
UNRESOLVED: objc/execute/np-2.m execution, -O3 -g
FAIL: objc/execute/np-2.m compilation, -Os
UNRESOLVED: objc/execute/np-2.m execution, -Os
FAIL: objc/execute/object_is_class.m compilation, -O0
UNRESOLVED: objc/execute/object_is_class.m execution, -O0
FAIL: objc/execute/object_is_class.m compilation, -O1
UNRESOLVED: objc/execute/object_is_class.m execution, -O1
FAIL: objc/execute/object_is_class.m compilation, -O2
UNRESOLVED: objc/execute/object_is_class.m execution, -O2
FAIL: objc/execute/object_is_class.m compilation, -O3 -fomit-frame-pointer
UNRESOLVED: objc/execute/object_is_class.m execution, -O3 -fomit-frame-pointer
FAIL: objc/execute/object_is_class.m compilation, -O3 -g
UNRESOLVED: objc/execute/object_is_class.m execution, -O3 -g
FAIL: objc/execute/object_is_class.m compilation, -Os
UNRESOLVED: objc/execute/object_is_class.m execution, -Os
FAIL: objc/execute/object_is_meta_class.m compilation, -O0
UNRESOLVED: objc/execute/object_is_meta_class.m execution, -O0
FAIL: objc/execute/object_is_meta_class.m compilation, -O1
UNRESOLVED: objc/execute/object_is_meta_class.m execution, -O1
FAIL: objc/execute/object_is_meta_class.m compilation, -O2
UNRESOLVED: objc/execute/object_is_meta_class.m execution, -O2
FAIL: objc/execute/object_is_meta_class.m compilation, -O3 -fomit-frame-pointer
UNRESOLVED: objc/execute/object_is_meta_class.m execution, -O3 -fomit-frame-pointer
FAIL: objc/execute/object_is_meta_class.m compilation, -O3 -g
UNRESOLVED: objc/execute/object_is_meta_class.m execution, -O3 -g
FAIL: objc/execute/object_is_meta_class.m compilation, -Os
UNRESOLVED: objc/execute/object_is_meta_class.m execution, -Os
FAIL: objc/execute/private.m compilation, -O0
UNRESOLVED: objc/execute/private.m execution, -O0
FAIL: objc/execute/private.m compilation, -O1
UNRESOLVED: objc/execute/private.m execution, -O1
FAIL: objc/execute/private.m compilation, -O2
UNRESOLVED: objc/execute/private.m execution, -O2
FAIL: objc/execute/private.m compilation, -O3 -fomit-frame-pointer
UNRESOLVED: objc/execute/private.m execution, -O3 -fomit-frame-pointer
FAIL: objc/execute/private.m compilation, -O3 -g
UNRESOLVED: objc/execute/private.m execution, -O3 -g
FAIL: objc/execute/private.m compilation, -Os
UNRESOLVED: objc/execute/private.m execution, -Os
FAIL: objc/execute/protocol.m compilation, -O0
UNRESOLVED: objc/execute/protocol.m execution, -O0
FAIL: objc/execute/protocol.m compilation, -O1
UNRESOLVED: objc/execute/protocol.m execution, -O1
FAIL: objc/execute/protocol.m compilation, -O2
UNRESOLVED: objc/execute/protocol.m execution, -O2
FAIL: objc/execute/protocol.m compilation, -O3 -fomit-frame-pointer
UNRESOLVED: objc/execute/protocol.m execution, -O3 -fomit-frame-pointer
FAIL: objc/execute/protocol.m compilation, -O3 -g
UNRESOLVED: objc/execute/protocol.m execution, -O3 -g
FAIL: objc/execute/protocol.m compilation, -Os
UNRESOLVED: objc/execute/protocol.m execution, -Os
FAIL: objc/execute/redefining_self.m compilation, -O0
UNRESOLVED: objc/execute/redefining_self.m execution, -O0
FAIL: objc/execute/redefining_self.m compilation, -O1
UNRESOLVED: objc/execute/redefining_self.m execution, -O1
FAIL: objc/execute/redefining_self.m compilation, -O2
UNRESOLVED: objc/execute/redefining_self.m execution, -O2
FAIL: objc/execute/redefining_self.m compilation, -O3 -fomit-frame-pointer
UNRESOLVED: objc/execute/redefining_self.m execution, -O3 -fomit-frame-pointer
FAIL: objc/execute/redefining_self.m compilation, -O3 -g
UNRESOLVED: objc/execute/redefining_self.m execution, -O3 -g
FAIL: objc/execute/redefining_self.m compilation, -Os
UNRESOLVED: objc/execute/redefining_self.m execution, -Os
FAIL: objc/execute/root_methods.m compilation, -O0
UNRESOLVED: objc/execute/root_methods.m execution, -O0
FAIL: objc/execute/root_methods.m compilation, -O1
UNRESOLVED: objc/execute/root_methods.m execution, -O1
FAIL: objc/execute/root_methods.m compilation, -O2
UNRESOLVED: objc/execute/root_methods.m execution, -O2
FAIL: objc/execute/root_methods.m compilation, -O3 -fomit-frame-pointer
UNRESOLVED: objc/execute/root_methods.m execution, -O3 -fomit-frame-pointer
FAIL: objc/execute/root_methods.m compilation, -O3 -g
UNRESOLVED: objc/execute/root_methods.m execution, -O3 -g
FAIL: objc/execute/root_methods.m compilation, -Os
UNRESOLVED: objc/execute/root_methods.m execution, -Os
FAIL: objc/execute/selector-1.m compilation, -O0
UNRESOLVED: objc/execute/selector-1.m execution, -O0
FAIL: objc/execute/selector-1.m compilation, -O1
UNRESOLVED: objc/execute/selector-1.m execution, -O1
FAIL: objc/execute/selector-1.m compilation, -O2
UNRESOLVED: objc/execute/selector-1.m execution, -O2
FAIL: objc/execute/selector-1.m compilation, -O3 -fomit-frame-pointer
UNRESOLVED: objc/execute/selector-1.m execution, -O3 -fomit-frame-pointer
FAIL: objc/execute/selector-1.m compilation, -O3 -g
UNRESOLVED: objc/execute/selector-1.m execution, -O3 -g
FAIL: objc/execute/selector-1.m compilation, -Os
UNRESOLVED: objc/execute/selector-1.m execution, -Os
FAIL: objc/execute/static-1.m compilation, -O0
UNRESOLVED: objc/execute/static-1.m execution, -O0
FAIL: objc/execute/static-1.m compilation, -O1
UNRESOLVED: objc/execute/static-1.m execution, -O1
FAIL: objc/execute/static-1.m compilation, -O2
UNRESOLVED: objc/execute/static-1.m execution, -O2
FAIL: objc/execute/static-1.m compilation, -O3 -fomit-frame-pointer
UNRESOLVED: objc/execute/static-1.m execution, -O3 -fomit-frame-pointer
FAIL: objc/execute/static-1.m compilation, -O3 -g
UNRESOLVED: objc/execute/static-1.m execution, -O3 -g
FAIL: objc/execute/static-1.m compilation, -Os
UNRESOLVED: objc/execute/static-1.m execution, -Os
FAIL: objc/execute/static-2.m compilation, -O0
UNRESOLVED: objc/execute/static-2.m execution, -O0
FAIL: objc/execute/static-2.m compilation, -O1
UNRESOLVED: objc/execute/static-2.m execution, -O1
FAIL: objc/execute/static-2.m compilation, -O2
UNRESOLVED: objc/execute/static-2.m execution, -O2
FAIL: objc/execute/static-2.m compilation, -O3 -fomit-frame-pointer
UNRESOLVED: objc/execute/static-2.m execution, -O3 -fomit-frame-pointer
FAIL: objc/execute/static-2.m compilation, -O3 -g
UNRESOLVED: objc/execute/static-2.m execution, -O3 -g
FAIL: objc/execute/static-2.m compilation, -Os
UNRESOLVED: objc/execute/static-2.m execution, -Os
FAIL: objc/execute/string1.m compilation, -O0
UNRESOLVED: objc/execute/string1.m execution, -O0
FAIL: objc/execute/string1.m compilation, -O1
UNRESOLVED: objc/execute/string1.m execution, -O1
FAIL: objc/execute/string1.m compilation, -O2
UNRESOLVED: objc/execute/string1.m execution, -O2
FAIL: objc/execute/string1.m compilation, -O3 -fomit-frame-pointer
UNRESOLVED: objc/execute/string1.m execution, -O3 -fomit-frame-pointer
FAIL: objc/execute/string1.m compilation, -O3 -g
UNRESOLVED: objc/execute/string1.m execution, -O3 -g
FAIL: objc/execute/string1.m compilation, -Os
UNRESOLVED: objc/execute/string1.m execution, -Os
FAIL: objc/execute/string2.m compilation, -O0
UNRESOLVED: objc/execute/string2.m execution, -O0
FAIL: objc/execute/string2.m compilation, -O1
UNRESOLVED: objc/execute/string2.m execution, -O1
FAIL: objc/execute/string2.m compilation, -O2
UNRESOLVED: objc/execute/string2.m execution, -O2
FAIL: objc/execute/string2.m compilation, -O3 -fomit-frame-pointer
UNRESOLVED: objc/execute/string2.m execution, -O3 -fomit-frame-pointer
FAIL: objc/execute/string2.m compilation, -O3 -g
UNRESOLVED: objc/execute/string2.m execution, -O3 -g
FAIL: objc/execute/string2.m compilation, -Os
UNRESOLVED: objc/execute/string2.m execution, -Os
FAIL: objc/execute/string3.m compilation, -O0
UNRESOLVED: objc/execute/string3.m execution, -O0
FAIL: objc/execute/string3.m compilation, -O1
UNRESOLVED: objc/execute/string3.m execution, -O1
FAIL: objc/execute/string3.m compilation, -O2
UNRESOLVED: objc/execute/string3.m execution, -O2
FAIL: objc/execute/string3.m compilation, -O3 -fomit-frame-pointer
UNRESOLVED: objc/execute/string3.m execution, -O3 -fomit-frame-pointer
FAIL: objc/execute/string3.m compilation, -O3 -g
UNRESOLVED: objc/execute/string3.m execution, -O3 -g
FAIL: objc/execute/string3.m compilation, -Os
UNRESOLVED: objc/execute/string3.m execution, -Os
FAIL: objc/execute/string4.m compilation, -O0
UNRESOLVED: objc/execute/string4.m execution, -O0
FAIL: objc/execute/string4.m compilation, -O1
UNRESOLVED: objc/execute/string4.m execution, -O1
FAIL: objc/execute/string4.m compilation, -O2
UNRESOLVED: objc/execute/string4.m execution, -O2
FAIL: objc/execute/string4.m compilation, -O3 -fomit-frame-pointer
UNRESOLVED: objc/execute/string4.m execution, -O3 -fomit-frame-pointer
FAIL: objc/execute/string4.m compilation, -O3 -g
UNRESOLVED: objc/execute/string4.m execution, -O3 -g
FAIL: objc/execute/string4.m compilation, -Os
UNRESOLVED: objc/execute/string4.m execution, -Os
FAIL: objc/execute/va_method.m compilation, -O0
UNRESOLVED: objc/execute/va_method.m execution, -O0
FAIL: objc/execute/va_method.m compilation, -O1
UNRESOLVED: objc/execute/va_method.m execution, -O1
FAIL: objc/execute/va_method.m compilation, -O2
UNRESOLVED: objc/execute/va_method.m execution, -O2
FAIL: objc/execute/va_method.m compilation, -O3 -fomit-frame-pointer
UNRESOLVED: objc/execute/va_method.m execution, -O3 -fomit-frame-pointer
FAIL: objc/execute/va_method.m compilation, -O3 -fomit-frame-pointer -funroll-loops
UNRESOLVED: objc/execute/va_method.m execution, -O3 -fomit-frame-pointer -funroll-loops
FAIL: objc/execute/va_method.m compilation, -O3 -fomit-frame-pointer -funroll-all-loops -finline-functions
UNRESOLVED: objc/execute/va_method.m execution, -O3 -fomit-frame-pointer -funroll-all-loops -finline-functions
FAIL: objc/execute/va_method.m compilation, -O3 -g
UNRESOLVED: objc/execute/va_method.m execution, -O3 -g
FAIL: objc/execute/va_method.m compilation, -Os
UNRESOLVED: objc/execute/va_method.m execution, -Os
ERROR: (DejaGnu) proc "objc-dg-test /Volumes/UFS_Partition/pinskia/src/apple/gcc3/gcc/testsuite/g++.dg/abi/bitfield1.C run { -ansi -pedantic-errors -funsigned-bitfields}" does not exist.
=== objc Summary ===
# of unexpected failures 496
# of unresolved testcases 490
/Volumes/UFS_Partition/pinskia/src/apple/gcc3/objdir/gcc/xgcc version 1200, based on gcc version 3.3 20020731 (experimental)
=== tcl tests ===
Running target unix
WARNING: Timed out executing test case
WARNING: Timed out executing test case
WARNING: Timed out executing test case
WARNING: Timed out executing test case
=== tcl Summary ===
Compiler version: 1200, based on gcc version 3.3 20020731 (experimental)
Platform: child
configure flags: --host=powerpc-apple-darwin5.5 --enable-languages=c,f77,objc --disable-PFE --prefix=/Volumes/UFS_Partition/pinskia/apple