This is the mail archive of the
gcc-testresults@gcc.gnu.org
mailing list for the GCC project.
Results for 3.2 20020803 (prerelease) testsuite on i386-pc-linux-gnu
- From: "H. J. Lu" <hjl at lucon dot org>
- To: gcc-testresults at gcc dot gnu dot org, hjl at lucon dot org
- Date: Sat, 3 Aug 2002 09:14:14 -0700
- Subject: Results for 3.2 20020803 (prerelease) testsuite on i386-pc-linux-gnu
LAST_UPDATED: Sat Aug 3 14:10:15 UTC 2002
Native configuration is i386-pc-linux-gnu
=== g77 tests ===
Running target unix
=== g77 Summary ===
# of expected passes 1452
# of unsupported tests 8
/export/build/gnu/gcc-3.2/build-i386-linux/gcc/testsuite/../g77 version 3.2 20020803 (prerelease)
=== gcc tests ===
Running target unix
FAIL: gcc.c-torture/execute/loop-2e.c execution, -Os
FAIL: gcc.c-torture/execute/loop-3c.c execution, -Os
=== gcc Summary ===
# of expected passes 18593
# of unexpected failures 2
# of expected failures 66
# of unsupported tests 43
/export/build/gnu/gcc-3.2/build-i386-linux/gcc/xgcc version 3.2 20020803 (prerelease)
=== g++ tests ===
Running target unix
XPASS: g++.other/init5.C Execution test
=== g++ Summary ===
# of expected passes 7269
# of unexpected successes 1
# of expected failures 87
# of untested testcases 9
# of unsupported tests 3
/export/build/gnu/gcc-3.2/build-i386-linux/gcc/testsuite/../g++ version 3.2 20020803 (prerelease)
=== objc tests ===
Running target unix
=== objc Summary ===
# of expected passes 1035
# of expected failures 6
/export/build/gnu/gcc-3.2/build-i386-linux/gcc/xgcc version 3.2 20020803 (prerelease)
=== libjava tests ===
Running target unix
=== libjava Summary ===
# of expected passes 2075
# of expected failures 18
# of untested testcases 14
=== libstdc++-v3 tests ===
Running target unix
FAIL: 22_locale/codecvt_members_char_char.cc execution test
FAIL: 22_locale/codecvt_members_wchar_t_char.cc execution test
FAIL: 22_locale/ctor_copy_dtor.cc execution test
FAIL: 22_locale/ctype_to_char.cc execution test
FAIL: 22_locale/ctype_to_wchar_t.cc execution test
FAIL: 26_numerics/c99_classification_macros_c.cc (test for excess errors)
FAIL: 27_io/ostream_inserter_arith.cc execution test
=== libstdc++-v3 Summary ===
# of expected passes 402
# of unexpected failures 7
# of expected failures 26
Compiler version: 3.2 20020803 (prerelease)
Platform: i386-pc-linux-gnu
configure flags: --host=i386-linux --enable-__cxa_atexit --enable-clocale=gnu --with-system-zlib --enable-shared --enable-threads=posix --enable-haifa --disable-checking --prefix=/usr/gcc-3.2 --with-local-prefix=/usr/local