This is the mail archive of the
gcc-testresults@gcc.gnu.org
mailing list for the GCC project.
Results for 3.1.1 testsuite on alphapca56-unknown-linux-gnu
- From: <cpp at ekkaia dot net>
- To: gcc-testresults at gcc dot gnu dot org
- Date: Sat, 27 Jul 2002 21:10:23 -0400
- Subject: Results for 3.1.1 testsuite on alphapca56-unknown-linux-gnu
LAST_UPDATED:
Native configuration is alphapca56-unknown-linux-gnu
=== libstdc++-v3 tests ===
Running target unix
XPASS: 22_locale/collate_members_wchar_t.cc execution test
XPASS: 22_locale/ctype_is_wchar_t.cc execution test
XPASS: 22_locale/money_get_members_wchar_t.cc execution test
XPASS: 22_locale/money_put_members_wchar_t.cc execution test
XPASS: 22_locale/moneypunct_members_wchar_t.cc execution test
XPASS: 22_locale/num_get_members_wchar_t.cc execution test
XPASS: 22_locale/num_put_members_wchar_t.cc execution test
XPASS: 22_locale/numpunct_members_wchar_t.cc execution test
XPASS: 22_locale/time_get_members_wchar_t.cc execution test
XPASS: 22_locale/time_put_members_wchar_t.cc execution test
FAIL: 26_numerics/c99_classification_macros_c.cc (test for excess errors)
WARNING: program timed out.
FAIL: thread/pthread4.cc execution test
=== libstdc++-v3 Summary ===
# of expected passes 396
# of unexpected failures 2
# of unexpected successes 10
# of expected failures 16
=== g++ tests ===
Running target unix
=== g++ Summary ===
# of expected passes 7235
# of expected failures 88
# of untested testcases 22
# of unsupported tests 5
/usr/local/gcc-3.1/build/gcc-3.1.1/gcc/testsuite/../g++ version 3.1.1
=== g77 tests ===
Running target unix
=== g77 Summary ===
# of expected passes 1452
# of unsupported tests 8
/usr/local/gcc-3.1/build/gcc-3.1.1/gcc/testsuite/../g77 version 3.1.1
=== gcc tests ===
Running target unix
XPASS: gcc.dg/c99-intconst-1.c (test for excess errors)
=== gcc Summary ===
# of expected passes 18408
# of unexpected successes 1
# of expected failures 75
# of unsupported tests 111
/usr/local/gcc-3.1/build/gcc-3.1.1/gcc/xgcc version 3.1.1
Compiler version: 3.1.1
Platform: alphapca56-unknown-linux-gnu
configure flags: --host=alphapca56-unknown-linux-gnu --prefix=/usr/local/gcc-3.1 --enable-languages=c,f77,c++ --with-as=/usr/local/alphapca56-unknown-linux-gnu/bin/as --with-gnu-as --with-ld=/usr/local/alphapca56-unknown-linux-gnu/bin/ld --with-gnu-ld --enable-threads=posix --disable-nls --enable-shared