This is the mail archive of the
gcc-testresults@gcc.gnu.org
mailing list for the GCC project.
Results for 3.2 20020714 (experimental) testsuite on sparc-unknown-netbsdelf
- From: thorpej at shagadelic dot org (Jason R Thorpe)
- To: gcc-testresults at gcc dot gnu dot org
- Date: Mon, 15 Jul 2002 07:45:42 -0700 (PDT)
- Subject: Results for 3.2 20020714 (experimental) testsuite on sparc-unknown-netbsdelf
LAST_UPDATED: Sun Jul 14 19:58:09 UTC 2002
Native configuration is sparc-unknown-netbsdelf
=== g++ tests ===
Running target unix
FAIL: g++.dg/opt/longbranch1.C (test for excess errors)
FAIL: g++.dg/parse/stack1.C (test for excess errors)
FAIL: g++.dg/warn/Wunused-2.C (test for warnings, line 5)
=== g++ Summary ===
# of expected passes 7421
# of unexpected failures 3
# of expected failures 89
# of untested testcases 22
# of unsupported tests 4
/amd/yeah-baby/u1/hack/gnu-toolchain/gcc/build/sparc-sparc/gcc/testsuite/../g++ version 3.2 20020714 (experimental)
=== g77 tests ===
Running target unix
FAIL: g77.f-torture/execute/6367.f execution, -O0
FAIL: g77.f-torture/execute/6367.f execution, -O1
FAIL: g77.f-torture/execute/6367.f execution, -O2
FAIL: g77.f-torture/execute/6367.f execution, -O3 -fomit-frame-pointer
FAIL: g77.f-torture/execute/6367.f execution, -O3 -fomit-frame-pointer -funroll-loops
FAIL: g77.f-torture/execute/6367.f execution, -O3 -fomit-frame-pointer -funroll-all-loops -finline-functions
FAIL: g77.f-torture/execute/6367.f execution, -O3 -g
FAIL: g77.f-torture/execute/6367.f execution, -Os
=== g77 Summary ===
# of expected passes 1618
# of unexpected failures 8
# of unsupported tests 8
/amd/yeah-baby/u1/hack/gnu-toolchain/gcc/build/sparc-sparc/gcc/testsuite/../g77 version 3.2 20020714 (experimental)
=== gcc tests ===
Running target unix
WARNING: program timed out.
FAIL: gcc.c-torture/compile/20001226-1.c, -O1
WARNING: program timed out.
FAIL: gcc.c-torture/compile/20001226-1.c, -O2
WARNING: program timed out.
FAIL: gcc.c-torture/compile/20001226-1.c, -O3 -fomit-frame-pointer
WARNING: program timed out.
FAIL: gcc.c-torture/compile/20001226-1.c, -O3 -g
WARNING: program timed out.
FAIL: gcc.c-torture/compile/20001226-1.c, -Os
FAIL: gcc.c-torture/execute/20000822-1.c compilation, -O0
UNRESOLVED: gcc.c-torture/execute/20000822-1.c execution, -O0
FAIL: gcc.c-torture/execute/20000822-1.c compilation, -O1
UNRESOLVED: gcc.c-torture/execute/20000822-1.c execution, -O1
FAIL: gcc.c-torture/execute/20000822-1.c compilation, -O2
UNRESOLVED: gcc.c-torture/execute/20000822-1.c execution, -O2
FAIL: gcc.c-torture/execute/20000822-1.c compilation, -O3 -fomit-frame-pointer
UNRESOLVED: gcc.c-torture/execute/20000822-1.c execution, -O3 -fomit-frame-pointer
FAIL: gcc.c-torture/execute/20000822-1.c compilation, -O3 -g
UNRESOLVED: gcc.c-torture/execute/20000822-1.c execution, -O3 -g
FAIL: gcc.c-torture/execute/20000822-1.c compilation, -Os
UNRESOLVED: gcc.c-torture/execute/20000822-1.c execution, -Os
FAIL: gcc.c-torture/execute/921215-1.c compilation, -O0
UNRESOLVED: gcc.c-torture/execute/921215-1.c execution, -O0
FAIL: gcc.c-torture/execute/921215-1.c compilation, -O1
UNRESOLVED: gcc.c-torture/execute/921215-1.c execution, -O1
FAIL: gcc.c-torture/execute/921215-1.c compilation, -O2
UNRESOLVED: gcc.c-torture/execute/921215-1.c execution, -O2
FAIL: gcc.c-torture/execute/921215-1.c compilation, -O3 -fomit-frame-pointer
UNRESOLVED: gcc.c-torture/execute/921215-1.c execution, -O3 -fomit-frame-pointer
FAIL: gcc.c-torture/execute/921215-1.c compilation, -O3 -g
UNRESOLVED: gcc.c-torture/execute/921215-1.c execution, -O3 -g
FAIL: gcc.c-torture/execute/921215-1.c compilation, -Os
UNRESOLVED: gcc.c-torture/execute/921215-1.c execution, -Os
FAIL: gcc.c-torture/execute/931002-1.c compilation, -O0
UNRESOLVED: gcc.c-torture/execute/931002-1.c execution, -O0
FAIL: gcc.c-torture/execute/931002-1.c compilation, -O1
UNRESOLVED: gcc.c-torture/execute/931002-1.c execution, -O1
FAIL: gcc.c-torture/execute/931002-1.c compilation, -O2
UNRESOLVED: gcc.c-torture/execute/931002-1.c execution, -O2
FAIL: gcc.c-torture/execute/931002-1.c compilation, -O3 -fomit-frame-pointer
UNRESOLVED: gcc.c-torture/execute/931002-1.c execution, -O3 -fomit-frame-pointer
FAIL: gcc.c-torture/execute/931002-1.c compilation, -O3 -g
UNRESOLVED: gcc.c-torture/execute/931002-1.c execution, -O3 -g
FAIL: gcc.c-torture/execute/931002-1.c compilation, -Os
UNRESOLVED: gcc.c-torture/execute/931002-1.c execution, -Os
FAIL: gcc.c-torture/execute/960218-1.c compilation, -O0
UNRESOLVED: gcc.c-torture/execute/960218-1.c execution, -O0
FAIL: gcc.c-torture/execute/960218-1.c compilation, -O1
UNRESOLVED: gcc.c-torture/execute/960218-1.c execution, -O1
FAIL: gcc.c-torture/execute/960218-1.c compilation, -O2
UNRESOLVED: gcc.c-torture/execute/960218-1.c execution, -O2
FAIL: gcc.c-torture/execute/960218-1.c compilation, -O3 -fomit-frame-pointer
UNRESOLVED: gcc.c-torture/execute/960218-1.c execution, -O3 -fomit-frame-pointer
FAIL: gcc.c-torture/execute/960218-1.c compilation, -O3 -fomit-frame-pointer -funroll-loops
UNRESOLVED: gcc.c-torture/execute/960218-1.c execution, -O3 -fomit-frame-pointer -funroll-loops
FAIL: gcc.c-torture/execute/960218-1.c compilation, -O3 -fomit-frame-pointer -funroll-all-loops -finline-functions
UNRESOLVED: gcc.c-torture/execute/960218-1.c execution, -O3 -fomit-frame-pointer -funroll-all-loops -finline-functions
FAIL: gcc.c-torture/execute/960218-1.c compilation, -O3 -g
UNRESOLVED: gcc.c-torture/execute/960218-1.c execution, -O3 -g
FAIL: gcc.c-torture/execute/960218-1.c compilation, -Os
UNRESOLVED: gcc.c-torture/execute/960218-1.c execution, -Os
FAIL: gcc.c-torture/execute/nestfunc-1.c compilation, -O0
UNRESOLVED: gcc.c-torture/execute/nestfunc-1.c execution, -O0
FAIL: gcc.c-torture/execute/nestfunc-1.c compilation, -O1
UNRESOLVED: gcc.c-torture/execute/nestfunc-1.c execution, -O1
FAIL: gcc.c-torture/execute/nestfunc-1.c compilation, -O2
UNRESOLVED: gcc.c-torture/execute/nestfunc-1.c execution, -O2
FAIL: gcc.c-torture/execute/nestfunc-1.c compilation, -O3 -fomit-frame-pointer
UNRESOLVED: gcc.c-torture/execute/nestfunc-1.c execution, -O3 -fomit-frame-pointer
FAIL: gcc.c-torture/execute/nestfunc-1.c compilation, -O3 -g
UNRESOLVED: gcc.c-torture/execute/nestfunc-1.c execution, -O3 -g
FAIL: gcc.c-torture/execute/nestfunc-1.c compilation, -Os
UNRESOLVED: gcc.c-torture/execute/nestfunc-1.c execution, -Os
FAIL: gcc.c-torture/execute/nestfunc-2.c compilation, -O0
UNRESOLVED: gcc.c-torture/execute/nestfunc-2.c execution, -O0
FAIL: gcc.c-torture/execute/nestfunc-2.c compilation, -O1
UNRESOLVED: gcc.c-torture/execute/nestfunc-2.c execution, -O1
FAIL: gcc.c-torture/execute/nestfunc-2.c compilation, -O2
UNRESOLVED: gcc.c-torture/execute/nestfunc-2.c execution, -O2
FAIL: gcc.c-torture/execute/nestfunc-2.c compilation, -O3 -fomit-frame-pointer
UNRESOLVED: gcc.c-torture/execute/nestfunc-2.c execution, -O3 -fomit-frame-pointer
FAIL: gcc.c-torture/execute/nestfunc-2.c compilation, -O3 -fomit-frame-pointer -funroll-loops
UNRESOLVED: gcc.c-torture/execute/nestfunc-2.c execution, -O3 -fomit-frame-pointer -funroll-loops
FAIL: gcc.c-torture/execute/nestfunc-2.c compilation, -O3 -fomit-frame-pointer -funroll-all-loops -finline-functions
UNRESOLVED: gcc.c-torture/execute/nestfunc-2.c execution, -O3 -fomit-frame-pointer -funroll-all-loops -finline-functions
FAIL: gcc.c-torture/execute/nestfunc-2.c compilation, -O3 -g
UNRESOLVED: gcc.c-torture/execute/nestfunc-2.c execution, -O3 -g
FAIL: gcc.c-torture/execute/nestfunc-2.c compilation, -Os
UNRESOLVED: gcc.c-torture/execute/nestfunc-2.c execution, -Os
FAIL: gcc.c-torture/execute/nestfunc-3.c compilation, -O0
UNRESOLVED: gcc.c-torture/execute/nestfunc-3.c execution, -O0
FAIL: gcc.c-torture/execute/nestfunc-3.c compilation, -O1
UNRESOLVED: gcc.c-torture/execute/nestfunc-3.c execution, -O1
FAIL: gcc.c-torture/execute/nestfunc-3.c compilation, -O2
UNRESOLVED: gcc.c-torture/execute/nestfunc-3.c execution, -O2
FAIL: gcc.c-torture/execute/nestfunc-3.c compilation, -O3 -fomit-frame-pointer
UNRESOLVED: gcc.c-torture/execute/nestfunc-3.c execution, -O3 -fomit-frame-pointer
FAIL: gcc.c-torture/execute/nestfunc-3.c compilation, -O3 -fomit-frame-pointer -funroll-loops
UNRESOLVED: gcc.c-torture/execute/nestfunc-3.c execution, -O3 -fomit-frame-pointer -funroll-loops
FAIL: gcc.c-torture/execute/nestfunc-3.c compilation, -O3 -fomit-frame-pointer -funroll-all-loops -finline-functions
UNRESOLVED: gcc.c-torture/execute/nestfunc-3.c execution, -O3 -fomit-frame-pointer -funroll-all-loops -finline-functions
FAIL: gcc.c-torture/execute/nestfunc-3.c compilation, -O3 -g
UNRESOLVED: gcc.c-torture/execute/nestfunc-3.c execution, -O3 -g
FAIL: gcc.c-torture/execute/nestfunc-3.c compilation, -Os
UNRESOLVED: gcc.c-torture/execute/nestfunc-3.c execution, -Os
FAIL: gcc.dg/cpp/arith-1.c (test for bogus messages, line 92)
FAIL: gcc.dg/cpp/arith-1.c (test for bogus messages, line 102)
FAIL: gcc.dg/cpp/arith-1.c (test for bogus messages, line 120)
FAIL: gcc.dg/cpp/arith-1.c (test for bogus messages, line 127)
FAIL: gcc.dg/cpp/arith-1.c (test for bogus messages, line 137)
FAIL: gcc.dg/cpp/arith-1.c (test for bogus messages, line 147)
FAIL: gcc.dg/cpp/arith-1.c (test for bogus messages, line 157)
FAIL: gcc.dg/cpp/arith-1.c (test for bogus messages, line 170)
FAIL: gcc.dg/cpp/arith-1.c (test for bogus messages, line 178)
FAIL: gcc.dg/cpp/arith-1.c (test for bogus messages, line 186)
FAIL: gcc.dg/cpp/arith-1.c (test for bogus messages, line 199)
FAIL: gcc.dg/cpp/arith-1.c (test for bogus messages, line 203)
FAIL: gcc.dg/cpp/arith-1.c (test for bogus messages, line 231)
FAIL: gcc.dg/cpp/arith-1.c (test for bogus messages, line 239)
FAIL: gcc.dg/cpp/arith-1.c (test for bogus messages, line 247)
FAIL: gcc.dg/cpp/arith-1.c (test for bogus messages, line 256)
FAIL: gcc.dg/cpp/arith-3.c (test for bogus messages, line 192)
FAIL: gcc.dg/cpp/arith-3.c (test for bogus messages, line 196)
FAIL: gcc.dg/cpp/arith-3.c (test for bogus messages, line 216)
FAIL: gcc.dg/cpp/arith-3.c (test for bogus messages, line 220)
FAIL: gcc.dg/cpp/arith-3.c (test for bogus messages, line 249)
FAIL: gcc.dg/cpp/arith-3.c (test for bogus messages, line 253)
FAIL: gcc.dg/cpp/arith-3.c (test for bogus messages, line 305)
FAIL: gcc.dg/cpp/arith-3.c (test for bogus messages, line 309)
FAIL: gcc.dg/cpp/arith-3.c (test for bogus messages, line 329)
FAIL: gcc.dg/cpp/arith-3.c (test for bogus messages, line 337)
FAIL: gcc.dg/cpp/arith-3.c (test for bogus messages, line 349)
FAIL: gcc.dg/cpp/arith-3.c (test for bogus messages, line 366)
FAIL: gcc.dg/cpp/arith-3.c (test for excess errors)
FAIL: cmdlne-dM-M.c: #define line not printed
FAIL: gcc.dg/20020425-1.c (test for excess errors)
FAIL: gcc.dg/c90-intconst-1.c (test for excess errors)
FAIL: gcc.dg/c99-intconst-1.c (test for excess errors)
FAIL: gcc.dg/simd-1.c (test for excess errors)
=== gcc Summary ===
# of expected passes 19087
# of unexpected failures 87
# of expected failures 63
# of unresolved testcases 48
# of unsupported tests 126
/amd/yeah-baby/u1/hack/gnu-toolchain/gcc/build/sparc-sparc/gcc/xgcc version 3.2 20020714 (experimental)
=== objc tests ===
Running target unix
=== objc Summary ===
# of expected passes 1043
# of expected failures 6
/amd/yeah-baby/u1/hack/gnu-toolchain/gcc/build/sparc-sparc/gcc/xgcc version 3.2 20020714 (experimental)
=== libstdc++-v3 tests ===
Running target unix
FAIL: 18_support/numeric_limits.cc execution test
XPASS: 22_locale/collate_members_wchar_t.cc execution test
XPASS: 22_locale/ctype_is_wchar_t.cc execution test
XPASS: 22_locale/money_get_members_wchar_t.cc execution test
XPASS: 22_locale/money_put_members_wchar_t.cc execution test
XPASS: 22_locale/moneypunct_members_wchar_t.cc execution test
XPASS: 22_locale/num_get_members_wchar_t.cc execution test
XPASS: 22_locale/num_put_members_wchar_t.cc execution test
XPASS: 22_locale/numpunct_members_wchar_t.cc execution test
XPASS: 22_locale/time_get_members_wchar_t.cc execution test
XPASS: 22_locale/time_put_members_wchar_t.cc execution test
FAIL: 27_io/stringbuf.cc execution test
=== libstdc++-v3 Summary ===
# of expected passes 390
# of unexpected failures 2
# of unexpected successes 10
# of expected failures 17
# of unsupported tests 6
Compiler version: 3.2 20020714 (experimental)
Platform: sparc-unknown-netbsdelf
configure flags: --disable-shared --prefix=/usr/local/gnu --host=sparc-unknown-netbsdelf --target=sparc-unknown-netbsdelf