This is the mail archive of the
gcc-testresults@gcc.gnu.org
mailing list for the GCC project.
Results for 3.2 20020621 (experimental) testsuite on i686-pc-linux-gnu
- From: Neil Booth <neil at daikokuya dot demon dot co dot uk>
- To: gcc-testresults at gcc dot gnu dot org
- Date: Sun, 23 Jun 2002 18:13:51 +0100
- Subject: Results for 3.2 20020621 (experimental) testsuite on i686-pc-linux-gnu
LAST_UPDATED:
Native configuration is i686-pc-linux-gnu
=== gcc tests ===
Running target unix
FAIL: gcc.dg/cpp/trad/assert2.c bad syntax (test for errors, line 22)
FAIL: gcc.dg/cpp/trad/assert2.c (test for excess errors)
FAIL: gcc.dg/cpp/trad/escaped-eof.c escaped EOF warning (test for warnings, line 7)
FAIL: gcc.dg/cpp/trad/funlike.c macro-expanded parenthesis (test for errors, line 24)
FAIL: gcc.dg/cpp/trad/funlike.c (test for excess errors)
FAIL: gcc.dg/cpp/trad/literals-2.c bad charconst (test for errors, line 7)
FAIL: gcc.dg/cpp/trad/literals-2.c (test for excess errors)
FAIL: gcc.dg/cpp/trad/macroargs.c execution test
FAIL: gcc.dg/cpp/trad/redef1.c (test for excess errors)
FAIL: gcc.dg/cpp/trad/redef2.c foo prev def (test for warnings, line 5)
FAIL: gcc.dg/cpp/trad/redef2.c foo prev def 2 (test for warnings, line 9)
FAIL: gcc.dg/cpp/trad/redef2.c foo prev def (test for warnings, line 13)
FAIL: gcc.dg/cpp/trad/redef2.c quux prev def (test for warnings, line 16)
FAIL: gcc.dg/cpp/trad/redef2.c bar prev def (test for warnings, line 19)
FAIL: gcc.dg/cpp/trad/redef2.c bat prev def (test for warnings, line 22)
FAIL: gcc.dg/cpp/trad/redef2.c baz prev def (test for warnings, line 25)
FAIL: gcc.dg/cpp/trad/redef2.c f prev def (test for warnings, line 28)
FAIL: gcc.dg/cpp/trad/redef2.c f redefined (test for warnings, line 29)
FAIL: gcc.dg/cpp/trad/redef2.c g prev def (test for warnings, line 31)
=== gcc Summary ===
# of expected passes 74
# of unexpected failures 19
/usr/local/bin/gcc version 3.2 20020523 (experimental)
=== g++ tests ===
Running target unix
FAIL: g++.dg/warn/Wunused-2.C (test for warnings, line 5)
=== g++ Summary ===
# of expected passes 7365
# of unexpected failures 1
# of expected failures 87
# of untested testcases 9
# of unsupported tests 3
/home/neil/src/gcc/build/gcc/testsuite/../g++ version 3.2 20020621 (experimental)
=== gcc tests ===
Running target unix
FAIL: gcc.c-torture/execute/20020412-1.c execution, -O1
FAIL: gcc.c-torture/execute/20020412-1.c execution, -O2
FAIL: gcc.c-torture/execute/20020412-1.c execution, -O3 -fomit-frame-pointer
FAIL: gcc.c-torture/execute/20020412-1.c execution, -O3 -fomit-frame-pointer -funroll-loops
FAIL: gcc.c-torture/execute/20020412-1.c execution, -O3 -fomit-frame-pointer -funroll-all-loops -finline-functions
FAIL: gcc.c-torture/execute/20020412-1.c execution, -O3 -g
FAIL: cmdlne-dM-M.c: #define line not printed
=== gcc Summary ===
# of expected passes 19201
# of unexpected failures 7
# of expected failures 60
# of unsupported tests 57
/home/neil/src/gcc/build/gcc/xgcc version 3.2 20020621 (experimental)
=== objc tests ===
Running target unix
=== objc Summary ===
# of expected passes 1035
# of expected failures 6
/home/neil/src/gcc/build/gcc/xgcc version 3.2 20020621 (experimental)
=== libstdc++-v3 tests ===
Running target unix
XPASS: 22_locale/ctype_is_wchar_t.cc execution test
FAIL: 26_numerics/c99_classification_macros_c.cc (test for excess errors)
WARNING: program timed out.
FAIL: thread/pthread4.cc execution test
=== libstdc++-v3 Summary ===
# of expected passes 396
# of unexpected failures 2
# of unexpected successes 1
# of expected failures 25
Compiler version: 3.2 20020621 (experimental)
Platform: i686-pc-linux-gnu
configure flags: --host=i686-pc-linux-gnu --enable-shared --enable-threads=posix --enable-languages=c,objc,c++