This is the mail archive of the
gcc-testresults@gcc.gnu.org
mailing list for the GCC project.
Results for 3.1 testsuite on i586-pc-linux-gnu
- From: thomas dot porschberg at osp-dd dot de
- To: gcc-testresults at gcc dot gnu dot org
- Date: Mon, 3 Jun 2002 11:23:51 +0200
- Subject: Results for 3.1 testsuite on i586-pc-linux-gnu
LAST_UPDATED:
Native configuration is i586-pc-linux-gnu
=== g++ tests ===
Running target unix
=== g++ Summary ===
# of expected passes 7184
# of expected failures 88
# of untested testcases 9
# of unsupported tests 3
/home/porschberg/gcc31/gcc/testsuite/../g++ version 3.1
=== gcc tests ===
Running target unix
FAIL: gcc.c-torture/execute/20020402-1.c execution, -Os
FAIL: gcc.c-torture/execute/loop-2c.c execution, -Os
FAIL: gcc.c-torture/execute/loop-2d.c execution, -Os
FAIL: gcc.c-torture/execute/loop-2e.c execution, -Os
FAIL: gcc.c-torture/execute/loop-3c.c execution, -Os
FAIL: gcc.dg/noncompile/920923-1.c (test for errors, line 111)
FAIL: gcc.dg/noncompile/920923-1.c (test for excess errors)
=== gcc Summary ===
# of expected passes 18409
# of unexpected failures 7
# of expected failures 66
# of unsupported tests 43
/home/porschberg/gcc31/gcc/xgcc version 3.1
=== libstdc++-v3 tests ===
Running target unix
XPASS: 22_locale/time_put_members_char.cc execution test
XPASS: 22_locale/time_put_members_wchar_t.cc execution test
FAIL: 26_numerics/c99_classification_macros_c.cc (test for excess errors)
=== libstdc++-v3 Summary ===
# of expected passes 374
# of unexpected failures 1
# of unexpected successes 2
# of expected failures 23
Compiler version: 3.1
Platform: i586-pc-linux-gnu
configure flags: --host=i586-pc-linux-gnu --enable-languages=c,c++ --prefix=/opt/gcc/gcc-3.1 --disable-threads