This is the mail archive of the
gcc-testresults@gcc.gnu.org
mailing list for the GCC project.
Results for 3.2 20020529 (experimental) testsuite on mmix-knuth-mmixware
- From: aj at suse dot de (Andreas Jaeger)
- To: gcc-testresults at gcc dot gnu dot org
- Date: Thu, 30 May 2002 11:38:42 +0200 (CEST)
- Subject: Results for 3.2 20020529 (experimental) testsuite on mmix-knuth-mmixware
LAST_UPDATED: Thu May 30 07:11:10 UTC 2002
Target is mmix-knuth-mmixware
Host is i686-pc-linux-gnu
=== g++ tests ===
Running target mmixware-sim
FAIL: g++.dg/template/typename2.C (test for excess errors)
FAIL: g++.dg/warn/Wunused-2.C (test for warnings, line 5)
=== g++ Summary ===
# of expected passes 7102
# of unexpected failures 2
# of expected failures 87
# of untested testcases 32
# of unsupported tests 8
/mmix/mmix/build/gcc/testsuite/../g++ version 3.2 20020529 (experimental)
Host is i686-pc-linux-gnu
=== g77 tests ===
Running target mmixware-sim
FAIL: g77.dg/f77-edit-apostrophe-out.f output pattern test, is abcde
FAIL: g77.dg/f77-edit-apostrophe-out.f output pattern test, is abcde
FAIL: g77.dg/f77-edit-apostrophe-out.f output pattern test, is abcde
FAIL: g77.dg/f77-edit-apostrophe-out.f output pattern test, is abcde
FAIL: g77.dg/f77-edit-apostrophe-out.f output pattern test, is abcde
FAIL: g77.dg/f77-edit-apostrophe-out.f output pattern test, is abcde
FAIL: g77.dg/f77-edit-colon-out.f output pattern test, is 123
FAIL: g77.dg/f77-edit-colon-out.f output pattern test, is 123
FAIL: g77.dg/f77-edit-colon-out.f output pattern test, is 123
FAIL: g77.dg/f77-edit-colon-out.f output pattern test, is 123
FAIL: g77.dg/f77-edit-colon-out.f output pattern test, is 123
FAIL: g77.dg/f77-edit-colon-out.f output pattern test, is 123
FAIL: g77.dg/f77-edit-h-out.f output pattern test, is 1
FAIL: g77.dg/f77-edit-h-out.f output pattern test, is 1
FAIL: g77.dg/f77-edit-h-out.f output pattern test, is 1
FAIL: g77.dg/f77-edit-h-out.f output pattern test, is 1
FAIL: g77.dg/f77-edit-h-out.f output pattern test, is 1
FAIL: g77.dg/f77-edit-h-out.f output pattern test, is 1
FAIL: g77.dg/f77-edit-s-out.f output pattern test, is +10 20
FAIL: g77.dg/f77-edit-s-out.f output pattern test, is +10 20
FAIL: g77.dg/f77-edit-s-out.f output pattern test, is +10 20
FAIL: g77.dg/f77-edit-s-out.f output pattern test, is +10 20
FAIL: g77.dg/f77-edit-s-out.f output pattern test, is +10 20
FAIL: g77.dg/f77-edit-s-out.f output pattern test, is +10 20
FAIL: g77.dg/f77-edit-slash-out.f output pattern test, is 123
FAIL: g77.dg/f77-edit-slash-out.f output pattern test, is 123
FAIL: g77.dg/f77-edit-slash-out.f output pattern test, is 123
FAIL: g77.dg/f77-edit-slash-out.f output pattern test, is 123
FAIL: g77.dg/f77-edit-slash-out.f output pattern test, is 123
FAIL: g77.dg/f77-edit-slash-out.f output pattern test, is 123
FAIL: g77.dg/f77-edit-x-out.f output pattern test, is 1 2 3
FAIL: g77.dg/f77-edit-x-out.f output pattern test, is 1 2 3
FAIL: g77.dg/f77-edit-x-out.f output pattern test, is 1 2 3
FAIL: g77.dg/f77-edit-x-out.f output pattern test, is 1 2 3
FAIL: g77.dg/f77-edit-x-out.f output pattern test, is 1 2 3
FAIL: g77.dg/f77-edit-x-out.f output pattern test, is 1 2 3
FAIL: g77.f-torture/compile/19990905-0.f, -O0
FAIL: g77.f-torture/compile/19990905-0.f, -O1
FAIL: g77.f-torture/compile/19990905-0.f, -O2
FAIL: g77.f-torture/compile/19990905-0.f, -O3 -fomit-frame-pointer
FAIL: g77.f-torture/compile/19990905-0.f, -O3 -g
FAIL: g77.f-torture/compile/19990905-0.f, -Os
FAIL: g77.f-torture/compile/19990905-2.f, -O0
FAIL: g77.f-torture/compile/19990905-2.f, -O1
FAIL: g77.f-torture/compile/19990905-2.f, -O2
FAIL: g77.f-torture/compile/19990905-2.f, -O3 -fomit-frame-pointer
FAIL: g77.f-torture/compile/19990905-2.f, -O3 -g
FAIL: g77.f-torture/compile/19990905-2.f, -Os
FAIL: g77.f-torture/compile/20000511-2.f, -O0
FAIL: g77.f-torture/compile/20000511-2.f, -O1
FAIL: g77.f-torture/compile/980310-3.f, -O0
FAIL: g77.f-torture/compile/980310-3.f, -O1
FAIL: g77.f-torture/compile/980310-3.f, -O2
FAIL: g77.f-torture/compile/980310-3.f, -O3 -fomit-frame-pointer
FAIL: g77.f-torture/compile/980310-3.f, -O3 -fomit-frame-pointer -funroll-loops
FAIL: g77.f-torture/compile/980310-3.f, -O3 -fomit-frame-pointer -funroll-all-loops -finline-functions
FAIL: g77.f-torture/compile/980310-3.f, -O3 -g
FAIL: g77.f-torture/compile/980310-3.f, -Os
FAIL: g77.f-torture/execute/20010116.f compilation, -O0
FAIL: g77.f-torture/execute/20010116.f compilation, -O1
FAIL: g77.f-torture/execute/20010116.f compilation, -O2
FAIL: g77.f-torture/execute/20010116.f compilation, -O3 -fomit-frame-pointer
FAIL: g77.f-torture/execute/20010116.f compilation, -O3 -fomit-frame-pointer -funroll-loops
FAIL: g77.f-torture/execute/20010116.f compilation, -O3 -fomit-frame-pointer -funroll-all-loops -finline-functions
FAIL: g77.f-torture/execute/20010116.f compilation, -O3 -g
FAIL: g77.f-torture/execute/20010116.f compilation, -Os
FAIL: g77.f-torture/execute/970625-2.f compilation, -O1
=== g77 Summary ===
# of expected passes 1391
# of unexpected failures 67
# of expected failures 80
# of untested testcases 57
# of unsupported tests 9
/mmix/mmix/build/gcc/testsuite/../g77 version 3.2 20020529 (experimental)
Host is i686-pc-linux-gnu
=== gcc tests ===
Running target mmixware-sim
WARNING: program timed out.
FAIL: gcc.c-torture/compile/20001226-1.c, -Os
FAIL: gcc.c-torture/compile/20010202-1.c, -O1
FAIL: gcc.c-torture/compile/20010202-1.c, -O2
FAIL: gcc.c-torture/compile/20010202-1.c, -O3 -fomit-frame-pointer
FAIL: gcc.c-torture/compile/20010202-1.c, -O3 -g
FAIL: gcc.c-torture/compile/20010202-1.c, -Os
FAIL: gcc.c-torture/compile/20020210-1.c, -O1
FAIL: gcc.c-torture/compile/20020210-1.c, -O2
FAIL: gcc.c-torture/compile/20020210-1.c, -O3 -fomit-frame-pointer
FAIL: gcc.c-torture/compile/20020210-1.c, -O3 -g
FAIL: gcc.c-torture/compile/20020210-1.c, -Os
FAIL: gcc.c-torture/compile/950610-1.c, -O1
FAIL: gcc.c-torture/compile/950610-1.c, -O2
FAIL: gcc.c-torture/compile/950610-1.c, -O3 -fomit-frame-pointer
FAIL: gcc.c-torture/compile/950610-1.c, -O3 -g
FAIL: gcc.c-torture/compile/950610-1.c, -Os
FAIL: gcc.c-torture/execute/pure-1.c compilation, -O1
UNRESOLVED: gcc.c-torture/execute/pure-1.c execution, -O1
FAIL: gcc.c-torture/execute/pure-1.c compilation, -O2
UNRESOLVED: gcc.c-torture/execute/pure-1.c execution, -O2
FAIL: gcc.c-torture/execute/pure-1.c compilation, -O3 -fomit-frame-pointer
UNRESOLVED: gcc.c-torture/execute/pure-1.c execution, -O3 -fomit-frame-pointer
FAIL: gcc.c-torture/execute/pure-1.c compilation, -O3 -g
UNRESOLVED: gcc.c-torture/execute/pure-1.c execution, -O3 -g
FAIL: gcc.c-torture/execute/pure-1.c compilation, -Os
UNRESOLVED: gcc.c-torture/execute/pure-1.c execution, -Os
FAIL: cmdlne-dM-M.c: #define line not printed
XPASS: gcc.dg/c99-intconst-1.c (test for excess errors)
FAIL: gcc.dg/format/c99-scanf-1.c %hhd sign (test for warnings, line 143)
FAIL: gcc.dg/format/c99-scanf-1.c %hhu sign (test for warnings, line 144)
FAIL: gcc.dg/format/c99-scanf-1.c (test for excess errors)
FAIL: gcc.dg/format/ext-1.c printf_unlocked (test for warnings, line 125)
FAIL: gcc.dg/format/ext-1.c (test for excess errors)
=== gcc Summary ===
# of expected passes 18355
# of unexpected failures 27
# of unexpected successes 1
# of expected failures 73
# of unresolved testcases 5
# of unsupported tests 132
/mmix/mmix/build/gcc/xgcc version 3.2 20020529 (experimental)
Host is i686-pc-linux-gnu
=== objc tests ===
Running target mmixware-sim
=== objc Summary ===
# of expected passes 1035
# of expected failures 6
/mmix/mmix/build/gcc/xgcc version 3.2 20020529 (experimental)
Compiler version: 3.2 20020529 (experimental)
Platform: mmix-knuth-mmixware
configure flags: --host=i686-pc-linux-gnu --target=mmix --prefix=/mmix/mmix/install --disable-nls