This is the mail archive of the
gcc-testresults@gcc.gnu.org
mailing list for the GCC project.
Results for 3.1.1 20020527 (prerelease) testsuite on mips-sgi-irix6.5
- From: <aoliva at redhat dot com>
- To: gcc-testresults at gcc dot gnu dot org
- Date: Wed, 29 May 2002 07:07:31 -0700
- Subject: Results for 3.1.1 20020527 (prerelease) testsuite on mips-sgi-irix6.5
Native configuration is mips-sgi-irix6.5
=== binutils tests ===
Running target unix
ERROR: /home/aoliva/src/tool/egcs/binutils/testsuite/binutils-all/bintest.s: assembly failed
UNRESOLVED: ar symbol table
ERROR: /home/aoliva/src/tool/egcs/binutils/testsuite/binutils-all/bintest.s: assembly failed
ERROR: /home/aoliva/src/tool/egcs/binutils/testsuite/binutils-all/bintest.s: assembly failed
ERROR: unresolved 1
UNRESOLVED: objcopy (simple copy)
ERROR: /home/aoliva/src/tool/egcs/binutils/testsuite/binutils-all/bintest.s: assembly failed
ERROR: /home/aoliva/src/tool/egcs/binutils/testsuite/binutils-all/bintest.s: assembly failed
ERROR: unresolved 1
UNRESOLVED: readelf - failed to assemble
ERROR: /home/aoliva/src/tool/egcs/binutils/testsuite/binutils-all/bintest.s: assembly failed
=== binutils Summary ===
# of expected passes 2
# of unresolved testcases 3
=== g++ tests ===
Running target unix
=== g++ Summary ===
# of expected passes 7020
# of expected failures 96
# of untested testcases 23
# of unsupported tests 5
/es/scratch/aoliva/mips-sgi-irix6.5/egcs/gcc/testsuite/../g++ version 3.1.1 20020527 (prerelease)
=== g77 tests ===
Running target unix
=== g77 Summary ===
# of expected passes 1452
# of unsupported tests 8
/es/scratch/aoliva/mips-sgi-irix6.5/egcs/gcc/testsuite/../g77 version 3.1.1 20020527 (prerelease)
=== gcc tests ===
Running target unix
FAIL: gcc.c-torture/execute/20020307-2.c execution, -O0
FAIL: gcc.c-torture/execute/20020307-2.c execution, -O1
FAIL: gcc.c-torture/execute/20020307-2.c execution, -O2
FAIL: gcc.c-torture/execute/20020307-2.c execution, -O3 -fomit-frame-pointer
FAIL: gcc.c-torture/execute/20020307-2.c execution, -O3 -fomit-frame-pointer -funroll-loops
FAIL: gcc.c-torture/execute/20020307-2.c execution, -O3 -fomit-frame-pointer -funroll-all-loops -finline-functions
FAIL: gcc.c-torture/execute/20020307-2.c execution, -O3 -g
FAIL: gcc.c-torture/execute/20020307-2.c execution, -Os
=== gcc Summary ===
# of expected passes 18125
# of unexpected failures 8
# of expected failures 101
# of unsupported tests 122
/es/scratch/aoliva/mips-sgi-irix6.5/egcs/gcc/xgcc version 3.1.1 20020527 (prerelease)
=== libstdc++-v3 tests ===
Running target unix
XPASS: 22_locale/collate_members_wchar_t.cc execution test
XPASS: 22_locale/ctype_is_wchar_t.cc execution test
XPASS: 22_locale/money_get_members_wchar_t.cc execution test
XPASS: 22_locale/money_put_members_wchar_t.cc execution test
XPASS: 22_locale/moneypunct_members_wchar_t.cc execution test
XPASS: 22_locale/num_get_members_wchar_t.cc execution test
XPASS: 22_locale/num_put_members_wchar_t.cc execution test
XPASS: 22_locale/numpunct_members_wchar_t.cc execution test
XPASS: 22_locale/time_get_members_wchar_t.cc execution test
XPASS: 22_locale/time_put_members_wchar_t.cc execution test
FAIL: 27_io/ostream_inserter_arith.cc execution test
=== libstdc++-v3 Summary ===
# of expected passes 381
# of unexpected failures 1
# of unexpected successes 10
# of expected failures 16
# of unsupported tests 6
=== objc tests ===
Running target unix
=== objc Summary ===
# of expected passes 1035
# of expected failures 6
/es/scratch/aoliva/mips-sgi-irix6.5/egcs/gcc/xgcc version 3.1.1 20020527 (prerelease)
Compiler version: 3.1.1 20020527 (prerelease)
Platform: mips-sgi-irix6.5
BOOT_CFLAGS: -g -O9 -W -Wall
Counting all warnings,
there are 192 warnings in stage3 of this bootstrap.
Number of warnings per file:
96 libiberty/md5.c
68 libiberty/regex.c
8 cc1
6 gcc/unwind-pe.h
4 libiberty/getopt.c
2 libsupc++/eh_terminate.cc
2 libf2c/libI77/open.c
2 include/xregex2.h
2 cxa_demangle.c
2 config.h
Number of warning types:
64 traditional C rejects string concatenation
32 function-like macro `FI' must be used with arguments in traditional C
32 function-like macro `FH' must be used with arguments in traditional C
32 function-like macro `FG' must be used with arguments in traditional C
6 unused parameter `???'
4 ignoring command line option '-fno-implicit-templates'
4 control reaches end of
4 (it is valid for C++ but not the selected language)
2 this is the location of the previous definition
2 signed and unsigned type in conditional expression
2 `noreturn'
2 `_XOPEN_SOURCE' redefined
2 `???' defined but not used
2 `???'
2 ISO C89 does not support `static' or type qualifiers in parameter array declarators