This is the mail archive of the
gcc-testresults@gcc.gnu.org
mailing list for the GCC project.
Results for 3.1 testsuite on alpha-dec-osf4.0f
- From: Rainer Orth <ro at TechFak dot Uni-Bielefeld dot DE>
- To: gcc-testresults at gcc dot gnu dot org
- Date: Fri, 17 May 2002 23:00:40 +0200 (MET DST)
- Subject: Results for 3.1 testsuite on alpha-dec-osf4.0f
LAST_UPDATED: Wed May 15 10:43:33 UTC 2002
Native configuration is alpha-dec-osf4.0f
=== libjava tests ===
Running target unix
FAIL: cxxtest.c compilation
FAIL: invokethrow execution from source compiled test
FAIL: invokethrow execution from bytecode->native test
FAIL: invokethrow -O execution from source compiled test
FAIL: invokethrow -O execution from bytecode->native test
FAIL: TLtest compilation from bytecode
FAIL: TLtest -O compilation from bytecode
FAIL: Throw_2 execution from source compiled test
FAIL: Throw_2 execution from bytecode->native test
FAIL: Throw_2 -O execution from source compiled test
FAIL: Throw_2 -O execution from bytecode->native test
=== libjava Summary ===
# of expected passes 1974
# of unexpected failures 11
# of expected failures 18
# of untested testcases 102
=== libstdc++-v3 tests ===
Running target unix
XPASS: 22_locale/collate_members_wchar_t.cc execution test
XPASS: 22_locale/money_get_members_wchar_t.cc execution test
XPASS: 22_locale/money_put_members_wchar_t.cc execution test
XPASS: 22_locale/moneypunct_members_wchar_t.cc execution test
XPASS: 22_locale/num_get_members_wchar_t.cc execution test
XPASS: 22_locale/num_put_members_wchar_t.cc execution test
XPASS: 22_locale/numpunct_members_wchar_t.cc execution test
XPASS: 22_locale/time_get_members_wchar_t.cc execution test
XPASS: 22_locale/time_put_members_wchar_t.cc execution test
FAIL: 27_io/istream_extractor_arith.cc execution test
=== libstdc++-v3 Summary ===
# of expected passes 362
# of unexpected failures 1
# of unexpected successes 9
# of expected failures 16
# of unsupported tests 6
=== g++ tests ===
Running target unix
FAIL: g++.dg/special/conpr-1.C execution test
FAIL: g++.dg/special/conpr-2.C execution test
FAIL: g++.dg/special/conpr-3.C execution test
FAIL: g++.dg/special/conpr-3.C execution test
FAIL: g++.dg/special/initp1.C execution test
=== g++ Summary ===
# of expected passes 7156
# of unexpected failures 5
# of expected failures 90
# of untested testcases 22
# of unsupported tests 4
/amnt/figaro/volumes/obj-gcc/gcc/obj.alpha/gcc-3.1/4.0f-gcc-ada/gcc/testsuite/../g++ version 3.1
=== g77 tests ===
Running target unix
=== g77 Summary ===
# of expected passes 1452
# of unsupported tests 8
/amnt/figaro/volumes/obj-gcc/gcc/obj.alpha/gcc-3.1/4.0f-gcc-ada/gcc/testsuite/../g77 version 3.1
=== gcc tests ===
Running target unix
FAIL: gcc.c-torture/compile/20001226-1.c, -O2
FAIL: gcc.c-torture/compile/20001226-1.c, -O3 -fomit-frame-pointer
FAIL: gcc.c-torture/compile/20001226-1.c, -O3 -g
FAIL: gcc.c-torture/compile/20001226-1.c, -Os
FAIL: gcc.c-torture/compile/labels-3.c, -O0
FAIL: gcc.c-torture/compile/labels-3.c, -O1
FAIL: gcc.c-torture/compile/labels-3.c, -O2
FAIL: gcc.c-torture/compile/labels-3.c, -O3 -fomit-frame-pointer
FAIL: gcc.c-torture/compile/labels-3.c, -O3 -g
FAIL: gcc.c-torture/compile/labels-3.c, -Os
FAIL: gcc.dg/cpp/wchar-1.c execution test
XPASS: gcc.dg/c99-intconst-1.c (test for excess errors)
FAIL: gcc.dg/inline-2.c scan-assembler bsr
FAIL: gcc.dg/weak-5.c (test for excess errors)
=== gcc Summary ===
# of expected passes 18220
# of unexpected failures 13
# of unexpected successes 1
# of expected failures 76
# of unsupported tests 116
/amnt/figaro/volumes/obj-gcc/gcc/obj.alpha/gcc-3.1/4.0f-gcc-ada/gcc/xgcc version 3.1
=== objc tests ===
Running target unix
=== objc Summary ===
# of expected passes 1036
# of expected failures 6
/amnt/figaro/volumes/obj-gcc/gcc/obj.alpha/gcc-3.1/4.0f-gcc-ada/gcc/xgcc version 3.1
Compiler version: 3.1
Platform: alpha-dec-osf4.0f
configure flags: --host=alpha-dec-osf4.0f --prefix=/vol/gnu --with-local-prefix=/vol/gnu --disable-nls