This is the mail archive of the
gcc-testresults@gcc.gnu.org
mailing list for the GCC project.
Results for 3.1 testsuite on powerpc-unknown-linux-gnu
- From: Carl Eugen Hoyos <ceh at cg dot tuwien dot ac dot at>
- To: gcc-testresults at gcc dot gnu dot org
- Date: Fri, 17 May 2002 21:30:47 +0200
- Subject: Results for 3.1 testsuite on powerpc-unknown-linux-gnu
This computer is an Apple G3 400 running SuSE Linux 7.0
I used configure ... --with-cpu=750 --enable-threads
Native configuration is powerpc-unknown-linux-gnu
=== gcc tests ===
Running target unix
FAIL: gcc.dg/20020103-1.c scan-assembler-not LC
FAIL: gcc.dg/20020118-1.c execution test
=== gcc Summary ===
# of expected passes 18268
# of unexpected failures 2
# of expected failures 63
# of unsupported tests 104
/ceh/gcc31/gcc/xgcc version 3.1
=== objc tests ===
Running target unix
=== objc Summary ===
# of expected passes 1036
# of expected failures 6
/ceh/gcc31/gcc/xgcc version 3.1
Compiler version: 3.1
Platform: powerpc-unknown-linux-gnu