This is the mail archive of the
gcc-testresults@gcc.gnu.org
mailing list for the GCC project.
Results for 3.1 testsuite on sparc-sun-solaris2.8
- From: Jay Konopka <jay at genomes dot rockefeller dot edu>
- To: gcc-testresults at gcc dot gnu dot org
- Date: Fri, 17 May 2002 11:59:27 -0400 (EDT)
- Subject: Results for 3.1 testsuite on sparc-sun-solaris2.8
LAST_UPDATED:
Native configuration is sparc-sun-solaris2.8
=== g++ tests ===
Running target unix
FAIL: g++.dg/special/conpr-2.C execution test
FAIL: g++.dg/special/conpr-3.C execution test
FAIL: g++.dg/special/initp1.C execution test
=== g++ Summary ===
# of expected passes 7166
# of unexpected failures 3
# of expected failures 88
# of untested testcases 21
# of unsupported tests 3
/build/gccbuild/gcc/testsuite/../g++ version 3.1
=== g77 tests ===
Running target unix
=== g77 Summary ===
# of expected passes 1452
# of unsupported tests 8
/build/gccbuild/gcc/testsuite/../g77 version 3.1
=== gcc tests ===
Running target unix
FAIL: gcc.dg/special/gcsec-1.c (test for excess errors)
WARNING: gcc.dg/special/gcsec-1.c compilation failed to produce executable
=== gcc Summary ===
# of expected passes 18262
# of unexpected failures 1
# of expected failures 63
# of unsupported tests 107
/build/gccbuild/gcc/xgcc version 3.1
=== objc tests ===
Running target unix
=== objc Summary ===
# of expected passes 1036
# of expected failures 6
/build/gccbuild/gcc/xgcc version 3.1
=== libjava tests ===
Running target unix
FAIL: FileHandleGcTest execution from source compiled test
FAIL: FileHandleGcTest execution from bytecode->native test
FAIL: FileHandleGcTest -O execution from source compiled test
FAIL: FileHandleGcTest -O execution from bytecode->native test
FAIL: Thread_Sleep output from bytecode->native test
FAIL: Throw_2 execution from source compiled test
FAIL: Throw_2 execution from bytecode->native test
FAIL: Throw_2 -O execution from source compiled test
FAIL: Throw_2 -O execution from bytecode->native test
=== libjava Summary ===
# of expected passes 2058
# of unexpected failures 9
# of expected failures 18
# of untested testcases 22
=== libstdc++-v3 tests ===
Running target unix
XPASS: 22_locale/collate_members_wchar_t.cc execution test
XPASS: 22_locale/money_get_members_wchar_t.cc execution test
XPASS: 22_locale/money_put_members_wchar_t.cc execution test
XPASS: 22_locale/moneypunct_members_wchar_t.cc execution test
XPASS: 22_locale/num_get_members_wchar_t.cc execution test
XPASS: 22_locale/num_put_members_wchar_t.cc execution test
XPASS: 22_locale/numpunct_members_wchar_t.cc execution test
XPASS: 22_locale/time_get_members_wchar_t.cc execution test
XPASS: 22_locale/time_put_members_wchar_t.cc execution test
FAIL: 27_io/istream_extractor_arith.cc execution test
=== libstdc++-v3 Summary ===
# of expected passes 374
# of unexpected failures 1
# of unexpected successes 9
# of expected failures 16
Compiler version: 3.1
Platform: sparc-sun-solaris2.8
configure flags: --host=sparc-sun-solaris2.8 --enable-shared --with-as=/usr/ccs/bin/as --with-ld=/usr/ccs/bin/ld