This is the mail archive of the
gcc-testresults@gcc.gnu.org
mailing list for the GCC project.
Results for 3.1 testsuite on i686-pc-linux-gnu
- From: Jeffrey Stephens <jeffs at dt1c1n27 dot tampabay dot rr dot com>
- To: gcc-testresults at gcc dot gnu dot org
- Date: Thu, 16 May 2002 16:23:16 -0400
- Subject: Results for 3.1 testsuite on i686-pc-linux-gnu
Here are the results of running the testsuite on
my Redhat 6.2 Linux installation with the following
environment:
processor Pentium II - 233MHz
ram 128MB
kernel 2.2.14-5.0
glibc 2.1
make 3.79.1
texinfo 4.2
binutils 2.9.5.0.22-6 *note-current release is 2.12 but I have
not yet installed it.
dejagnu 1.4.2 *note-I didn't install dejagnu until after
completing the make of gcc-3.1 so it
was not installed during "./configure". I
don't know whether this would make a
difference
gettext 0.10.35 *note-current release is 0.11.2 but I have
not installed it
Regards,
Jeff Stephens
jsteve17@tampabay.rr.com
LAST_UPDATED:
Native configuration is i686-pc-linux-gnu
=== gcc tests ===
Running target unix
FAIL: gcc.c-torture/execute/20020307-2.c execution, -O1
FAIL: gcc.c-torture/execute/20020307-2.c execution, -O2
FAIL: gcc.c-torture/execute/20020307-2.c execution, -O3 -fomit-frame-pointer
FAIL: gcc.c-torture/execute/20020307-2.c execution, -O3 -fomit-frame-pointer -funroll-loops
FAIL: gcc.c-torture/execute/20020307-2.c execution, -O3 -fomit-frame-pointer -funroll-all-loops -finline-functions
FAIL: gcc.c-torture/execute/20020307-2.c execution, -O3 -g
FAIL: gcc.c-torture/execute/20020402-1.c execution, -Os
=== gcc Summary ===
# of expected passes 18405
# of unexpected failures 7
# of expected failures 70
# of unsupported tests 43
/home/jeffs/downloads/gcc-build/gcc/xgcc version 3.1
=== g++ tests ===
Running target unix
=== g++ Summary ===
# of expected passes 7184
# of expected failures 88
# of untested testcases 9
# of unsupported tests 3
/home/jeffs/downloads/gcc-build/gcc/testsuite/../g++ version 3.1
=== libstdc++-v3 tests ===
Running target unix
XPASS: 22_locale/collate_members_wchar_t.cc execution test
XPASS: 22_locale/money_get_members_wchar_t.cc execution test
XPASS: 22_locale/money_put_members_wchar_t.cc execution test
XPASS: 22_locale/moneypunct_members_wchar_t.cc execution test
XPASS: 22_locale/num_get_members_wchar_t.cc execution test
XPASS: 22_locale/num_put_members_wchar_t.cc execution test
XPASS: 22_locale/numpunct_members_wchar_t.cc execution test
XPASS: 22_locale/time_get_members_wchar_t.cc execution test
XPASS: 22_locale/time_put_members_wchar_t.cc execution test
FAIL: 26_numerics/c99_classification_macros_c.cc (test for excess errors)
WARNING: program timed out.
FAIL: thread/pthread4.cc execution test
=== libstdc++-v3 Summary ===
# of expected passes 373
# of unexpected failures 2
# of unexpected successes 9
# of expected failures 16
Compiler version: 3.1
Platform: i686-pc-linux-gnu
configure flags: --host=i686-pc-linux-gnu --prefix=/usr --enable-shared --enable-threads