This is the mail archive of the
gcc-testresults@gcc.gnu.org
mailing list for the GCC project.
Results for 3.1 testsuite on i686-pc-linux-gnu
- From: Kurt Wall <kwall at kurtwerks dot com>
- To: gcc-testresults at gcc dot gnu dot org
- Date: Thu, 16 May 2002 06:41:48 -0400
- Subject: Results for 3.1 testsuite on i686-pc-linux-gnu
Reading specs from /usr/lib/gcc-lib/i686-pc-linux-gnu/3.1/specs
Configured with: ../gcc-3.1/configure --prefix=/usr --enable-threads --srcdir=../gcc-3.1 --enable-languages=c,c++ --disable-nls --enable-shared
Thread model: posix
gcc version 3.1
GNU libc 2.2.3
Linux marta2 2.4.5 #6 Fri Jun 22 01:38:20 PDT 2001 i686 unknown
Slackware 8.0.0 (åtta)
cat <<'EOF' |
LAST_UPDATED:
Native configuration is i686-pc-linux-gnu
=== g++ tests ===
Running target unix
FAIL: g++.eh/spec6.C (test for excess errors)
=== g++ Summary ===
# of expected passes 7183
# of unexpected failures 1
# of expected failures 88
# of untested testcases 9
# of unsupported tests 3
/usr/local/src/build/gcc/testsuite/../g++ version 3.1
=== gcc tests ===
Running target unix
FAIL: gcc.c-torture/execute/20020307-2.c execution, -O1
FAIL: gcc.c-torture/execute/20020307-2.c execution, -O2
FAIL: gcc.c-torture/execute/20020307-2.c execution, -O3 -fomit-frame-pointer
FAIL: gcc.c-torture/execute/20020307-2.c execution, -O3 -fomit-frame-pointer -funroll-loops
FAIL: gcc.c-torture/execute/20020307-2.c execution, -O3 -fomit-frame-pointer -funroll-all-loops -finline-functions
FAIL: gcc.c-torture/execute/20020307-2.c execution, -O3 -g
FAIL: gcc.c-torture/execute/20020402-1.c execution, -Os
FAIL: gcc.dg/format/ext-3.c bad %-_ (test for warnings, line 211)
FAIL: gcc.dg/format/ext-3.c bad %-0 (test for warnings, line 212)
FAIL: gcc.dg/format/ext-3.c bad %_0 (test for warnings, line 213)
FAIL: gcc.dg/format/ext-3.c bad %^# (test for warnings, line 215)
FAIL: gcc.dg/format/ext-3.c (test for excess errors)
=== gcc Summary ===
# of expected passes 18400
# of unexpected failures 12
# of expected failures 70
# of unsupported tests 43
/usr/local/src/build/gcc/xgcc version 3.1
=== libstdc++-v3 tests ===
Running target unix
XPASS: 22_locale/time_put_members_char.cc execution test
XPASS: 22_locale/time_put_members_wchar_t.cc execution test
FAIL: 26_numerics/c99_classification_macros_c.cc (test for excess errors)
=== libstdc++-v3 Summary ===
# of expected passes 374
# of unexpected failures 1
# of unexpected successes 2
# of expected failures 23
Compiler version: 3.1
Platform: i686-pc-linux-gnu
configure flags: --host=i686-pc-linux-gnu --prefix=/usr --enable-threads --srcdir=../gcc-3.1 --enable-languages=c,c++ --disable-nls --enable-shared
EOF
Mail -s "Results for 3.1 testsuite on i686-pc-linux-gnu" gcc-testresults@gcc.gnu.org &&
mv /usr/local/src/build/./gcc/testsuite/g++.sum /usr/local/src/build/./gcc/testsuite/g++.sum.sent &&
mv /usr/local/src/build/./gcc/testsuite/gcc.sum /usr/local/src/build/./gcc/testsuite/gcc.sum.sent &&
mv /usr/local/src/build/./i686-pc-linux-gnu/libstdc++-v3/testsuite/libstdc++-v3.sum /usr/local/src/build/./i686-pc-linux-gnu/libstdc++-v3/testsuite/libstdc++-v3.sum.sent &&
mv /usr/local/src/build/./gcc/testsuite/g++.log /usr/local/src/build/./gcc/testsuite/g++.log.sent &&
mv /usr/local/src/build/./gcc/testsuite/gcc.log /usr/local/src/build/./gcc/testsuite/gcc.log.sent &&
mv /usr/local/src/build/./i686-pc-linux-gnu/libstdc++-v3/testsuite/libstdc++-v3.log /usr/local/src/build/./i686-pc-linux-gnu/libstdc++-v3/testsuite/libstdc++-v3.log.sent &&
true