This is the mail archive of the
gcc-testresults@gcc.gnu.org
mailing list for the GCC project.
Results for 3.1 20020506 (prerelease) testsuite on powerpc-ibm-aix4.1.5.0
- From: Alexandre Oliva <oliva at lsd dot ic dot unicamp dot br>
- To: gcc-testresults at gcc dot gnu dot org
- Date: Sun, 12 May 2002 21:12:27 -0200
- Subject: Results for 3.1 20020506 (prerelease) testsuite on powerpc-ibm-aix4.1.5.0
Native configuration is powerpc-ibm-aix4.1.5.0
=== binutils tests ===
Running target unix
FAIL: strip with saving a symbol
FAIL: run stripped executable with saving a symbol
=== binutils Summary ===
# of expected passes 21
# of unexpected failures 2
# of expected failures 3
=== g++ tests ===
Running target unix
FAIL: g++.dg/bprob/bprob-1.C execution, -g -fprofile-arcs
FAIL: g++.dg/bprob/bprob-1.C execution, -O0 -fprofile-arcs
FAIL: g++.dg/bprob/bprob-1.C execution, -O1 -fprofile-arcs
FAIL: g++.dg/bprob/bprob-1.C execution, -O2 -fprofile-arcs
FAIL: g++.dg/bprob/bprob-1.C execution, -O3 -fprofile-arcs
FAIL: g++.dg/bprob/bprob-1.C execution, -O3 -g -fprofile-arcs
FAIL: g++.dg/bprob/bprob-1.C execution, -Os -fprofile-arcs
FAIL: g++.dg/debug/trivial.C execution test
FAIL: g++.dg/debug/trivial.C execution test
FAIL: g++.dg/debug/trivial.C execution test
FAIL: g++.dg/debug/trivial.C execution test
FAIL: g++.dg/debug/trivial.C execution test
FAIL: g++.dg/debug/trivial.C execution test
FAIL: g++.dg/debug/trivial.C execution test
FAIL: g++.dg/debug/trivial.C execution test
FAIL: g++.dg/debug/trivial.C execution test
FAIL: g++.dg/debug/trivial.C execution test
FAIL: g++.dg/debug/trivial.C execution test
FAIL: g++.dg/debug/trivial.C execution test
FAIL: g++.dg/debug/trivial.C execution test
FAIL: g++.dg/debug/trivial.C execution test
FAIL: g++.dg/debug/trivial.C execution test
FAIL: g++.dg/debug/trivial.C execution test
FAIL: g++.dg/debug/trivial.C execution test
FAIL: g++.dg/debug/trivial.C execution test
FAIL: g++.dg/abi/bitfield1.C execution test
FAIL: g++.dg/abi/bitfield2.C execution test
FAIL: g++.dg/abi/empty4.C execution test
FAIL: g++.dg/abi/enum1.C execution test
FAIL: g++.dg/abi/mangle2.C execution test
FAIL: g++.dg/abi/offsetof.C execution test
FAIL: g++.dg/abi/vbase8-10.C (test for excess errors)
FAIL: g++.dg/abi/vbase8-21.C (test for excess errors)
FAIL: g++.dg/abi/vbase8-22.C (test for excess errors)
FAIL: g++.dg/abi/vbase8-4.C (test for excess errors)
FAIL: g++.dg/abi/vthunk1.C (test for excess errors)
FAIL: g++.dg/eh/ctor1.C (test for excess errors)
FAIL: g++.dg/eh/ctor2.C (test for excess errors)
FAIL: g++.dg/eh/dtor1.C (test for excess errors)
FAIL: g++.dg/eh/filter1.C (test for excess errors)
FAIL: g++.dg/eh/filter2.C (test for excess errors)
FAIL: g++.dg/eh/loop1.C (test for excess errors)
FAIL: g++.dg/eh/new1.C (test for excess errors)
FAIL: g++.dg/eh/omit-frame-pointer.C (test for excess errors)
FAIL: g++.dg/eh/registers1.C (test for excess errors)
FAIL: g++.dg/eh/spec3.C (test for excess errors)
FAIL: g++.dg/eh/template1.C (test for excess errors)
FAIL: g++.dg/eh/unexpected1.C (test for excess errors)
FAIL: g++.dg/ext/asm1.C (test for excess errors)
FAIL: g++.dg/ext/attrib3.C execution test
FAIL: g++.dg/gcov/gcov-1.C execution test
=== g++ Summary ===
# of expected passes 226
# of unexpected failures 51
# of expected failures 1
# of unresolved testcases 15
# of unsupported tests 1
/tmp/egcs/gcc/testsuite/../g++ version 3.1 20020506 (prerelease)
=== g77 tests ===
Running target unix
FAIL: g77.dg/pr5473.f incorrect type (test for errors, line 14)
FAIL: g77.dg/pr5473.f (test for excess errors)
FAIL: g77.dg/pr5473.f incorrect type (test for errors, line 14)
FAIL: g77.dg/pr5473.f (test for excess errors)
FAIL: g77.f-torture/execute/6367.f execution, -O0
FAIL: g77.f-torture/execute/6367.f execution, -O1
FAIL: g77.f-torture/execute/6367.f execution, -O2
FAIL: g77.f-torture/execute/6367.f execution, -O3 -fomit-frame-pointer
FAIL: g77.f-torture/execute/6367.f execution, -O3 -fomit-frame-pointer -funroll-loops
FAIL: g77.f-torture/execute/6367.f execution, -O3 -fomit-frame-pointer -funroll-all-loops -finline-functions
FAIL: g77.f-torture/execute/6367.f execution, -O3 -g
FAIL: g77.f-torture/execute/6367.f execution, -Os
=== g77 Summary ===
# of expected passes 1614
# of unexpected failures 12
# of unsupported tests 8
/tmp/egcs/gcc/testsuite/../g77 version 3.1 20020506 (prerelease)
=== gcc tests ===
Running target unix
FAIL: gcc.c-torture/compile/20001226-1.c, -O0
FAIL: gcc.c-torture/compile/20001226-1.c, -O1
FAIL: gcc.c-torture/compile/20001226-1.c, -O2
FAIL: gcc.c-torture/compile/20001226-1.c, -O3 -fomit-frame-pointer
FAIL: gcc.c-torture/compile/20001226-1.c, -O3 -g
FAIL: gcc.c-torture/compile/20001226-1.c, -Os
FAIL: gcc.c-torture/execute/20020307-2.c execution, -O0
FAIL: gcc.c-torture/execute/20020307-2.c execution, -O1
FAIL: gcc.c-torture/execute/20020307-2.c execution, -O2
FAIL: gcc.c-torture/execute/20020307-2.c execution, -O3 -fomit-frame-pointer
FAIL: gcc.c-torture/execute/20020307-2.c execution, -O3 -fomit-frame-pointer -funroll-loops
FAIL: gcc.c-torture/execute/20020307-2.c execution, -O3 -fomit-frame-pointer -funroll-all-loops -finline-functions
FAIL: gcc.c-torture/execute/20020307-2.c execution, -O3 -g
FAIL: gcc.c-torture/execute/20020307-2.c execution, -Os
FAIL: gcc.c-torture/execute/20020412-1.c execution, -O0
FAIL: gcc.c-torture/execute/20020412-1.c execution, -O1
FAIL: gcc.c-torture/execute/20020412-1.c execution, -O2
FAIL: gcc.c-torture/execute/20020412-1.c execution, -O3 -fomit-frame-pointer
FAIL: gcc.c-torture/execute/20020412-1.c execution, -O3 -fomit-frame-pointer -funroll-loops
FAIL: gcc.c-torture/execute/20020412-1.c execution, -O3 -fomit-frame-pointer -funroll-all-loops -finline-functions
FAIL: gcc.c-torture/execute/20020412-1.c execution, -O3 -g
FAIL: gcc.c-torture/execute/20020412-1.c execution, -Os
FAIL: gcc.c-torture/execute/eeprof-1.c execution, -O0
FAIL: gcc.c-torture/execute/eeprof-1.c execution, -O1
FAIL: gcc.c-torture/execute/eeprof-1.c execution, -O2
FAIL: gcc.c-torture/execute/eeprof-1.c execution, -O3 -fomit-frame-pointer
FAIL: gcc.c-torture/execute/eeprof-1.c execution, -O3 -g
FAIL: gcc.c-torture/execute/eeprof-1.c execution, -Os
FAIL: gcc.c-torture/execute/memset-2.c compilation, -O3 -fomit-frame-pointer -funroll-loops
FAIL: gcc.c-torture/execute/memset-2.c compilation, -O3 -fomit-frame-pointer -funroll-all-loops -finline-functions
FAIL: gcc.c-torture/execute/string-opt-17.c execution, -O1
FAIL: gcc.c-torture/execute/string-opt-17.c execution, -O2
FAIL: gcc.c-torture/execute/string-opt-17.c execution, -O3 -fomit-frame-pointer
FAIL: gcc.c-torture/execute/string-opt-17.c execution, -O3 -g
FAIL: gcc.c-torture/execute/string-opt-17.c execution, -Os
FAIL: gcc.c-torture/execute/ieee/20010114-2.c execution, -O1
FAIL: gcc.c-torture/execute/ieee/20010114-2.c execution, -O2
FAIL: gcc.c-torture/execute/ieee/20010114-2.c execution, -Os
FAIL: gcc.c-torture/execute/ieee/980619-1.c execution, -O1
FAIL: gcc.c-torture/execute/ieee/980619-1.c execution, -O2
FAIL: gcc.c-torture/execute/ieee/980619-1.c execution, -O3 -fomit-frame-pointer
FAIL: gcc.c-torture/execute/ieee/980619-1.c execution, -O3 -fomit-frame-pointer -funroll-loops
FAIL: gcc.c-torture/execute/ieee/980619-1.c execution, -O3 -fomit-frame-pointer -funroll-all-loops -finline-functions
FAIL: gcc.c-torture/execute/ieee/980619-1.c execution, -O3 -g
FAIL: gcc.c-torture/execute/ieee/980619-1.c execution, -Os
FAIL: gcc.c-torture/execute/ieee/20010114-2.c execution, -O1
FAIL: gcc.c-torture/execute/ieee/20010114-2.c execution, -O2
FAIL: gcc.c-torture/execute/ieee/20010114-2.c execution, -Os
FAIL: gcc.c-torture/execute/ieee/980619-1.c execution, -O1
FAIL: gcc.c-torture/execute/ieee/980619-1.c execution, -O2
FAIL: gcc.c-torture/execute/ieee/980619-1.c execution, -O3 -fomit-frame-pointer
FAIL: gcc.c-torture/execute/ieee/980619-1.c execution, -O3 -fomit-frame-pointer -funroll-loops
FAIL: gcc.c-torture/execute/ieee/980619-1.c execution, -O3 -fomit-frame-pointer -funroll-all-loops -finline-functions
FAIL: gcc.c-torture/execute/ieee/980619-1.c execution, -O3 -g
FAIL: gcc.c-torture/execute/ieee/980619-1.c execution, -Os
FAIL: gcc.dg/cpp/charconst-3.c (test for excess errors)
FAIL: gcc.dg/cpp/endif-pedantic1.c bad warning (test for bogus messages, line 14)
FAIL: gcc.dg/cpp/endif-pedantic1.c bad warning (test for bogus messages, line 15)
FAIL: gcc.dg/cpp/extratokens2.c bad warning (test for bogus messages, line 14)
FAIL: gcc.dg/cpp/extratokens2.c bad warning (test for bogus messages, line 15)
FAIL: gcc.dg/cpp/mac-dir-1.c (test for excess errors)
FAIL: gcc.dg/cpp/mac-dir-2.c (test for warnings, line 14)
FAIL: gcc.dg/cpp/mac-dir-2.c (test for excess errors)
FAIL: gcc.dg/cpp/maccom1.c (test for excess errors)
FAIL: gcc.dg/cpp/maccom2.c (test for excess errors)
FAIL: gcc.dg/cpp/maccom3.c (test for excess errors)
FAIL: gcc.dg/cpp/maccom4.c (test for excess errors)
FAIL: maccom4.c: comment in macro expansion with -CC
FAIL: gcc.dg/cpp/maccom5.c (test for excess errors)
FAIL: maccom5.c: C++ comment in macro expansion with -CC
FAIL: gcc.dg/cpp/maccom6.c (test for excess errors)
FAIL: gcc.dg/cpp/poison.c use of foo6 (test for errors, line 23)
FAIL: gcc.dg/cpp/poison.c (test for excess errors)
FAIL: gcc.dg/cpp/redef2.c prev def va (test for warnings, line 14)
FAIL: gcc.dg/cpp/redef2.c (test for excess errors)
FAIL: gcc.dg/cpp/tr-warn6.c traditional stringification (test for warnings, line 13)
FAIL: gcc.dg/cpp/tr-warn6.c (test for excess errors)
FAIL: gcc.dg/cpp/wchar-1.c execution test
FAIL: gcc.dg/20020103-1.c scan-assembler-not LC
FAIL: gcc.dg/20020118-1.c execution test
FAIL: gcc.dg/20020312-2.c (test for excess errors)
FAIL: gcc.dg/20020425-1.c (test for excess errors)
FAIL: gcc.dg/Wswitch-default.c (test for warnings, line 14)
FAIL: gcc.dg/Wswitch-default.c (test for warnings, line 22)
FAIL: gcc.dg/Wswitch-default.c (test for warnings, line 31)
FAIL: gcc.dg/Wswitch-default.c (test for warnings, line 41)
FAIL: gcc.dg/Wswitch-default.c (test for warnings, line 53)
FAIL: gcc.dg/Wswitch-default.c (test for excess errors)
FAIL: gcc.dg/Wswitch-enum.c enum e1 (test for warnings, line 23)
FAIL: gcc.dg/Wswitch-enum.c enum e2 (test for warnings, line 23)
FAIL: gcc.dg/Wswitch-enum.c enum e1 (test for warnings, line 28)
FAIL: gcc.dg/Wswitch-enum.c enum e2 (test for warnings, line 28)
FAIL: gcc.dg/Wswitch-enum.c enum e2 (test for warnings, line 32)
FAIL: gcc.dg/Wswitch-enum.c enum e2 (test for warnings, line 37)
FAIL: gcc.dg/Wswitch-enum.c excess 3 (test for warnings, line 54)
FAIL: gcc.dg/Wswitch-enum.c excess 3 (test for warnings, line 61)
FAIL: gcc.dg/Wswitch-enum.c (test for excess errors)
FAIL: gcc.dg/altivec-7.c (test for excess errors)
FAIL: gcc.dg/altivec-8.c (test for excess errors)
FAIL: gcc.dg/asm-fs-1.c scan-assembler-not \*_bar
FAIL: gcc.dg/asm-names.c (test for excess errors)
FAIL: gcc.dg/attr-invalid.c (test for warnings, line 52)
FAIL: gcc.dg/attr-invalid.c (test for warnings, line 55)
FAIL: gcc.dg/attr-invalid.c (test for warnings, line 56)
FAIL: gcc.dg/attr-invalid.c (test for excess errors)
FAIL: gcc.dg/c90-array-lval-3.c array not decaying to lvalue (test for errors, line 23)
FAIL: gcc.dg/c90-array-lval-3.c (test for excess errors)
FAIL: gcc.dg/c90-init-1.c (test for errors, line 22)
FAIL: gcc.dg/c90-init-1.c (test for excess errors)
FAIL: gcc.dg/c99-complit-2.c array bad init (test for errors, line 66)
FAIL: gcc.dg/c99-complit-2.c (test for excess errors)
FAIL: gcc.dg/c99-float-1.c (test for excess errors)
FAIL: gcc.dg/c99-tag-1.c wrong tag type (test for errors, line 129)
FAIL: gcc.dg/c99-tag-1.c wrong tag type (test for errors, line 131)
FAIL: gcc.dg/c99-tag-1.c wrong tag type (test for errors, line 142)
FAIL: gcc.dg/c99-tag-1.c wrong tag type (test for errors, line 147)
FAIL: gcc.dg/c99-tag-1.c (test for excess errors)
FAIL: gcc.dg/c99-vla-1.c (test for bogus messages, line 8)
FAIL: gcc.dg/compare6.c unsigned (test for warnings, line 12)
FAIL: gcc.dg/concat2.c (test for excess errors)
FAIL: gcc.dg/lvalue1.c (test for errors, line 7)
FAIL: gcc.dg/unordered-1.c (test for errors, line 7)
FAIL: gcc.dg/unordered-1.c (test for errors, line 16)
FAIL: gcc.dg/unordered-1.c (test for errors, line 17)
FAIL: gcc.dg/unordered-1.c (test for excess errors)
FAIL: gcc.dg/unused-4.c (test for warnings, line 4)
FAIL: gcc.dg/unused-4.c (test for warnings, line 5)
FAIL: gcc.dg/format/c90-scanf-2.c %A in C90 (test for warnings, line 24)
FAIL: gcc.dg/format/c90-scanf-2.c %A in C90 (test for warnings, line 24)
FAIL: gcc.dg/format/c99-printf-2.c printf $ format (test for warnings, line 29)
FAIL: gcc.dg/format/c99-printf-2.c printf I flag (test for warnings, line 31)
FAIL: gcc.dg/format/c99-printf-3.c vsnprintf (test for warnings, line 32)
FAIL: gcc.dg/format/c99-printf-3.c (test for excess errors)
FAIL: gcc.dg/format/xopen-2.c bogus too few dollar (test for bogus messages, line 19)
FAIL: gcc.dg/format/xopen-2.c bogus too few vprintf (test for bogus messages, line 20)
FAIL: gcc.dg/format/xopen-2.c bogus too few dollar (test for bogus messages, line 19)
FAIL: gcc.dg/format/xopen-2.c bogus too few vprintf (test for bogus messages, line 20)
FAIL: gcc.dg/noncompile/990416-1.c (test for excess errors)
FAIL: gcc.dg/noncompile/990416-1.c (test for excess errors)
FAIL: gcc.dg/noncompile/990416-1.c (test for excess errors)
FAIL: gcc.dg/noncompile/990416-1.c (test for excess errors)
FAIL: gcc.dg/noncompile/990416-1.c (test for excess errors)
=== gcc Summary ===
# of expected passes 18431
# of unexpected failures 142
# of expected failures 66
# of unresolved testcases 2
# of unsupported tests 119
/tmp/egcs/gcc/xgcc version 3.1 20020506 (prerelease)
=== gdb tests ===
Running target unix
FAIL: gdb.asm/asm-source.exp: f at main
FAIL: gdb.asm/asm-source.exp: next over macro
FAIL: gdb.asm/asm-source.exp: step into foo2
FAIL: gdb.asm/asm-source.exp: info target (timeout)
FAIL: gdb.asm/asm-source.exp: info symbol (timeout)
FAIL: gdb.asm/asm-source.exp: list
FAIL: gdb.asm/asm-source.exp: search
FAIL: gdb.asm/asm-source.exp: f in foo2
FAIL: gdb.asm/asm-source.exp: n in foo2
FAIL: gdb.asm/asm-source.exp: bt ALL in foo2
FAIL: gdb.asm/asm-source.exp: bt 2 in foo2
FAIL: gdb.asm/asm-source.exp: s 2
FAIL: gdb.asm/asm-source.exp: n 2
FAIL: gdb.asm/asm-source.exp: bt 3 in foo3
FAIL: gdb.asm/asm-source.exp: info source asmsrc1.s
FAIL: gdb.asm/asm-source.exp: finish from foo3
FAIL: gdb.asm/asm-source.exp: info source asmsrc2.s
FAIL: gdb.asm/asm-source.exp: info sources (timeout)
FAIL: gdb.asm/asm-source.exp: info line
FAIL: gdb.asm/asm-source.exp: next over foo3
FAIL: gdb.asm/asm-source.exp: return from foo2
FAIL: gdb.asm/asm-source.exp: look at global variable
FAIL: gdb.asm/asm-source.exp: look at static variable
FAIL: gdb.asm/asm-source.exp: look at static function
FAIL: gdb.base/attach.exp: attach2
FAIL: gdb.base/attach.exp: (timeout) attach when process' a.out not in cwd
FAIL: gdb.base/attach.exp: (timeout) after attach3, exit
FAIL: gdb.base/call-ar-st.exp: print print_small_structs, pattern 23
FAIL: gdb.base/call-ar-st.exp: print print_small_structs from print_long_arg_list, pattern 24
FAIL: gdb.base/call-ar-st.exp: print print_long_arg_list, pattern 26
FAIL: gdb.base/call-rt-st.exp: print print_one_double(*d1)
FAIL: gdb.base/call-rt-st.exp: print print_three_chars(*three_char)
FAIL: gdb.base/call-rt-st.exp: print print_five_chars(*five_char)
FAIL: gdb.base/callfuncs.exp: backtrace at nested call level 2
FAIL: gdb.base/callfuncs.exp: backtrace at nested call level 3
FAIL: gdb.base/callfuncs.exp: backtrace at nested call level 4
FAIL: gdb.base/callfuncs.exp: backtrace after finish from nested call level 4
FAIL: gdb.base/callfuncs.exp: backtrace after finish from nested call level 3
FAIL: gdb.base/commands.exp: continue with watch
FAIL: gdb.base/completion.exp: complete 'info func mar'
XPASS: gdb.base/constvars.exp: ptype qux1
XPASS: gdb.base/constvars.exp: ptype lecherous
XPASS: gdb.base/constvars.exp: ptype lectern
XPASS: gdb.base/constvars.exp: ptype laconic
XPASS: gdb.base/constvars.exp: ptype laggard
XPASS: gdb.base/constvars.exp: ptype lagoon
XPASS: gdb.base/constvars.exp: ptype laity
XPASS: gdb.base/constvars.exp: ptype lambent
XPASS: gdb.base/constvars.exp: ptype laminated
XPASS: gdb.base/constvars.exp: ptype lampoon
XPASS: gdb.base/constvars.exp: ptype languid
XPASS: gdb.base/constvars.exp: ptype legend
XPASS: gdb.base/constvars.exp: ptype legerdemain
XPASS: gdb.base/constvars.exp: ptype leniency
XPASS: gdb.base/constvars.exp: ptype leonine
XPASS: gdb.base/constvars.exp: ptype lesion
XPASS: gdb.base/constvars.exp: ptype lethal
XPASS: gdb.base/constvars.exp: ptype lethargic
XPASS: gdb.base/constvars.exp: ptype levity
XPASS: gdb.base/constvars.exp: ptype lewd
XPASS: gdb.base/constvars.exp: ptype lexicographer
XPASS: gdb.base/constvars.exp: ptype lexicon
XPASS: gdb.base/constvars.exp: ptype liaison
XPASS: gdb.base/constvars.exp: ptype libation
XPASS: gdb.base/constvars.exp: ptype libelous
XPASS: gdb.base/constvars.exp: ptype libertine
XPASS: gdb.base/constvars.exp: ptype libidinous
XPASS: gdb.base/constvars.exp: ptype languish
XPASS: gdb.base/constvars.exp: ptype languor
XPASS: gdb.base/constvars.exp: ptype lank
XPASS: gdb.base/constvars.exp: ptype lapidary
XPASS: gdb.base/constvars.exp: ptype larceny
XPASS: gdb.base/constvars.exp: ptype largess
XPASS: gdb.base/constvars.exp: ptype lascivious
XPASS: gdb.base/constvars.exp: ptype lassitude
XPASS: gdb.base/constvars.exp: ptype lamprey
XPASS: gdb.base/constvars.exp: ptype lariat
XPASS: gdb.base/constvars.exp: ptype laudanum
XPASS: gdb.base/constvars.exp: ptype lecithin
XPASS: gdb.base/constvars.exp: ptype leviathan
XPASS: gdb.base/constvars.exp: ptype libretto
XPASS: gdb.base/constvars.exp: ptype lissome
XPASS: gdb.base/constvars.exp: ptype locust
FAIL: gdb.base/corefile.exp: args: -core=corefile
FAIL: gdb.base/funcargs.exp: print *stp
FAIL: gdb.base/funcargs.exp: run to call5a
FAIL: gdb.base/funcargs.exp: print st
FAIL: gdb.base/funcargs.exp: continue to call5b (sizeof long == sizeof int)
FAIL: gdb.base/funcargs.exp: print un (sizeof long == sizeof int)
FAIL: gdb.base/huge.exp: print a very large data object (timeout)
XPASS: gdb.base/list.exp: list function in include file
XPASS: gdb.base/list.exp: list filename:function (5 tests)
FAIL: gdb.base/maint.exp: maint space 1
FAIL: gdb.base/maint.exp: maint time
FAIL: gdb.base/maint.exp: maint time 1
FAIL: gdb.base/maint.exp: maint time 0
FAIL: gdb.base/page.exp: info set (timeout)
FAIL: gdb.base/ptype.exp: ptype func_type (compiler doesn't emit prototyped types)
FAIL: gdb.base/ptype.exp: ptype old_fptr
FAIL: gdb.base/ptype.exp: ptype new_fptr
FAIL: gdb.base/ptype.exp: ptype fptr
FAIL: gdb.base/ptype.exp: ptype fptr2
FAIL: gdb.base/ptype.exp: ptype xptr
FAIL: gdb.base/ptype.exp: ptype ffptr
FAIL: gdb.base/ptype.exp: ptype fffptr
FAIL: gdb.base/recurse.exp: continue to second instance watchpoint, second time
FAIL: gdb.base/recurse.exp: second instance watchpoint deleted when leaving scope
FAIL: gdb.base/recurse.exp: continue to first instance watchpoint, second time
FAIL: gdb.base/return2.exp: char value returned successfully
FAIL: gdb.base/return2.exp: short value returned successfully
FAIL: gdb.base/return2.exp: float value returned successfully
FAIL: gdb.base/scope.exp: print 'scope1.c'::filelocal_ro
FAIL: gdb.base/scope.exp: print foo::funclocal_ro
FAIL: gdb.base/scope.exp: print 'scope1.c'::foo::funclocal_ro
FAIL: gdb.base/scope.exp: print filelocal_ro at foo
FAIL: gdb.base/scope.exp: print 'scope1.c'::filelocal_ro at foo
FAIL: gdb.base/scope.exp: print funclocal_ro at foo
FAIL: gdb.base/scope.exp: print foo::funclocal_ro at foo
FAIL: gdb.base/scope.exp: print 'scope1.c'::foo::funclocal_ro at foo
FAIL: gdb.base/scope.exp: print filelocal_ro in test_at_bar
FAIL: gdb.base/scope.exp: print 'scope1.c'::filelocal_ro at bar
FAIL: gdb.base/scope.exp: print foo::funclocal_ro at bar
FAIL: gdb.base/scope.exp: print 'scope1.c'::foo::funclocal_ro at bar
FAIL: gdb.base/selftest.exp: backtrace through signal handler (timeout)
FAIL: gdb.base/step-line.exp: step into f2
FAIL: gdb.base/step-line.exp: next to dummy 5
FAIL: gdb.base/step-line.exp: next to dummy 6
FAIL: gdb.base/step-line.exp: next to dummy 7
FAIL: gdb.base/step-line.exp: next to dummy 8
FAIL: gdb.base/step-line.exp: next to dummy 9
FAIL: gdb.base/step-line.exp: next to dummy 10
FAIL: gdb.base/structs.exp: p L3
FAIL: gdb.base/structs.exp: p L5
FAIL: gdb.base/structs.exp: p L6
FAIL: gdb.base/structs.exp: p L7
FAIL: gdb.base/structs.exp: p L9
FAIL: gdb.base/structs.exp: p L10
FAIL: gdb.base/structs.exp: p L11
XPASS: gdb.base/volatile.exp: ptype vox
XPASS: gdb.base/volatile.exp: ptype victuals
XPASS: gdb.base/volatile.exp: ptype vixen
XPASS: gdb.base/volatile.exp: ptype vitriol
XPASS: gdb.base/volatile.exp: ptype vellum
XPASS: gdb.base/volatile.exp: ptype valve
XPASS: gdb.base/volatile.exp: ptype vacuity
XPASS: gdb.base/volatile.exp: ptype vertigo
XPASS: gdb.base/volatile.exp: ptype vampire
XPASS: gdb.base/volatile.exp: ptype viper
XPASS: gdb.base/volatile.exp: ptype vigour
XPASS: gdb.base/volatile.exp: ptype vapour
XPASS: gdb.base/volatile.exp: ptype ventricle
XPASS: gdb.base/volatile.exp: ptype vigintillion
XPASS: gdb.base/volatile.exp: ptype vocation
XPASS: gdb.base/volatile.exp: ptype veracity
XPASS: gdb.base/volatile.exp: ptype vapidity
XPASS: gdb.base/volatile.exp: ptype velocity
XPASS: gdb.base/volatile.exp: ptype veneer
XPASS: gdb.base/volatile.exp: ptype vacuum
XPASS: gdb.base/volatile.exp: ptype veniality
XPASS: gdb.base/volatile.exp: ptype vitality
XPASS: gdb.base/volatile.exp: ptype voracity
XPASS: gdb.base/volatile.exp: ptype victor
XPASS: gdb.base/volatile.exp: ptype vicar
XPASS: gdb.base/volatile.exp: ptype victory
XPASS: gdb.base/volatile.exp: ptype vicarage
XPASS: gdb.base/volatile.exp: ptype vein
XPASS: gdb.base/volatile.exp: ptype vogue
XPASS: gdb.base/volatile.exp: ptype cavern
XPASS: gdb.base/volatile.exp: ptype coverlet
XPASS: gdb.base/volatile.exp: ptype caveat
XPASS: gdb.base/volatile.exp: ptype covenant
XPASS: gdb.base/volatile.exp: ptype vizier
XPASS: gdb.base/volatile.exp: ptype vanadium
XPASS: gdb.base/volatile.exp: ptype vane
XPASS: gdb.base/volatile.exp: ptype veldt
XPASS: gdb.base/volatile.exp: ptype cove
XPASS: gdb.base/volatile.exp: ptype cavity
XPASS: gdb.base/volatile.exp: ptype vagus
XPASS: gdb.base/volatile.exp: ptype vagrancy
XPASS: gdb.base/volatile.exp: ptype vagary
XPASS: gdb.base/volatile.exp: ptype vendor
XPASS: gdb.base/volatile.exp: ptype qux2
XPASS: gdb.base/watchpoint.exp: calling function with watchpoint enabled
FAIL: gdb.c++/annota2.exp: run until main breakpoint (timeout)
FAIL: gdb.c++/annota2.exp: print class (timeout)
FAIL: gdb.c++/annota2.exp: continue to exit
FAIL: gdb.c++/annota2.exp: delete bps
FAIL: gdb.c++/annota2.exp: break at main
FAIL: gdb.c++/annota2.exp: run until main breakpoint (timeout)
FAIL: gdb.c++/annota2.exp: set watch on a.x (timeout)
FAIL: gdb.c++/annota2.exp: watch triggered on a.x
FAIL: gdb.c++/anon-union.exp: running to main in runto (timeout)
FAIL: gdb.c++/classes.exp: ptype struct default_public_struct (timeout)
FAIL: gdb.c++/classes.exp: setting breakpoint at enums2 (timeout)
FAIL: gdb.c++/classes.exp: continue to enums2(\(\)|)
FAIL: gdb.c++/classes.exp: (timeout) demangle
FAIL: gdb.c++/cplusfuncs.exp: running to main in runto (timeout)
FAIL: gdb.c++/cplusfuncs.exp: detect dm_operator_comma
FAIL: gdb.c++/cplusfuncs.exp: detect dm_type_char_star
FAIL: gdb.c++/cplusfuncs.exp: print &'hairyfunc5'
FAIL: gdb.c++/cplusfuncs.exp: print &'hairyfunc6'
FAIL: gdb.c++/cplusfuncs.exp: print &'hairyfunc7'
FAIL: gdb.c++/cplusfuncs.exp: info function for "operator=(" (timeout)
FAIL: gdb.c++/cplusfuncs.exp: info function for "operator+=(" (timeout)
FAIL: gdb.c++/cplusfuncs.exp: info function for "operator\*=(" (timeout)
FAIL: gdb.c++/cplusfuncs.exp: info function for "operator%=(" (timeout)
FAIL: gdb.c++/derivation.exp: running to main in runto (timeout)
FAIL: gdb.c++/hang.exp: doesn't corrupt cv_type chain
FAIL: gdb.c++/inherit.exp: set width 0
FAIL: gdb.c++/inherit.exp: ptype A (timeout)
FAIL: gdb.c++/inherit.exp: ptype D
FAIL: gdb.c++/inherit.exp: ptype class D
FAIL: gdb.c++/inherit.exp: ptype g_D
FAIL: gdb.c++/inherit.exp: ptype E
FAIL: gdb.c++/inherit.exp: ptype class E
FAIL: gdb.c++/inherit.exp: ptype g_E
FAIL: gdb.c++/inherit.exp: ptype vA (timeout)
FAIL: gdb.c++/inherit.exp: (timeout) ptype vD
FAIL: gdb.c++/inherit.exp: (timeout) ptype class vD
FAIL: gdb.c++/inherit.exp: (timeout) ptype g_vD
FAIL: gdb.c++/inherit.exp: (timeout) ptype vE
FAIL: gdb.c++/inherit.exp: (timeout) ptype class vE
FAIL: gdb.c++/inherit.exp: (timeout) ptype g_vE
FAIL: gdb.c++/inherit.exp: print g_A.A::a
FAIL: gdb.c++/inherit.exp: print g_A.A::x
FAIL: gdb.c++/inherit.exp: print g_A.a
FAIL: gdb.c++/inherit.exp: print g_A.x
FAIL: gdb.c++/inherit.exp: print g_B.A::a
FAIL: gdb.c++/inherit.exp: print g_B.A::x
FAIL: gdb.c++/inherit.exp: print g_B.B::b
FAIL: gdb.c++/inherit.exp: print g_B.B::x
FAIL: gdb.c++/inherit.exp: print g_B.a
FAIL: gdb.c++/inherit.exp: print g_B.b
FAIL: gdb.c++/inherit.exp: print g_B.x
FAIL: gdb.c++/inherit.exp: print g_C.A::a
FAIL: gdb.c++/inherit.exp: print g_C.A::x
FAIL: gdb.c++/inherit.exp: print g_C.C::c
FAIL: gdb.c++/inherit.exp: print g_C.C::x
FAIL: gdb.c++/inherit.exp: print g_C.a
FAIL: gdb.c++/inherit.exp: print g_C.c
FAIL: gdb.c++/inherit.exp: print g_C.x
FAIL: gdb.c++/inherit.exp: print g_A
FAIL: gdb.c++/inherit.exp: print g_B
FAIL: gdb.c++/inherit.exp: print g_C
FAIL: gdb.c++/inherit.exp: print g_A.A::a
FAIL: gdb.c++/inherit.exp: print g_A.A::x
FAIL: gdb.c++/inherit.exp: print g_B.A::a
FAIL: gdb.c++/inherit.exp: print g_B.A::x
FAIL: gdb.c++/inherit.exp: print g_B.B::b
FAIL: gdb.c++/inherit.exp: print g_B.B::x
FAIL: gdb.c++/inherit.exp: print g_C.A::a
FAIL: gdb.c++/inherit.exp: print g_C.A::x
FAIL: gdb.c++/inherit.exp: print g_C.C::c
FAIL: gdb.c++/inherit.exp: print g_C.C::x
FAIL: gdb.c++/inherit.exp: print g_D
FAIL: gdb.c++/inherit.exp: print g_E
FAIL: gdb.c++/inherit.exp: print anonymous union member
FAIL: gdb.c++/inherit.exp: print variableof type anonymous union (timeout)
FAIL: gdb.c++/inherit.exp: print type of anonymous union (timeout)
FAIL: gdb.c++/inherit.exp: print g_vA.vA::va
FAIL: gdb.c++/inherit.exp: print g_vA.vA::vx
FAIL: gdb.c++/inherit.exp: print g_vA.va
FAIL: gdb.c++/inherit.exp: print g_vA.vx
FAIL: gdb.c++/inherit.exp: print g_vB.vA::va (timeout)
FAIL: gdb.c++/inherit.exp: print g_vA
FAIL: gdb.c++/inherit.exp: print g_vB (timeout)
FAIL: gdb.c++/inherit.exp: print g_vD.vA::va (timeout)
FAIL: gdb.c++/inherit.exp: print g_vD (timeout)
FAIL: gdb.c++/local.exp: running to main in runto (timeout)
FAIL: gdb.c++/misc.exp: print s.a for foo struct (known gcc 2.7.2 and earlier bug)
FAIL: gdb.c++/misc.exp: print as bool (setup)
FAIL: gdb.c++/misc.exp: print as bool (print 1 == 1)
FAIL: gdb.c++/misc.exp: print as bool (print 1 == 2)
FAIL: gdb.c++/misc.exp: print a bool var
FAIL: gdb.c++/misc.exp: set a bool var (setup)
FAIL: gdb.c++/misc.exp: set a bool var (print v_bool)
FAIL: gdb.c++/misc.exp: print a bool array
FAIL: gdb.c++/misc.exp: set a bool array elem (setup)
FAIL: gdb.c++/misc.exp: set a bool array elem (print v_bool_array)
FAIL: gdb.c++/misc.exp: print true
FAIL: gdb.c++/misc.exp: print false
FAIL: gdb.c++/misc.exp: 1 + true
FAIL: gdb.c++/misc.exp: 3 + false
FAIL: gdb.c++/misc.exp: 1 < 2 < 3
FAIL: gdb.c++/misc.exp: 2 < 1 > 4
FAIL: gdb.c++/misc.exp: (bool)43
FAIL: gdb.c++/misc.exp: (bool)0
FAIL: gdb.c++/misc.exp: (bool)17.93
FAIL: gdb.c++/misc.exp: (bool)0.0
FAIL: gdb.c++/misc.exp: (int)true
FAIL: gdb.c++/misc.exp: (int)false
FAIL: gdb.c++/namespace.exp: running to main in runto (timeout)
FAIL: gdb.c++/templates.exp: ptype T5<int> (timeout)
FAIL: gdb.c++/templates.exp: ptype t5i
FAIL: gdb.c++/templates.exp: constructor breakpoint
FAIL: gdb.c++/templates.exp: destructor breakpoint
FAIL: gdb.c++/templates.exp: running to main in runto
FAIL: gdb.c++/templates.exp: print fint
FAIL: gdb.c++/templates.exp: print fvpchar
FAIL: gdb.c++/templates.exp: ptype fint
FAIL: gdb.c++/templates.exp: ptype fchar
FAIL: gdb.c++/templates.exp: ptype fvpchar
FAIL: gdb.c++/templates.exp: print Foo<volatile char *>::foo
FAIL: gdb.c++/templates.exp: ptype bint
FAIL: gdb.c++/templates.exp: ptype bint2
FAIL: gdb.c++/templates.exp: ptype bazint
FAIL: gdb.c++/templates.exp: ptype bazint2
FAIL: gdb.c++/templates.exp: ptype quxint
FAIL: gdb.c++/templates.exp: ptype siip
FAIL: gdb.c++/templates.exp: print Garply<Garply<char> >::garply
FAIL: gdb.c++/virtfunc.exp: ptype VA (timeout)
FAIL: gdb.c++/virtfunc.exp: ptype VB (timeout)
FAIL: gdb.c++/virtfunc.exp: ptype V (timeout)
FAIL: gdb.c++/virtfunc.exp: ptype A (timeout)
FAIL: gdb.c++/virtfunc.exp: ptype B (timeout)
FAIL: gdb.c++/virtfunc.exp: ptype C (timeout)
FAIL: gdb.c++/virtfunc.exp: ptype AD (timeout)
FAIL: gdb.c++/virtfunc.exp: ptype D (timeout)
FAIL: gdb.c++/virtfunc.exp: ptype E (timeout)
FAIL: gdb.c++/virtfunc.exp: ptype dd (timeout)
FAIL: gdb.c++/virtfunc.exp: ptype ppd (timeout)
FAIL: gdb.c++/virtfunc.exp: ptype pAd (timeout)
FAIL: gdb.c++/virtfunc.exp: ptype a (timeout)
FAIL: gdb.c++/virtfunc.exp: ptype b (timeout)
FAIL: gdb.c++/virtfunc.exp: ptype c (timeout)
FAIL: gdb.c++/virtfunc.exp: ptype d (timeout)
FAIL: gdb.c++/virtfunc.exp: ptype e (timeout)
FAIL: gdb.c++/virtfunc.exp: ptype v (timeout)
FAIL: gdb.c++/virtfunc.exp: ptype vb (timeout)
FAIL: gdb.c++/virtfunc.exp: ptype pAa (timeout)
FAIL: gdb.c++/virtfunc.exp: ptype pAe (timeout)
FAIL: gdb.c++/virtfunc.exp: ptype pBe (timeout)
FAIL: gdb.c++/virtfunc.exp: ptype pDd (timeout)
FAIL: gdb.c++/virtfunc.exp: ptype pDe (timeout)
FAIL: gdb.c++/virtfunc.exp: ptype pVa (timeout)
FAIL: gdb.c++/virtfunc.exp: ptype pVv (timeout)
FAIL: gdb.c++/virtfunc.exp: ptype pVe (timeout)
FAIL: gdb.c++/virtfunc.exp: ptype pVd (timeout)
FAIL: gdb.c++/virtfunc.exp: ptype pADe (timeout)
FAIL: gdb.c++/virtfunc.exp: ptype pEe (timeout)
FAIL: gdb.c++/virtfunc.exp: ptype pVB (timeout)
FAIL: gdb.mi/mi-break.exp: insert temp breakpoint at "<fullfilename>":6 (callee4)
FAIL: gdb.mi/mi-console.exp: Hello message (known bug)
FAIL: gdb.mi/mi-simplerun.exp: insert breakpoint at "<fullfilename>":6 (callee4)
FAIL: gdb.mi/mi-stack.exp: stack args listing 0
FAIL: gdb.mi/mi-stack.exp: stack args listing 1
FAIL: gdb.mi/mi-stack.exp: stack info-depth
FAIL: gdb.mi/mi-stack.exp: stack info-depth 99
FAIL: gdb.mi/mi-var-child.exp: get children of struct_declarations
FAIL: gdb.mi/mi-var-child.exp: get children of struct_declarations.long_array
FAIL: gdb.mi/mi-var-child.exp: get children of struct_declarations.u1
FAIL: gdb.mi/mi-var-child.exp: get children of struct_declarations.s2
FAIL: gdb.mi/mi-var-child.exp: get children of struct_declarations.s2.u2
FAIL: gdb.mi/mi-var-child.exp: get children of struct_declarations.s2.i
FAIL: gdb.mi/mi-var-child.exp: get children of weird
FAIL: gdb.mi/mi-var-child.exp: get children of weird.long_array
FAIL: gdb.mi/mi-var-child.exp: create local variable psnp->long_ptr
FAIL: gdb.mi/mi-var-child.exp: get children of psnp->long_ptr
FAIL: gdb.mi/mi-var-child.exp: get children of psnp->long_ptr.*psnp->long_ptr
FAIL: gdb.mi/mi-var-child.exp: get children of psnp->long_ptr.*psnp->long_ptr.**psnp->long_ptr
FAIL: gdb.mi/mi-var-child.exp: get children of psnp->long_ptr.*psnp->long_ptr.**psnp->long_ptr.***psnp->long_ptr
FAIL: gdb.mi/mi-var-child.exp: get children of psnp->ptrs.0
FAIL: gdb.mi/mi-var-child.exp: get children of psnp->ptrs.0.next
FAIL: gdb.mi/mi-var-child.exp: get children of psnp->ptrs.0.next.next
FAIL: gdb.mi/mi-var-cmd.exp: create local variable llong
FAIL: gdb.mi/mi-var-cmd.exp: create local variable lplong
FAIL: gdb.mi/mi-var-cmd.exp: create l
FAIL: gdb.mi/mi-var-display.exp: get children local variable weird
FAIL: gdb.mi/mi-var-display.exp: get children of anonu
FAIL: gdb.mi/mi-var-display.exp: get children of anons
FAIL: gdb.mi/mi-watch.exp: wp out of scope (2)
FAIL: gdb.mi/mi0-break.exp: insert temp breakpoint at "<fullfilename>":6 (callee4)
FAIL: gdb.mi/mi0-console.exp: Hello message (known bug)
FAIL: gdb.mi/mi0-simplerun.exp: insert breakpoint at "<fullfilename>":6 (callee4)
FAIL: gdb.mi/mi0-stack.exp: stack args listing 0
FAIL: gdb.mi/mi0-stack.exp: stack args listing 1
FAIL: gdb.mi/mi0-stack.exp: stack info-depth
FAIL: gdb.mi/mi0-stack.exp: stack info-depth 99
FAIL: gdb.mi/mi0-var-child.exp: get children of struct_declarations
FAIL: gdb.mi/mi0-var-child.exp: get children of struct_declarations.long_array
FAIL: gdb.mi/mi0-var-child.exp: get children of struct_declarations.u1
FAIL: gdb.mi/mi0-var-child.exp: get children of struct_declarations.s2
FAIL: gdb.mi/mi0-var-child.exp: get children of struct_declarations.s2.u2
FAIL: gdb.mi/mi0-var-child.exp: get children of struct_declarations.s2.i
FAIL: gdb.mi/mi0-var-child.exp: get children of weird
FAIL: gdb.mi/mi0-var-child.exp: get children of weird.long_array
FAIL: gdb.mi/mi0-var-child.exp: create local variable psnp->long_ptr
FAIL: gdb.mi/mi0-var-child.exp: get children of psnp->long_ptr
FAIL: gdb.mi/mi0-var-child.exp: get children of psnp->long_ptr.*psnp->long_ptr
FAIL: gdb.mi/mi0-var-child.exp: get children of psnp->long_ptr.*psnp->long_ptr.**psnp->long_ptr
FAIL: gdb.mi/mi0-var-child.exp: get children of psnp->long_ptr.*psnp->long_ptr.**psnp->long_ptr.***psnp->long_ptr
FAIL: gdb.mi/mi0-var-child.exp: get children of psnp->ptrs.0
FAIL: gdb.mi/mi0-var-child.exp: get children of psnp->ptrs.0.next
FAIL: gdb.mi/mi0-var-child.exp: get children of psnp->ptrs.0.next.next
FAIL: gdb.mi/mi0-var-cmd.exp: create local variable llong
FAIL: gdb.mi/mi0-var-cmd.exp: create local variable lplong
FAIL: gdb.mi/mi0-var-cmd.exp: create l
FAIL: gdb.mi/mi0-var-display.exp: get children local variable weird
FAIL: gdb.mi/mi0-var-display.exp: get children of anonu
FAIL: gdb.mi/mi0-var-display.exp: get children of anons
FAIL: gdb.mi/mi0-watch.exp: wp out of scope (2)
=== gdb Summary ===
# of expected passes 7505
# of unexpected failures 311
# of unexpected successes 90
# of expected failures 76
# of unresolved testcases 48
# of untested testcases 6
# of unsupported tests 4
/tmp/egcs/gdb/testsuite/../../gdb/gdb version 2002-05-07-cvs -nx
=== libstdc++-v3 tests ===
Running target unix
FAIL: 17_intro/header_cassert.cc execution test
FAIL: 17_intro/header_cerrno.cc execution test
FAIL: 17_intro/header_ciso646.cc (test for excess errors)
FAIL: 17_intro/header_csetjmp.cc execution test
FAIL: 17_intro/header_cstdarg.cc execution test
FAIL: 17_intro/header_cstddef.cc execution test
FAIL: 17_intro/header_cstdio.cc execution test
FAIL: 17_intro/header_cstdlib.cc execution test
FAIL: 17_intro/header_cstring.cc execution test
FAIL: 17_intro/header_ctime.cc execution test
FAIL: 17_intro/header_cwchar.cc execution test
FAIL: 17_intro/header_cwctype.cc execution test
FAIL: 17_intro/header_fstream.cc (test for excess errors)
FAIL: 17_intro/header_iomanip.cc (test for excess errors)
FAIL: 17_intro/header_ios.cc (test for excess errors)
FAIL: 17_intro/header_iosfwd.cc (test for excess errors)
FAIL: 17_intro/header_iostream.cc (test for excess errors)
FAIL: 17_intro/header_istream.cc (test for excess errors)
FAIL: 17_intro/header_ostream.cc (test for excess errors)
FAIL: 17_intro/header_sstream.cc (test for excess errors)
FAIL: 17_intro/header_streambuf.cc (test for excess errors)
FAIL: 17_intro/headers.cc (test for excess errors)
FAIL: 17_intro/headers_c++.cc execution test
FAIL: 17_intro/headers_c.cc execution test
FAIL: 18_support/numeric_limits.cc (test for excess errors)
FAIL: 19_diagnostics/stdexceptions.cc (test for excess errors)
FAIL: 20_util/allocator_members.cc (test for excess errors)
FAIL: 20_util/auto_ptr.cc (test for excess errors)
FAIL: 20_util/binders.cc (test for excess errors)
FAIL: 20_util/comparisons.cc execution test
FAIL: 20_util/pairs.cc (test for excess errors)
FAIL: 20_util/raw_storage_iterator.cc execution test
FAIL: 20_util/temporary_buffer.cc (test for excess errors)
FAIL: 21_strings/append.cc (test for excess errors)
FAIL: 21_strings/assign.cc (test for excess errors)
FAIL: 21_strings/c_strings.cc execution test
FAIL: 21_strings/capacity.cc (test for excess errors)
FAIL: 21_strings/char_traits_requirements.cc (test for excess errors)
FAIL: 21_strings/char_traits_typedefs.cc execution test
FAIL: 21_strings/compare.cc (test for excess errors)
FAIL: 21_strings/ctor_copy_dtor.cc (test for excess errors)
FAIL: 21_strings/element_access.cc (test for excess errors)
FAIL: 21_strings/find.cc (test for excess errors)
FAIL: 21_strings/insert.cc (test for excess errors)
FAIL: 21_strings/inserters_extractors.cc (test for excess errors)
FAIL: 21_strings/invariants.cc (test for excess errors)
FAIL: 21_strings/nonmember.cc (test for excess errors)
FAIL: 21_strings/operations.cc (test for excess errors)
FAIL: 21_strings/replace.cc (test for excess errors)
FAIL: 21_strings/rfind.cc (test for excess errors)
FAIL: 21_strings/substr.cc (test for excess errors)
FAIL: 22_locale/codecvt_members_char_char.cc (test for excess errors)
FAIL: 22_locale/codecvt_members_unicode_char.cc (test for excess errors)
FAIL: 22_locale/codecvt_members_unicode_wchar_t.cc (test for excess errors)
FAIL: 22_locale/codecvt_members_wchar_t_char.cc (test for excess errors)
FAIL: 22_locale/collate_byname.cc (test for excess errors)
FAIL: 22_locale/collate_members_char.cc (test for excess errors)
FAIL: 22_locale/collate_members_wchar_t.cc (test for excess errors)
FAIL: 22_locale/ctor_copy_dtor.cc (test for excess errors)
FAIL: 22_locale/ctype_members_char.cc (test for excess errors)
FAIL: 22_locale/ctype_members_wchar_t.cc (test for excess errors)
FAIL: 22_locale/facet.cc (test for excess errors)
FAIL: 22_locale/global_templates.cc (test for excess errors)
FAIL: 22_locale/members.cc (test for excess errors)
FAIL: 22_locale/messages_byname.cc (test for excess errors)
FAIL: 22_locale/messages_members_char.cc (test for excess errors)
FAIL: 22_locale/money_get.cc (test for excess errors)
FAIL: 22_locale/money_get_members_char.cc (test for excess errors)
FAIL: 22_locale/money_get_members_wchar_t.cc (test for excess errors)
FAIL: 22_locale/money_put.cc (test for excess errors)
FAIL: 22_locale/money_put_members_char.cc (test for excess errors)
FAIL: 22_locale/money_put_members_wchar_t.cc (test for excess errors)
FAIL: 22_locale/moneypunct.cc (test for excess errors)
FAIL: 22_locale/moneypunct_byname.cc (test for excess errors)
FAIL: 22_locale/moneypunct_members_char.cc (test for excess errors)
FAIL: 22_locale/moneypunct_members_wchar_t.cc (test for excess errors)
FAIL: 22_locale/num_get.cc (test for excess errors)
FAIL: 22_locale/num_get_members_char.cc (test for excess errors)
FAIL: 22_locale/num_get_members_wchar_t.cc (test for excess errors)
FAIL: 22_locale/num_put.cc (test for excess errors)
FAIL: 22_locale/num_put_members_char.cc (test for excess errors)
FAIL: 22_locale/num_put_members_wchar_t.cc (test for excess errors)
FAIL: 22_locale/numpunct_byname.cc (test for excess errors)
FAIL: 22_locale/numpunct_members_char.cc (test for excess errors)
FAIL: 22_locale/numpunct_members_wchar_t.cc (test for excess errors)
FAIL: 22_locale/operators.cc (test for excess errors)
FAIL: 22_locale/static_members.cc (test for excess errors)
FAIL: 22_locale/time_get_members_char.cc (test for excess errors)
FAIL: 22_locale/time_get_members_wchar_t.cc (test for excess errors)
FAIL: 22_locale/time_put_members_char.cc (test for excess errors)
FAIL: 22_locale/time_put_members_wchar_t.cc (test for excess errors)
FAIL: 23_containers/bitset_ctor.cc (test for excess errors)
FAIL: 23_containers/bitset_members.cc (test for excess errors)
FAIL: 23_containers/bitset_shift.cc (test for excess errors)
FAIL: 23_containers/deque_ctor.cc (test for excess errors)
FAIL: 23_containers/list_capacity.cc (test for excess errors)
FAIL: 23_containers/list_ctor.cc (test for excess errors)
FAIL: 23_containers/list_modifiers.cc (test for excess errors)
FAIL: 23_containers/list_operators.cc (test for excess errors)
FAIL: 23_containers/map_insert.cc (test for excess errors)
FAIL: 23_containers/multiset.cc (test for excess errors)
FAIL: 23_containers/vector_bool.cc (test for excess errors)
FAIL: 23_containers/vector_capacity.cc (test for excess errors)
FAIL: 23_containers/vector_ctor.cc (test for excess errors)
FAIL: 23_containers/vector_element_access.cc (test for excess errors)
FAIL: 23_containers/vector_modifiers.cc (test for excess errors)
FAIL: 24_iterators/back_insert_iterator.cc (test for excess errors)
FAIL: 24_iterators/front_insert_iterator.cc (test for excess errors)
FAIL: 24_iterators/insert_iterator.cc (test for excess errors)
FAIL: 24_iterators/istream_iterator.cc (test for excess errors)
FAIL: 24_iterators/istreambuf_iterator.cc (test for excess errors)
FAIL: 24_iterators/iterator.cc (test for excess errors)
FAIL: 24_iterators/ostream_iterator.cc (test for excess errors)
FAIL: 24_iterators/ostreambuf_iterator.cc (test for excess errors)
FAIL: 24_iterators/rel_ops.cc (test for excess errors)
FAIL: 24_iterators/reverse_iterator.cc execution test
FAIL: 25_algorithms/binary_search.cc (test for excess errors)
FAIL: 25_algorithms/copy.cc (test for excess errors)
FAIL: 25_algorithms/equal.cc (test for excess errors)
FAIL: 25_algorithms/heap.cc (test for excess errors)
FAIL: 25_algorithms/lower_bound.cc (test for excess errors)
FAIL: 25_algorithms/min_max.cc (test for excess errors)
FAIL: 25_algorithms/partition.cc (test for excess errors)
FAIL: 25_algorithms/rotate.cc (test for excess errors)
FAIL: 25_algorithms/sort.cc (test for excess errors)
FAIL: 25_algorithms/unique.cc (test for excess errors)
FAIL: 26_numerics/binary_closure.cc (test for excess errors)
FAIL: 26_numerics/buggy_complex.cc execution test
FAIL: 26_numerics/c_math.cc (test for excess errors)
FAIL: 26_numerics/complex_inserters_extractors.cc (test for excess errors)
FAIL: 26_numerics/complex_value.cc (test for excess errors)
FAIL: 26_numerics/fabs_inline.cc execution test
FAIL: 26_numerics/slice_array_assignment.cc (test for excess errors)
FAIL: 26_numerics/sum_diff.cc execution test
FAIL: 26_numerics/valarray.cc (test for excess errors)
FAIL: 26_numerics/valarray_const_bracket.cc (test for excess errors)
FAIL: 27_io/filebuf.cc (test for excess errors)
FAIL: 27_io/filebuf_members.cc (test for excess errors)
FAIL: 27_io/filebuf_virtuals.cc (test for excess errors)
FAIL: 27_io/fpos.cc (test for excess errors)
FAIL: 27_io/fstream_members.cc (test for excess errors)
FAIL: 27_io/ifstream_members.cc (test for excess errors)
FAIL: 27_io/instantiations.cc (test for excess errors)
FAIL: 27_io/ios_base_callbacks.cc (test for excess errors)
FAIL: 27_io/ios_base_members_static.cc (test for excess errors)
FAIL: 27_io/ios_base_storage.cc (test for excess errors)
FAIL: 27_io/ios_ctor.cc (test for excess errors)
FAIL: 27_io/ios_init.cc (test for excess errors)
FAIL: 27_io/ios_manip_basefield.cc (test for excess errors)
FAIL: 27_io/ios_manip_fmtflags.cc (test for excess errors)
FAIL: 27_io/ios_members.cc (test for excess errors)
FAIL: 27_io/iostream_members.cc (test for excess errors)
FAIL: 27_io/istream.cc (test for excess errors)
FAIL: 27_io/istream_extractor_arith.cc (test for excess errors)
FAIL: 27_io/istream_extractor_char.cc (test for excess errors)
FAIL: 27_io/istream_extractor_other.cc (test for excess errors)
FAIL: 27_io/istream_manip.cc (test for excess errors)
FAIL: 27_io/istream_seeks.cc (test for excess errors)
FAIL: 27_io/istream_sentry.cc (test for excess errors)
FAIL: 27_io/istream_unformatted.cc (test for excess errors)
FAIL: 27_io/istringstream_members.cc (test for excess errors)
FAIL: 27_io/narrow_stream_objects.cc (test for excess errors)
FAIL: 27_io/ofstream_members.cc (test for excess errors)
FAIL: 27_io/ostream.cc (test for excess errors)
FAIL: 27_io/ostream_inserter_arith.cc (test for excess errors)
FAIL: 27_io/ostream_inserter_char.cc (test for excess errors)
FAIL: 27_io/ostream_inserter_other.cc (test for excess errors)
FAIL: 27_io/ostream_manip.cc (test for excess errors)
FAIL: 27_io/ostream_seeks.cc (test for excess errors)
FAIL: 27_io/ostream_unformatted.cc (test for excess errors)
FAIL: 27_io/ostringstream_members.cc (test for excess errors)
FAIL: 27_io/standard_manipulators.cc (test for excess errors)
FAIL: 27_io/streambuf.cc (test for excess errors)
FAIL: 27_io/stringbuf.cc (test for excess errors)
FAIL: 27_io/stringbuf_virtuals.cc (test for excess errors)
FAIL: 27_io/stringstream.cc (test for excess errors)
FAIL: 27_io/stringstream_members.cc (test for excess errors)
FAIL: 27_io/wide_stream_objects.cc (test for excess errors)
FAIL: backward/header_deque_h.cc (test for excess errors)
FAIL: backward/header_hash_map_h.cc (test for excess errors)
FAIL: backward/header_hash_set_h.cc (test for excess errors)
FAIL: backward/header_hashtable_h.cc (test for excess errors)
FAIL: backward/header_iterator_h.cc (test for excess errors)
FAIL: backward/header_rope_h.cc (test for excess errors)
FAIL: backward/header_slist_h.cc (test for excess errors)
FAIL: backward/header_tempbuf_h.cc (test for excess errors)
FAIL: ext/allocators.cc (test for excess errors)
FAIL: ext/concept_checks.cc (test for excess errors)
FAIL: ext/hash_set.cc (test for excess errors)
FAIL: ext/headers.cc (test for excess errors)
FAIL: ext/rope.cc (test for excess errors)
=== libstdc++-v3 Summary ===
# of expected passes 37
# of unexpected failures 191
# of unsupported tests 6
=== objc tests ===
Running target unix
=== objc Summary ===
# of expected passes 1036
# of expected failures 6
/tmp/egcs/gcc/xgcc version 3.1 20020506 (prerelease)
Compiler version: 3.1 20020506 (prerelease)
Platform: powerpc-ibm-aix4.1.5.0
BOOT_CFLAGS: standard
Counting all warnings,
there are 64 warnings in stage3 of this bootstrap.
Number of warnings per file:
18 gcc/combine.c
10 gcc/regclass.c
4 insn-emit.c
4 gcc/optabs.c
4 gcc/gcc.c
4 gcc/config/rs6000/rs6000.md
3 gcc/reload1.c
3 gcc/collect2.c
2 gcc/reload.c
2 gcc/java/javaop.def
2 gcc/fold-const.c
1 gcc/regmove.c
1 gcc/read-rtl.c
1 gcc/objc/lang-specs.h
1 gcc/libgcc2.c
1 gcc/java/jvspec.c
1 gcc/ggc-page.c
1 gcc/emit-rtl.c
1 gcc/cp/lang-specs.h
Number of warning types:
35 comparison between signed and unsigned
7 string length `???' is greater than the length `???' ISO C89 compilers are required to support
4 unused parameter `???'
4 operand 3 missing mode?
3 signed and unsigned type in conditional expression
3 function declaration isn't a prototype
2 operation on `???' may be undefined
2 implicit declaration of function `???'
2 `???' might be used uninitialized in this function
1 pointer targets in passing arg ??? of `???' differ in signedness
1 ??? format, ??? arg (arg ???)