This is the mail archive of the
gcc-testresults@gcc.gnu.org
mailing list for the GCC project.
Results for 3.1 20020507 (prerelease) testsuite on i686-pc-linux-gnu
- From: John David Anglin <dave at hiamlx dot hia dot nrc dot ca>
- To: dave at hiamlx dot hia dot nrc dot ca, gcc-testresults at gcc dot gnu dot org
- Date: Tue, 7 May 2002 22:34:55 -0400
- Subject: Results for 3.1 20020507 (prerelease) testsuite on i686-pc-linux-gnu
LAST_UPDATED: Tue May 7 21:22:01 UTC 2002
Native configuration is i686-pc-linux-gnu
=== g++ tests ===
Running target unix
FAIL: g++.bugs/900210_02.C (test for errors, line 109)
=== g++ Summary ===
# of expected passes 7183
# of unexpected failures 1
# of expected failures 88
# of untested testcases 9
# of unsupported tests 3
/home/dave/gnu/gcc-3.2/objdir/gcc/testsuite/../g++ version 3.1 20020507 (prerelease)
=== g77 tests ===
Running target unix
=== g77 Summary ===
# of expected passes 1468
/home/dave/gnu/gcc-3.2/objdir/gcc/testsuite/../g77 version 3.1 20020507 (prerelease)
=== gcc tests ===
Running target unix
FAIL: gcc.c-torture/execute/20020307-2.c execution, -O1
FAIL: gcc.c-torture/execute/20020307-2.c execution, -O2
FAIL: gcc.c-torture/execute/20020307-2.c execution, -O3 -fomit-frame-pointer
FAIL: gcc.c-torture/execute/20020307-2.c execution, -O3 -fomit-frame-pointer -funroll-loops
FAIL: gcc.c-torture/execute/20020307-2.c execution, -O3 -fomit-frame-pointer -funroll-all-loops -finline-functions
FAIL: gcc.c-torture/execute/20020307-2.c execution, -O3 -g
FAIL: gcc.c-torture/execute/20020402-1.c execution, -Os
FAIL: gcc.dg/format/c90-scanf-1.c writing into NULL (test for warnings, line 118)
FAIL: gcc.dg/format/c90-scanf-1.c (test for excess errors)
FAIL: gcc.dg/format/c90-scanf-1.c writing into NULL (test for warnings, line 118)
FAIL: gcc.dg/format/c90-scanf-1.c (test for excess errors)
=== gcc Summary ===
# of expected passes 18401
# of unexpected failures 11
# of expected failures 70
# of unsupported tests 43
/home/dave/gnu/gcc-3.2/objdir/gcc/xgcc version 3.1 20020507 (prerelease)
=== objc tests ===
Running target unix
=== objc Summary ===
# of expected passes 1036
# of expected failures 6
/home/dave/gnu/gcc-3.2/objdir/gcc/xgcc version 3.1 20020507 (prerelease)
=== libjava tests ===
Running target unix
=== libjava Summary ===
# of expected passes 2075
# of expected failures 18
# of untested testcases 14
=== libstdc++-v3 tests ===
Running target unix
XPASS: 22_locale/time_put_members_char.cc execution test
XPASS: 22_locale/time_put_members_wchar_t.cc execution test
FAIL: 26_numerics/c99_classification_macros_c.cc (test for excess errors)
=== libstdc++-v3 Summary ===
# of expected passes 374
# of unexpected failures 1
# of unexpected successes 2
# of expected failures 23
Compiler version: 3.1 20020507 (prerelease)
Platform: i686-pc-linux-gnu
configure flags: --host=i686-pc-linux-gnu --with-gnu-as --with-as=/usr/local/bin/as --with-gnu-ld --with-ld=/usr/local/bin/ld --enable-shared --disable-nls --prefix=/usr/local --enable-threads=posix