This is the mail archive of the
gcc-testresults@gcc.gnu.org
mailing list for the GCC project.
Results for 3.1 20020429 (prerelease) testsuite on sparc64-sun-solaris2.8
- From: Robert Schiele <schiele at pi3 dot informatik dot uni-mannheim dot de>
- To: gcc-testresults at gcc dot gnu dot org
- Date: Tue, 30 Apr 2002 16:12:43 +0200 (MEST)
- Subject: Results for 3.1 20020429 (prerelease) testsuite on sparc64-sun-solaris2.8
LAST_UPDATED: Mon Apr 29 22:20:35 UTC 2002
Native configuration is sparc64-sun-solaris2.8
=== g++ tests ===
Running target unix
FAIL: g++.dg/template/friend6.C (test for excess errors)
FAIL: g++.dg/warn/effc1.C (test for warnings, line 13)
FAIL: g++.dg/warn/effc1.C (test for excess errors)
FAIL: g++.dg/special/conpr-2.C execution test
FAIL: g++.dg/special/conpr-3.C execution test
FAIL: g++.dg/special/initp1.C execution test
=== g++ Summary ===
# of expected passes 7158
# of unexpected failures 6
# of expected failures 88
# of untested testcases 23
# of unsupported tests 3
/share/gccbuild/gcc/testsuite/../g++ version 3.1 20020429 (prerelease)
=== g77 tests ===
Running target unix
=== g77 Summary ===
# of expected passes 1452
# of unsupported tests 8
/share/gccbuild/gcc/testsuite/../g77 version 3.1 20020429 (prerelease)
=== gcc tests ===
Running target unix
FAIL: gcc.c-torture/compile/20011119-2.c, -O0
FAIL: gcc.c-torture/compile/20011119-2.c, -O1
FAIL: gcc.c-torture/compile/20011119-2.c, -O2
FAIL: gcc.c-torture/compile/20011119-2.c, -O3 -fomit-frame-pointer
FAIL: gcc.c-torture/compile/20011119-2.c, -O3 -g
FAIL: gcc.c-torture/compile/20011119-2.c, -Os
XPASS: gcc.c-torture/execute/20020227-1.c execution, -O0
XPASS: gcc.c-torture/execute/20020227-1.c execution, -O1
FAIL: gcc.c-torture/execute/regstack-1.c execution, -O0
XPASS: gcc.dg/c99-intconst-1.c (test for excess errors)
UNRESOLVED: weak-1.c
UNRESOLVED: weak-2.c
UNRESOLVED: wkali-1.c
UNRESOLVED: wkali-2.c
=== gcc Summary ===
# of expected passes 18223
# of unexpected failures 7
# of unexpected successes 3
# of expected failures 65
# of unresolved testcases 4
# of unsupported tests 106
/share/gccbuild/gcc/xgcc version 3.1 20020429 (prerelease)
=== objc tests ===
Running target unix
=== objc Summary ===
# of expected passes 1036
# of expected failures 6
/share/gccbuild/gcc/xgcc version 3.1 20020429 (prerelease)
=== libstdc++-v3 tests ===
Running target unix
FAIL: 21_strings/inserters_extractors.cc execution test
XPASS: 22_locale/collate_members_wchar_t.cc execution test
XPASS: 22_locale/money_get_members_wchar_t.cc execution test
XPASS: 22_locale/money_put_members_wchar_t.cc execution test
XPASS: 22_locale/moneypunct_members_wchar_t.cc execution test
XPASS: 22_locale/num_get_members_wchar_t.cc execution test
XPASS: 22_locale/num_put_members_wchar_t.cc execution test
XPASS: 22_locale/numpunct_members_wchar_t.cc execution test
XPASS: 22_locale/time_get_members_wchar_t.cc execution test
XPASS: 22_locale/time_put_members_wchar_t.cc execution test
FAIL: 24_iterators/istream_iterator.cc execution test
FAIL: 26_numerics/complex_inserters_extractors.cc execution test
FAIL: 27_io/instantiations.cc execution test
FAIL: 27_io/istream_extractor_arith.cc execution test
FAIL: 27_io/istream_extractor_char.cc execution test
FAIL: 27_io/istream_extractor_other.cc execution test
FAIL: 27_io/istream_manip.cc execution test
FAIL: 27_io/istream_seeks.cc execution test
FAIL: 27_io/istream_sentry.cc execution test
FAIL: 27_io/istream_unformatted.cc execution test
FAIL: 27_io/istringstream_members.cc execution test
FAIL: 27_io/ostream_inserter_arith.cc execution test
FAIL: 27_io/ostream_inserter_other.cc execution test
FAIL: 27_io/stringstream_members.cc execution test
WARNING: program timed out.
FAIL: thread/pthread4.cc execution test
=== libstdc++-v3 Summary ===
# of expected passes 359
# of unexpected failures 16
# of unexpected successes 9
# of expected failures 16
Compiler version: 3.1 20020429 (prerelease)
Platform: sparc64-sun-solaris2.8
configure flags: --host=sparc64-sun-solaris2.8 --enable-threads=posix --enable-long-long --prefix=/opt/Pkg/SunOS/gcc31_64 --enable-languages=c,c++,f77,objc,java --disable-nls --enable-shared