This is the mail archive of the gcc-testresults@gcc.gnu.org mailing list for the GCC project.


Index Nav: [Date Index] [Subject Index] [Author Index] [Thread Index]
Message Nav: [Date Prev] [Date Next] [Thread Prev] [Thread Next]
Other format: [Raw text]

Results for 3.1 20020426 (prerelease) testsuite on i386-pc-solaris2.8


LAST_UPDATED: Fri Apr 26 17:18:31 UTC 2002

Native configuration is i386-pc-solaris2.8

		=== g++ tests ===


Running target unix
FAIL: g++.dg/special/conpr-1.C execution test
FAIL: g++.dg/special/conpr-2.C execution test
FAIL: g++.dg/special/conpr-3.C execution test
FAIL: g++.dg/special/conpr-3.C execution test
FAIL: g++.dg/special/initp1.C execution test
FAIL: g++.other/headers1.C (test for excess errors)

		=== g++ Summary ===

# of expected passes		7161
# of unexpected failures	6
# of expected failures		89
# of untested testcases		15
# of unsupported tests		2
/amnt/figaro/volumes/obj-gcc/gcc/obj.sol86/gcc-3.1-20020426/8-gcc/gcc/testsuite/../g++ version 3.1 20020426 (prerelease)

		=== g77 tests ===


Running target unix
FAIL: g77.f-torture/compile/19990305-0.f,  -O3 -g  
FAIL: g77.f-torture/compile/19990419-0.f,  -O3 -g  
FAIL: g77.f-torture/compile/19990905-0.f,  -O3 -g  
FAIL: g77.f-torture/compile/19990905-2.f,  -O3 -g  
FAIL: g77.f-torture/compile/20010519-1.f,  -O3 -g  
FAIL: g77.f-torture/compile/980310-2.f,  -O3 -g  
FAIL: g77.f-torture/compile/980519-2.f,  -O3 -g  
FAIL: g77.f-torture/execute/f90-intrinsic-bit.f compilation,  -O3 -g 
FAIL: g77.f-torture/execute/f90-intrinsic-mathematical.f compilation,  -O3 -g 
FAIL: g77.f-torture/execute/f90-intrinsic-numeric.f compilation,  -O3 -g 
FAIL: g77.f-torture/execute/intrinsic-f2c-z.f compilation,  -O3 -g 
FAIL: g77.f-torture/execute/intrinsic-unix-bessel.f compilation,  -O3 -g 
FAIL: g77.f-torture/execute/intrinsic-unix-erf.f compilation,  -O3 -g 
FAIL: g77.f-torture/execute/intrinsic-vax-cd.f compilation,  -O3 -g 
FAIL: g77.f-torture/execute/intrinsic77.f compilation,  -O3 -g 
FAIL: g77.f-torture/execute/short.f compilation,  -O3 -g 

		=== g77 Summary ===

# of expected passes		1427
# of unexpected failures	16
# of untested testcases		9
# of unsupported tests		8
/amnt/figaro/volumes/obj-gcc/gcc/obj.sol86/gcc-3.1-20020426/8-gcc/gcc/testsuite/../g77 version 3.1 20020426 (prerelease)

		=== gcc tests ===


Running target unix
WARNING: program timed out.
FAIL: gcc.c-torture/compile/20001226-1.c,  -O3 -g  
FAIL: gcc.c-torture/execute/20020402-1.c execution,  -Os 
FAIL: gcc.c-torture/execute/loop-2c.c execution,  -Os 
FAIL: gcc.c-torture/execute/loop-2d.c execution,  -Os 
FAIL: gcc.c-torture/execute/loop-3c.c execution,  -Os 
FAIL: gcc.dg/20011009-1.c (test for excess errors)
WARNING: gcc.dg/20011009-1.c compilation failed to produce executable

		=== gcc Summary ===

# of expected passes		18326
# of unexpected failures	6
# of expected failures		62
# of unsupported tests		46
/amnt/figaro/volumes/obj-gcc/gcc/obj.sol86/gcc-3.1-20020426/8-gcc/gcc/xgcc version 3.1 20020426 (prerelease)

		=== objc tests ===


Running target unix

		=== objc Summary ===

# of expected passes		1036
# of expected failures		6
/amnt/figaro/volumes/obj-gcc/gcc/obj.sol86/gcc-3.1-20020426/8-gcc/gcc/xgcc version 3.1 20020426 (prerelease)

		=== libjava tests ===


Running target unix
FAIL: Thread_Interrupt output from source compiled test
FAIL: Thread_Interrupt -O output from source compiled test
FAIL: Thread_Interrupt -O output from bytecode->native test
FAIL: SyncTest execution from bytecode->native test
FAIL: FileHandleGcTest execution from source compiled test
FAIL: FileHandleGcTest execution from bytecode->native test
FAIL: FileHandleGcTest -O execution from source compiled test
FAIL: FileHandleGcTest -O execution from bytecode->native test
FAIL: Throw_2 execution from source compiled test
FAIL: Throw_2 execution from bytecode->native test
FAIL: Throw_2 -O execution from source compiled test
FAIL: Throw_2 -O execution from bytecode->native test

		=== libjava Summary ===

# of expected passes		2054
# of unexpected failures	12
# of expected failures		18
# of untested testcases		23
		=== libstdc++-v3 tests ===


Running target unix
FAIL: 18_support/numeric_limits.cc execution test
FAIL: 21_strings/inserters_extractors.cc execution test
XPASS: 22_locale/collate_members_wchar_t.cc execution test
XPASS: 22_locale/money_get_members_wchar_t.cc execution test
XPASS: 22_locale/money_put_members_wchar_t.cc execution test
XPASS: 22_locale/moneypunct_members_wchar_t.cc execution test
XPASS: 22_locale/num_get_members_wchar_t.cc execution test
XPASS: 22_locale/num_put_members_wchar_t.cc execution test
XPASS: 22_locale/numpunct_members_wchar_t.cc execution test
XPASS: 22_locale/time_get_members_wchar_t.cc execution test
XPASS: 22_locale/time_put_members_wchar_t.cc execution test
FAIL: 24_iterators/istream_iterator.cc execution test
FAIL: 26_numerics/complex_inserters_extractors.cc execution test
FAIL: 27_io/instantiations.cc execution test
FAIL: 27_io/istream_extractor_arith.cc execution test
FAIL: 27_io/istream_extractor_char.cc execution test
FAIL: 27_io/istream_extractor_other.cc execution test
FAIL: 27_io/istream_manip.cc execution test
FAIL: 27_io/istream_seeks.cc execution test
FAIL: 27_io/istream_sentry.cc execution test
FAIL: 27_io/istream_unformatted.cc execution test
FAIL: 27_io/istringstream_members.cc execution test
FAIL: 27_io/ostream_inserter_arith.cc execution test
FAIL: 27_io/ostream_inserter_other.cc execution test
FAIL: 27_io/stringstream_members.cc execution test
WARNING: program timed out.
FAIL: thread/pthread4.cc execution test

		=== libstdc++-v3 Summary ===

# of expected passes		356
# of unexpected failures	17
# of unexpected successes	9
# of expected failures		16

Compiler version: 3.1 20020426 (prerelease) 
Platform: i386-pc-solaris2.8
configure flags: --host=i386-pc-solaris2.8 --prefix=/vol/gcc --with-local-prefix=/vol/gcc --disable-nls


Index Nav: [Date Index] [Subject Index] [Author Index] [Thread Index]
Message Nav: [Date Prev] [Date Next] [Thread Prev] [Thread Next]